{"id":275,"date":"2021-07-12T13:15:32","date_gmt":"2021-07-12T12:15:32","guid":{"rendered":"https:\/\/www.ipleiria.pt\/3ts\/?page_id=275"},"modified":"2022-08-04T17:45:30","modified_gmt":"2022-08-04T16:45:30","slug":"ttt","status":"publish","type":"page","link":"https:\/\/www.ipleiria.pt\/3ts\/","title":{"rendered":"ttt"},"content":{"rendered":"\n<div class=\"wp-container-3 wp-block-columns has-2-columns\">\n<div class=\"wp-container-1 wp-block-column\"><\/div>\n\n\n\n<div class=\"wp-container-2 wp-block-column\">\n<h2 class=\"tt-subtitle\" id=\"about-the-event\">Evento Online<\/h2>\n\n\n\n<p class=\"tt-title has-large-font-size\">5 e 6 de julho de 2022<\/p>\n\n\n\n<p>O Polit\u00e9cnico de Leiria, em colabora\u00e7\u00e3o com a Unidade de Ensino a Dist\u00e2ncia e os Conselhos Pedag\u00f3gicos das suas escolas, organiza as VII jornadas pedag\u00f3gicas \u201cTeachers Teaching Teachers\u201d. Estas jornadas culminam o Plano de Forma\u00e7\u00e3o Pedag\u00f3gica 2021\/22, sendo um espa\u00e7o de reflex\u00e3o e partilha de compet\u00eancias digitais dos professores do ensino superior.<\/p>\n\n\n\n<div class=\"wp-block-button alignleft\"><a class=\"wp-block-button__link\" href=\"https:\/\/up2u.ipleiria.pt\/lms\/course\/view.php?id=298\" target=\"_blank\" rel=\"noreferrer noopener\">Participar<\/a><\/div>\n<\/div>\n<\/div>\n\n\n\n<div style=\"height:20px\" aria-hidden=\"true\" class=\"wp-block-spacer border-splitter\"><\/div>\n\n\n\n<div style=\"height:20px\" aria-hidden=\"true\" class=\"wp-block-spacer\"><\/div>\n\n\n\n<p class=\"has-text-align-center has-large-font-size tt-title gbpc-6a16de-a1\">Programa<\/p>\n\n\n\n<div style=\"height:30px\" aria-hidden=\"true\" class=\"wp-block-spacer\"><\/div>\n\n\n\n<div class=\"wp-container-6 wp-block-columns\">\n<div class=\"wp-container-4 wp-block-column\">\n<div class=\"wp-block-pt-ipleiria-gutenberg-timeline schedule\"><div class=\"gbt-timeline-title-wrapper\"><div class=\"gbt-timeline-title tt-title\">dia 5<\/div><\/div><ul class=\"gbt-timeline-content-wrapper\">\n<li><div class=\"gbt-timeline-event-title-wrapper\"><div class=\"gbt-timeline-event-title time-title\"><strong>9h:30 &#8211; 11h:00<\/strong><\/div><\/div><div class=\"gbt-timeline-event-content-wrapper\">\n<p style=\"text-transform:uppercase\"><strong>Sess\u00e3o de Abertura<br><\/strong>&#8211;<\/p>\n\n\n\n<p style=\"text-transform:capitalize\">Rui Pedrosa (Presidente)<br>Isabel Pereira (Pr\u00f3-presidente)<\/p>\n\n\n\n<figure class=\"wp-block-image size-thumbnail\"><img loading=\"lazy\" width=\"150\" height=\"150\" src=\"https:\/\/www.ipleiria.pt\/3ts\/wp-content\/uploads\/sites\/21\/2022\/06\/foto_oradora300-02-150x150.png\" alt=\"\" class=\"wp-image-339\" srcset=\"https:\/\/www.ipleiria.pt\/3ts\/wp-content\/uploads\/sites\/21\/2022\/06\/foto_oradora300-02-150x150.png 150w, https:\/\/www.ipleiria.pt\/3ts\/wp-content\/uploads\/sites\/21\/2022\/06\/foto_oradora300-02.png 251w\" sizes=\"(max-width: 150px) 100vw, 150px\" \/><\/figure>\n\n\n\n<p style=\"text-transform:uppercase\"><br><strong>Plen\u00e1ria<\/strong> <\/p>\n\n\n\n<p><strong>Metodolog\u00eda aprendizaje y servicio en Terapia Ocupacional: proyecto &#8220;Contigo Soy Capaz&#8221;<\/strong><br>Montserrat Santamar\u00eda-V\u00e1zquez, profesora en la Universidad de Burgos (Espa\u00f1a)<br>&#8211;<br>Moderadora: Liliana Teixeira (ESSLei)<\/p>\n<\/div><\/li>\n\n\n\n<li><div class=\"gbt-timeline-event-title-wrapper\"><div class=\"gbt-timeline-event-title time-title\"><strong>11h:30 \u2013 13h:00<\/strong><\/div><\/div><div class=\"gbt-timeline-event-content-wrapper\">\n<p style=\"text-transform:uppercase\"><strong>Oficina de Forma\u00e7\u00e3o I<\/strong><\/p>\n\n\n\n<p><strong>\u201cParar, notar e respirar: os ar(es) do bem-estar\u201d<\/strong><br>&#8211;<br>Patr\u00edcia Pereira  e Sandra Alves (SAPE)<\/p>\n<\/div><\/li>\n<\/ul><\/div>\n\n\n\n<div class=\"wp-block-pt-ipleiria-gutenberg-timeline schedule  is-style-smaller-timeline\"><div class=\"gbt-timeline-title-wrapper\"><div class=\"gbt-timeline-title tt-title\">Almo\u00e7o<br>13h:00 &#8211; 14h:00<\/div><\/div><ul class=\"gbt-timeline-content-wrapper\">\n<li><div class=\"gbt-timeline-event-title-wrapper\"><div class=\"gbt-timeline-event-title time-title\"><strong>14h:00 &#8211; 15h:30<\/strong><\/div><\/div><div class=\"gbt-timeline-event-content-wrapper\">\n<p style=\"text-transform:uppercase\"><strong>Partilhas de Pr\u00e1ticas I<\/strong><\/p>\n\n\n\n<ul><li><strong>&#8220;Ensinar com (efi)Ci\u00eancia para aprender com (defi)Ci\u00eancia: experi\u00eancias no Mestrado em Educa\u00e7\u00e3o Especial&#8221;<\/strong> Ana Oliveira &#8211; ESECS<\/li><li><strong>&#8220;Liberdade de Escolha&#8221;<\/strong> Alexandra Cruz &#8211; ESTM<\/li><li><strong>&#8220;Drama e interven\u00e7\u00e3o social; uma perspectiva da pedagogia do drama&#8221;<\/strong> Guilherme Mendon\u00e7a &#8211; ESAD.CR<\/li><li><strong>&#8220;Pr\u00e1ticas pedag\u00f3gicas com recurso \u00e0 simula\u00e7\u00e3o cl\u00ednica no ensino das Licenciaturas em Sa\u00fade&#8221; <\/strong>Hugo Duarte &#8211; ESSLei<\/li><li><strong>&#8220;SAP (Short Advanced Course) denominado Design of Cold-formed Steel Structures na Finl\u00e2ndia (HAMK) com participa\u00e7\u00e3o de estudantes do Polit\u00e9cnico de Leiria da Finl\u00e2ndia e \u00c1ustria (FHV), \u2013 Dep Eng\u00aa Civil da ESTG&#8221;<\/strong> Luis Prola e Pedro Gala &#8211; ESTG<br>&#8211;<br>Moderadora: Isabel Pereira (Pr\u00f3-presidente)<\/li><\/ul>\n<\/div><\/li>\n<\/ul><\/div>\n<\/div>\n\n\n\n<div class=\"wp-container-5 wp-block-column\">\n<div class=\"wp-block-pt-ipleiria-gutenberg-timeline schedule\"><div class=\"gbt-timeline-title-wrapper\"><div class=\"gbt-timeline-title tt-title\">dia 6<\/div><\/div><ul class=\"gbt-timeline-content-wrapper\">\n<li><div class=\"gbt-timeline-event-title-wrapper\"><div class=\"gbt-timeline-event-title time-title\"><strong>10h:00 &#8211; 11h:00<\/strong><\/div><\/div><div class=\"gbt-timeline-event-content-wrapper\">\n<p style=\"text-transform:uppercase\"><strong>Oficina de Forma\u00e7\u00e3o II<\/strong> <\/p>\n\n\n\n<p><strong>\u201cCitar e referenciar sem stressar &#8211; Gerir cita\u00e7\u00f5es e refer\u00eancias bibliogr\u00e1ficas com o Mendeley\u201d <\/strong><br>_<br>Vera Miguel e&nbsp;Mafalda Lopes (Servi\u00e7os de Documenta\u00e7\u00e3o)<br><\/p>\n<\/div><\/li>\n\n\n\n<li><div class=\"gbt-timeline-event-title-wrapper\"><div class=\"gbt-timeline-event-title time-title\"><strong>11h:00 &#8211; 12h:00<\/strong><\/div><\/div><div class=\"gbt-timeline-event-content-wrapper\">\n<p style=\"text-transform:uppercase\"><strong>Oficina de Forma\u00e7\u00e3o III<\/strong><\/p>\n\n\n\n<p><strong>\u201cA criatividade e a colabora\u00e7\u00e3o no ensino superior \u2013 os jogos como estrat\u00e9gias de inova\u00e7\u00e3o\u201d<\/strong><br>_<br>Marlene Rosa (ESSLei)<\/p>\n<\/div><\/li>\n<\/ul><\/div>\n\n\n\n<div class=\"wp-block-pt-ipleiria-gutenberg-timeline schedule  is-style-smaller-timeline\"><div class=\"gbt-timeline-title-wrapper\"><div class=\"gbt-timeline-title tt-title\">Almo\u00e7o<br>13h:00 &#8211; 14h:00<\/div><\/div><ul class=\"gbt-timeline-content-wrapper\">\n<li><div class=\"gbt-timeline-event-title-wrapper\"><div class=\"gbt-timeline-event-title time-title\"><strong><strong>14h:00 &#8211; 15h:30<\/strong><\/strong><\/div><\/div><div class=\"gbt-timeline-event-content-wrapper\">\n<p style=\"text-transform:uppercase\"><strong>Partilhas de Pr\u00e1ticas II<\/strong><\/p>\n\n\n\n<ul><li><strong>&#8220;Di\u00e1logos interculturais \u2013 desafios e experi\u00eancias pedag\u00f3gicas&#8221;<\/strong> Cristiana Madureira &#8211; ESECS<\/li><li><strong>&#8220;Aprender fazendo e ensinando &#8211; Peer Feedback como complemento \u00e0 aprendizagem baseada em projetos&#8221;<\/strong> Maria Sofia Lopes &#8211; ESTM<\/li><li><strong>&#8220;A experimenta\u00e7\u00e3o como v\u00ednculo de sedimenta\u00e7\u00e3o do conhecimento&#8221;<\/strong> Maria Paula de Freitas &#8211; ESAD.CR<\/li><li><strong>&#8220;Experi\u00eancia pedag\u00f3gica na UC de Programa de Interven\u00e7\u00e3o em Comportamentos Aditivos \u2013 Uma aprendizagem multidisciplinar&#8221;<\/strong> Francisco Barrantes &#8211;&nbsp;ESSLei<\/li><li><strong>&#8220;PEAS &#8211; Programa de Estudo Aut\u00f3nomo para o Sucesso \u2013 Partilha de experi\u00eancia com os estudantes de Eng\u00aa Eletrot\u00e9cnica e de Computadores do Dep Eng\u00aa Eletrot\u00e9cnica da ESTG&#8221;<\/strong> Carla Lopes, Lu\u00eds T\u00e1vora, Pedro Assun\u00e7\u00e3o e Telmo Fernandes &#8211;&nbsp;ESTG<br>&#8211;<br>Moderadora: Isabel Pereira (Pr\u00f3-presidente)<\/li><\/ul>\n<\/div><\/li>\n\n\n\n<li><div class=\"gbt-timeline-event-title-wrapper\"><div class=\"gbt-timeline-event-title time-title\"><strong>16h:00 &#8211; 17h:00<\/strong><\/div><\/div><div class=\"gbt-timeline-event-content-wrapper\">\n<p style=\"text-transform:uppercase\"><strong>Painel dos Presidentes dos Conselhos Pedag\u00f3gicos e Encerramento<\/strong><\/p>\n\n\n\n<ul><li>Hugo Menino<br>Presidente do Conselho Pedag\u00f3gico da ESECS<\/li><li>Lu\u00eds Serrano <br>Presidente do Conselho Pedag\u00f3gico da ESTG<\/li><li>Jos\u00e9 Frade<br>Presidente do Conselho Pedag\u00f3gico da ESAD.CR<\/li><li>Susana Bernardino<br>Presidente do Conselho Pedag\u00f3gico da ESTM<\/li><li>S\u00f3nia P\u00f3s de Mina<br>Presidente do Conselho Pedag\u00f3gico da ESSLei<br>_<br>Moderadora: Isabel Pereira (Pr\u00f3-presidente)<\/li><\/ul>\n<\/div><\/li>\n<\/ul><\/div>\n<\/div>\n<\/div>\n\n\n\n<div style=\"height:100px\" aria-hidden=\"true\" class=\"wp-block-spacer\"><\/div>\n\n\n\n<p class=\"has-text-align-center info-title\">Informa\u00e7\u00e3o Sobre dados pessoais e Direitos de Imagem<\/p>\n\n\n\n<p class=\"has-text-align-center\" style=\"font-size:12px\">Informamos que, sendo este um evento aberto ao p\u00fablico, poder\u00e3o ser recolhidas imagens que envolvam os participantes, individualmente ou em grupo, com vista a divulgar nas p\u00e1ginas eletr\u00f3nicas, redes sociais e \u00f3rg\u00e3os de comunica\u00e7\u00e3o social, para fins informativos, bem como para eventual utiliza\u00e7\u00e3o em finalidades cient\u00edficas e did\u00e1ticas, divulga\u00e7\u00e3o pela comunidade acad\u00e9mica, dentro do contexto escolar, e constitui\u00e7\u00e3o de arquivo do Polit\u00e9cnico de Leiria. Para mais informa\u00e7\u00f5es consulte a pol\u00edtica de privacidade em <a rel=\"noreferrer noopener\" aria-label=\"www.ipleiria.pt (opens in a new tab)\" href=\"https:\/\/www.ipleiria.pt\/politica-de-privacidade\/\" target=\"_blank\">www.ipleiria.pt<\/a>.<\/p>\n\n\n\n<div style=\"height:30px\" aria-hidden=\"true\" class=\"wp-block-spacer\"><\/div>\n","protected":false},"excerpt":{"rendered":"Evento Online 5 e 6 de julho de 2022 O Polit\u00e9cnico de Leiria, em colabora\u00e7\u00e3o com a Unidade de Ensino a Dist\u00e2ncia e os Conselhos Pedag\u00f3gicos das suas escolas, organiza as VII jornadas pedag\u00f3gicas \u201cTeachers Teaching Teachers\u201d. Estas jornadas culminam o Plano de Forma\u00e7\u00e3o Pedag\u00f3gica 2021\/22, sendo um espa\u00e7o de reflex\u00e3o e partilha de compet\u00eancias [&hellip;]","protected":false},"author":1,"featured_media":0,"parent":0,"menu_order":0,"comment_status":"closed","ping_status":"closed","template":"themetemplates_main-templates\/ttt-2022","meta":[],"_links":{"self":[{"href":"https:\/\/www.ipleiria.pt\/3ts\/wp-json\/wp\/v2\/pages\/275"}],"collection":[{"href":"https:\/\/www.ipleiria.pt\/3ts\/wp-json\/wp\/v2\/pages"}],"about":[{"href":"https:\/\/www.ipleiria.pt\/3ts\/wp-json\/wp\/v2\/types\/page"}],"author":[{"embeddable":true,"href":"https:\/\/www.ipleiria.pt\/3ts\/wp-json\/wp\/v2\/users\/1"}],"replies":[{"embeddable":true,"href":"https:\/\/www.ipleiria.pt\/3ts\/wp-json\/wp\/v2\/comments?post=275"}],"version-history":[{"count":57,"href":"https:\/\/www.ipleiria.pt\/3ts\/wp-json\/wp\/v2\/pages\/275\/revisions"}],"predecessor-version":[{"id":401,"href":"https:\/\/www.ipleiria.pt\/3ts\/wp-json\/wp\/v2\/pages\/275\/revisions\/401"}],"wp:attachment":[{"href":"https:\/\/www.ipleiria.pt\/3ts\/wp-json\/wp\/v2\/media?parent=275"}],"curies":[{"name":"wp","href":"https:\/\/api.w.org\/{rel}","templated":true}]}}