{"id":28368,"date":"2021-04-16T14:21:45","date_gmt":"2021-04-16T13:21:45","guid":{"rendered":"https:\/\/www.ipleiria.pt\/?post_type=alumni-testimonial&#038;p=28368"},"modified":"2021-05-06T16:01:36","modified_gmt":"2021-05-06T15:01:36","slug":"andre-haar","status":"publish","type":"alumni-testimonial","link":"https:\/\/www.ipleiria.pt\/en\/testemunho-alumni\/andre-haar\/","title":{"rendered":"Andr\u00e9 Haar"},"content":{"rendered":"\n<p>Estive em Portugal a estudar no Polit\u00e9cnico de Leiria, aproveitando o acordo de coopera\u00e7\u00e3o entre este Instituto e a minha Universidade no Brasil, em Novo Hamburgo &#8211; RS.<\/p>\n\n\n\n<p>O Brasil tem muitas semelhan\u00e7as com Portugal, especialmente aqui onde moro, no extremo sul. Semelhan\u00e7as com o falar, com a natureza, com os costumes. As minhas lembran\u00e7as mais incr\u00edveis est\u00e3o relacionadas com o acolhimento do povo portugu\u00eas, a rece\u00e7\u00e3o na escola pelos professores e colegas.<\/p>\n\n\n\n<p>Atualmente, sou apresentador de not\u00edcias na RecordTV. Os meus aprendizados em Portugal colaboram diariamente com o tipo de telejornal que apresento, um programa de televis\u00e3o mais informal.<\/p>\n\n\n\n<p>Tenho uma p\u00e1gina onde conto as minhas experi\u00eancias de vida, especialmente viagens e curiosidades de Portugal.<\/p>\n\n\n\n<p>Em ambos os sentidos, ter vivido na Escola, conhecendo pessoas noutro pa\u00eds, foi uma das experi\u00eancias mais fant\u00e1sticas. Penso que \u00e9 uma Escola que re\u00fane uma s\u00e9rie de circunst\u00e2ncias especiais. <\/p>\n\n\n\n<p>Espero que com esta Rede de Antigos Estudantes, possa cada vez mais compartilhar as minhas experi\u00eancias vividas em Portugal, reencontrar amigos e fazer novas amizades.<\/p>\n\n\n\n<p>Como sugest\u00e3o fica esta oportunidade de mais interc\u00e2mbio, que promova a possibilidade de reencontro, mesmo pelas redes sociais, dos alunos que passaram pelo Polit\u00e9cnico de Leiria.<\/p>\n","protected":false},"excerpt":{"rendered":"Penso que \u00e9 uma Escola que re\u00fane uma s\u00e9rie de circunst\u00e2ncias especiais.","protected":false},"author":1,"featured_media":29922,"template":"","meta":{"multilingual_post_translation":"","custompostfields_completion_year":"2016","custompostfields_meta-description":""},"alumni_country":[181],"presentation_areas":[37],"course_tax":[25,29],"_links":{"self":[{"href":"https:\/\/www.ipleiria.pt\/en\/wp-json\/wp\/v2\/alumni-testimonial\/28368"}],"collection":[{"href":"https:\/\/www.ipleiria.pt\/en\/wp-json\/wp\/v2\/alumni-testimonial"}],"about":[{"href":"https:\/\/www.ipleiria.pt\/en\/wp-json\/wp\/v2\/types\/alumni-testimonial"}],"author":[{"embeddable":true,"href":"https:\/\/www.ipleiria.pt\/en\/wp-json\/wp\/v2\/users\/1"}],"version-history":[{"count":2,"href":"https:\/\/www.ipleiria.pt\/en\/wp-json\/wp\/v2\/alumni-testimonial\/28368\/revisions"}],"predecessor-version":[{"id":29923,"href":"https:\/\/www.ipleiria.pt\/en\/wp-json\/wp\/v2\/alumni-testimonial\/28368\/revisions\/29923"}],"wp:featuredmedia":[{"embeddable":true,"href":"https:\/\/www.ipleiria.pt\/en\/wp-json\/wp\/v2\/media\/29922"}],"wp:attachment":[{"href":"https:\/\/www.ipleiria.pt\/en\/wp-json\/wp\/v2\/media?parent=28368"}],"wp:term":[{"taxonomy":"alumni_country","embeddable":true,"href":"https:\/\/www.ipleiria.pt\/en\/wp-json\/wp\/v2\/alumni_country?post=28368"},{"taxonomy":"presentation_areas","embeddable":true,"href":"https:\/\/www.ipleiria.pt\/en\/wp-json\/wp\/v2\/presentation_areas?post=28368"},{"taxonomy":"course_tax","embeddable":true,"href":"https:\/\/www.ipleiria.pt\/en\/wp-json\/wp\/v2\/course_tax?post=28368"}],"curies":[{"name":"wp","href":"https:\/\/api.w.org\/{rel}","templated":true}]}}

André Haar

<p>Estive em Portugal a estudar no Politécnico de Leiria, aproveitando o acordo de cooperação entre este Instituto e a minha Universidade no Brasil, em Novo Hamburgo &#8211; RS.</p>



<p>O Brasil tem muitas semelhanças com Portugal, especialmente aqui onde moro, no extremo sul. Semelhanças com o falar, com a natureza, com os costumes. As minhas lembranças mais incríveis estão relacionadas com o acolhimento do povo português, a receção na escola pelos professores e colegas.</p>



<p>Atualmente, sou apresentador de notícias na RecordTV. Os meus aprendizados em Portugal colaboram diariamente com o tipo de telejornal que apresento, um programa de televisão mais informal.</p>



<p>Tenho uma página onde conto as minhas experiências de vida, especialmente viagens e curiosidades de Portugal.</p>



<p>Em ambos os sentidos, ter vivido na Escola, conhecendo pessoas noutro país, foi uma das experiências mais fantásticas. Penso que é uma Escola que reúne uma série de circunstâncias especiais. </p>



<p>Espero que com esta Rede de Antigos Estudantes, possa cada vez mais compartilhar as minhas experiências vividas em Portugal, reencontrar amigos e fazer novas amizades.</p>



<p>Como sugestão fica esta oportunidade de mais intercâmbio, que promova a possibilidade de reencontro, mesmo pelas redes sociais, dos alunos que passaram pelo Politécnico de Leiria.</p>

Penso que é uma Escola que reúne uma série de circunstâncias especiais.
