{"id":29533,"date":"2021-04-21T14:46:01","date_gmt":"2021-04-21T13:46:01","guid":{"rendered":"https:\/\/www.ipleiria.pt\/?post_type=alumni-testimonial&#038;p=29533"},"modified":"2021-05-06T16:07:35","modified_gmt":"2021-05-06T15:07:35","slug":"lucas-moreira","status":"publish","type":"alumni-testimonial","link":"https:\/\/www.ipleiria.pt\/en\/testemunho-alumni\/lucas-moreira\/","title":{"rendered":"Lucas Moreira"},"content":{"rendered":"\n<p>Ol\u00e1, o meu nome \u00e9 Lucas Moreira, tenho 31 anos e nasci no Brasil, vim em 2012 de Erasmus para a ESAD das Caldas da Rainha para o curso de Artes Pl\u00e1sticas atrav\u00e9s da parceria entre a escola e a minha faculdade de l\u00e1 (Feevale).<\/p>\n\n\n\n<p>Pensar na ESAD.CR sempre me lembrar\u00e1 da minha vinda para Portugal e por ter encontrado o pa\u00eds onde quero passar a minha vida. Foi uma \u00e9poca de maturidade em muitos sentidos, a diferen\u00e7a de ensino fez-me descobrir e experimentar diversas novas possibilidades dentro do campo das artes.<\/p>\n\n\n\n<p>Comecei a trabalhar em produtoras de audiovisual devido ao meu conhecimento em motion graphics e anima\u00e7\u00e3o. Atualmente trabalho no Porto Canal e fa\u00e7o trabalhos independentes para o jornal P\u00fablico, JN, Porto Editora, entre outros&#8230;<\/p>\n\n\n\n<p>Trabalho constantemente em projetos pessoais, na produ\u00e7\u00e3o de curtas metragens de anima\u00e7\u00e3o, e em ilumina\u00e7\u00e3o\/banda desenhada. No ano passado realizei a curta Chasing Sparks que foi selecionada para diversos festivais dentro e fora de Portugal, e este ano lan\u00e7o o meu primeiro livro de banda desenhada Ciclos de Sono que se encontra \u00e0 venda online e em algumas livrarias do pa\u00eds.<\/p>\n\n\n\n<p>Espero que a Rede Alumni me permita acompanhar alguns antigos colegas e talvez retomar o contacto com eles.<\/p>\n","protected":false},"excerpt":{"rendered":"Pensar na ESAD.CR sempre me lembrar\u00e1 da minha vinda para Portugal e por ter encontrado o pa\u00eds onde quero passar a minha vida. ","protected":false},"author":1,"featured_media":29942,"template":"","meta":{"multilingual_post_translation":"","custompostfields_completion_year":"2015","custompostfields_meta-description":""},"alumni_country":[181],"presentation_areas":[37],"course_tax":[80,21,38],"_links":{"self":[{"href":"https:\/\/www.ipleiria.pt\/en\/wp-json\/wp\/v2\/alumni-testimonial\/29533"}],"collection":[{"href":"https:\/\/www.ipleiria.pt\/en\/wp-json\/wp\/v2\/alumni-testimonial"}],"about":[{"href":"https:\/\/www.ipleiria.pt\/en\/wp-json\/wp\/v2\/types\/alumni-testimonial"}],"author":[{"embeddable":true,"href":"https:\/\/www.ipleiria.pt\/en\/wp-json\/wp\/v2\/users\/1"}],"version-history":[{"count":1,"href":"https:\/\/www.ipleiria.pt\/en\/wp-json\/wp\/v2\/alumni-testimonial\/29533\/revisions"}],"predecessor-version":[{"id":29944,"href":"https:\/\/www.ipleiria.pt\/en\/wp-json\/wp\/v2\/alumni-testimonial\/29533\/revisions\/29944"}],"wp:featuredmedia":[{"embeddable":true,"href":"https:\/\/www.ipleiria.pt\/en\/wp-json\/wp\/v2\/media\/29942"}],"wp:attachment":[{"href":"https:\/\/www.ipleiria.pt\/en\/wp-json\/wp\/v2\/media?parent=29533"}],"wp:term":[{"taxonomy":"alumni_country","embeddable":true,"href":"https:\/\/www.ipleiria.pt\/en\/wp-json\/wp\/v2\/alumni_country?post=29533"},{"taxonomy":"presentation_areas","embeddable":true,"href":"https:\/\/www.ipleiria.pt\/en\/wp-json\/wp\/v2\/presentation_areas?post=29533"},{"taxonomy":"course_tax","embeddable":true,"href":"https:\/\/www.ipleiria.pt\/en\/wp-json\/wp\/v2\/course_tax?post=29533"}],"curies":[{"name":"wp","href":"https:\/\/api.w.org\/{rel}","templated":true}]}}

<p>Olá, o meu nome é Lucas Moreira, tenho 31 anos e nasci no Brasil, vim em 2012 de Erasmus para a ESAD das Caldas da Rainha para o curso de Artes Plásticas através da parceria entre a escola e a minha faculdade de lá (Feevale).</p>



<p>Pensar na ESAD.CR sempre me lembrará da minha vinda para Portugal e por ter encontrado o país onde quero passar a minha vida. Foi uma época de maturidade em muitos sentidos, a diferença de ensino fez-me descobrir e experimentar diversas novas possibilidades dentro do campo das artes.</p>



<p>Comecei a trabalhar em produtoras de audiovisual devido ao meu conhecimento em motion graphics e animação. Atualmente trabalho no Porto Canal e faço trabalhos independentes para o jornal Público, JN, Porto Editora, entre outros&#8230;</p>



<p>Trabalho constantemente em projetos pessoais, na produção de curtas metragens de animação, e em iluminação/banda desenhada. No ano passado realizei a curta Chasing Sparks que foi selecionada para diversos festivais dentro e fora de Portugal, e este ano lanço o meu primeiro livro de banda desenhada Ciclos de Sono que se encontra à venda online e em algumas livrarias do país.</p>



<p>Espero que a Rede Alumni me permita acompanhar alguns antigos colegas e talvez retomar o contacto com eles.</p>

Pensar na ESAD.CR sempre me lembrará da minha vinda para Portugal e por ter encontrado o país onde quero passar a minha vida.
