{"id":24023,"date":"2021-01-13T12:48:29","date_gmt":"2021-01-13T12:48:29","guid":{"rendered":"https:\/\/www.ipleiria.pt\/?post_type=alumni_entrepreneur&amp;p=24023"},"modified":"2021-01-13T12:48:29","modified_gmt":"2021-01-13T12:48:29","slug":"casa-dos-junqueiros","status":"publish","type":"alumni_entrepreneur","link":"https:\/\/www.ipleiria.pt\/en\/empreendedorismo-estudante\/casa-dos-junqueiros\/","title":{"rendered":"Casa dos Junqueiros"},"content":{"rendered":"\n<p><strong>Joana Esteve Gomes<\/strong>, antiga estudante em Design Gr\u00e1fico pela Escola Superior de Artes e Design das Caldas da Rainha \u00e9 uma empres\u00e1ria que iniciou um projeto de alojamento local perto das Caldas da Rainha, a\u00a0<strong><a href=\"http:\/\/www.facebook.com\/casadosjunqueiros\" target=\"_blank\" rel=\"noreferrer noopener\">Casa dos Junqueiros<\/a><\/strong>.<\/p>\n\n\n\n<p>Aberto em setembro com a irm\u00e3, Sofia Gomes, a Casa dos Junqueiros \u00e9 um neg\u00f3cio familiar que requalificou a habita\u00e7\u00e3o onde o av\u00f4 paterno das s\u00f3cias nasceu, segundo a Gazeta das Caldas.<\/p>\n\n\n\n<p>No local pretendem apresentar o trabalho de diversas pessoas, dinamizar workshops, confer\u00eancias, partilhar receitas, organizar provas de vinho e contar hist\u00f3rias, como explicam ao jornal.<\/p>\n\n\n\n<p>Visite as p\u00e1ginas deste projeto:\u00a0<a href=\"http:\/\/www.facebook.com\/casadosjunqueiros\" target=\"_blank\" rel=\"noreferrer noopener\">Facebook<\/a>\u00a0e\u00a0<a href=\"https:\/\/www.instagram.com\/casadosjunqueiros\" target=\"_blank\" rel=\"noreferrer noopener\">Instagram<\/a>.<\/p>\n","protected":false},"excerpt":{"rendered":"Joana Esteve Gomes, antiga estudante em Design Gr\u00e1fico pela Escola Superior de Artes e Design das Caldas da Rainha \u00e9 uma empres\u00e1ria que iniciou um projeto de alojamento local perto das Caldas da Rainha, a\u00a0Casa dos Junqueiros. Aberto em setembro com a irm\u00e3, Sofia Gomes, a Casa dos Junqueiros \u00e9 um neg\u00f3cio familiar que requalificou [&hellip;]","protected":false},"author":1,"featured_media":24024,"template":"","meta":{"multilingual_post_translation":"","custompostfields_meta-description":""},"_links":{"self":[{"href":"https:\/\/www.ipleiria.pt\/en\/wp-json\/wp\/v2\/alumni_entrepreneur\/24023"}],"collection":[{"href":"https:\/\/www.ipleiria.pt\/en\/wp-json\/wp\/v2\/alumni_entrepreneur"}],"about":[{"href":"https:\/\/www.ipleiria.pt\/en\/wp-json\/wp\/v2\/types\/alumni_entrepreneur"}],"author":[{"embeddable":true,"href":"https:\/\/www.ipleiria.pt\/en\/wp-json\/wp\/v2\/users\/1"}],"version-history":[{"count":0,"href":"https:\/\/www.ipleiria.pt\/en\/wp-json\/wp\/v2\/alumni_entrepreneur\/24023\/revisions"}],"wp:featuredmedia":[{"embeddable":true,"href":"https:\/\/www.ipleiria.pt\/en\/wp-json\/wp\/v2\/media\/24024"}],"wp:attachment":[{"href":"https:\/\/www.ipleiria.pt\/en\/wp-json\/wp\/v2\/media?parent=24023"}],"curies":[{"name":"wp","href":"https:\/\/api.w.org\/{rel}","templated":true}]}}

<p><strong>Joana Esteve Gomes</strong>, antiga estudante em Design Gráfico pela Escola Superior de Artes e Design das Caldas da Rainha é uma empresária que iniciou um projeto de alojamento local perto das Caldas da Rainha, a <strong><a href="http://www.facebook.com/casadosjunqueiros" target="_blank" rel="noreferrer noopener">Casa dos Junqueiros</a></strong>.</p>



<p>Aberto em setembro com a irmã, Sofia Gomes, a Casa dos Junqueiros é um negócio familiar que requalificou a habitação onde o avô paterno das sócias nasceu, segundo a Gazeta das Caldas.</p>



<p>No local pretendem apresentar o trabalho de diversas pessoas, dinamizar workshops, conferências, partilhar receitas, organizar provas de vinho e contar histórias, como explicam ao jornal.</p>



<p>Visite as páginas deste projeto: <a href="http://www.facebook.com/casadosjunqueiros" target="_blank" rel="noreferrer noopener">Facebook</a> e <a href="https://www.instagram.com/casadosjunqueiros" target="_blank" rel="noreferrer noopener">Instagram</a>.</p>

Joana Esteve Gomes, antiga estudante em Design Gráfico pela Escola Superior de Artes e Design das Caldas da Rainha é uma empresária que iniciou um projeto de alojamento local perto das Caldas da Rainha, a Casa dos Junqueiros. Aberto em setembro com a irmã, Sofia Gomes, a Casa dos Junqueiros é um negócio familiar que requalificou [&hellip;]
