{"id":26435,"date":"2021-04-07T10:54:47","date_gmt":"2021-04-07T09:54:47","guid":{"rendered":"https:\/\/www.ipleiria.pt\/?post_type=alumni_entrepreneur&amp;p=26435"},"modified":"2021-04-07T10:54:47","modified_gmt":"2021-04-07T09:54:47","slug":"toca-dos-laparos","status":"publish","type":"alumni_entrepreneur","link":"https:\/\/www.ipleiria.pt\/en\/empreendedorismo-estudante\/toca-dos-laparos\/","title":{"rendered":"Toca dos L\u00e1paros"},"content":{"rendered":"\n<p>A antiga estudante da ESEL, agora ESECS,&nbsp;<strong>S\u00f3nia Ferreira<\/strong>, \u00e9 uma das criadores da&nbsp;<strong>Toca dos L\u00e1paros<\/strong>.&nbsp; A Toca dos L\u00e1paros faz parte de uma comunidade, onde os valores da partilha, da coopera\u00e7\u00e3o e do respeito pela Natureza&nbsp;est\u00e3o bem presentes. Um grupo de pessoas que acreditam ser a mudan\u00e7a que querem ver no mundo,&nbsp;praticando uma filosofia de vida em harmonia com a Natureza e com os outros. \u00c9 atrav\u00e9s da partilha de saberes&nbsp;que estimulam na&nbsp;rotina di\u00e1ria de cada um&nbsp;h\u00e1bitos e costumes de vida simples e ecol\u00f3gicos, a ado\u00e7\u00e3o de&nbsp;um estilo de cultura e de vida em integra\u00e7\u00e3o direta e equilibrada com o meio ambiente. Para tal,&nbsp;desenvolvem atividades de auto produ\u00e7\u00e3o&nbsp;de abrigo, alimento, transporte, sa\u00fade, bem estar, educa\u00e7\u00e3o e energias sustent\u00e1veis.<br>Para saber mais sobre&nbsp;esta iniciativa,&nbsp; visite a p\u00e1gina de Facebook em:&nbsp;<a href=\"https:\/\/www.facebook.com\/tocadoslaparos\/\">https:\/\/www.facebook.com\/tocadoslaparos\/<\/a>&nbsp;Conhe\u00e7a um pouco mais do percurso da S\u00f3nia Ferreira em&nbsp;<a href=\"http:\/\/redealumni.ipleiria.pt\/testemunhos\/2014\/11\/28\/sonia-ferreira-2\/\">http:\/\/redealumni.ipleiria.pt\/testemunhos\/2014\/11\/28\/sonia-ferreira-2\/<\/a><\/p>\n","protected":false},"excerpt":{"rendered":"A antiga estudante da ESEL, agora ESECS,&nbsp;S\u00f3nia Ferreira, \u00e9 uma das criadores da&nbsp;Toca dos L\u00e1paros.&nbsp; A Toca dos L\u00e1paros faz parte de uma comunidade, onde os valores da partilha, da coopera\u00e7\u00e3o e do respeito pela Natureza&nbsp;est\u00e3o bem presentes. Um grupo de pessoas que acreditam ser a mudan\u00e7a que querem ver no mundo,&nbsp;praticando uma filosofia de [&hellip;]","protected":false},"author":28,"featured_media":26436,"template":"","meta":{"multilingual_post_translation":"","custompostfields_meta-description":""},"_links":{"self":[{"href":"https:\/\/www.ipleiria.pt\/en\/wp-json\/wp\/v2\/alumni_entrepreneur\/26435"}],"collection":[{"href":"https:\/\/www.ipleiria.pt\/en\/wp-json\/wp\/v2\/alumni_entrepreneur"}],"about":[{"href":"https:\/\/www.ipleiria.pt\/en\/wp-json\/wp\/v2\/types\/alumni_entrepreneur"}],"author":[{"embeddable":true,"href":"https:\/\/www.ipleiria.pt\/en\/wp-json\/wp\/v2\/users\/28"}],"version-history":[{"count":0,"href":"https:\/\/www.ipleiria.pt\/en\/wp-json\/wp\/v2\/alumni_entrepreneur\/26435\/revisions"}],"wp:featuredmedia":[{"embeddable":true,"href":"https:\/\/www.ipleiria.pt\/en\/wp-json\/wp\/v2\/media\/26436"}],"wp:attachment":[{"href":"https:\/\/www.ipleiria.pt\/en\/wp-json\/wp\/v2\/media?parent=26435"}],"curies":[{"name":"wp","href":"https:\/\/api.w.org\/{rel}","templated":true}]}}

Toca dos Láparos

<p>A antiga estudante da ESEL, agora ESECS,&nbsp;<strong>Sónia Ferreira</strong>, é uma das criadores da&nbsp;<strong>Toca dos Láparos</strong>.&nbsp; A Toca dos Láparos faz parte de uma comunidade, onde os valores da partilha, da cooperação e do respeito pela Natureza&nbsp;estão bem presentes. Um grupo de pessoas que acreditam ser a mudança que querem ver no mundo,&nbsp;praticando uma filosofia de vida em harmonia com a Natureza e com os outros. É através da partilha de saberes&nbsp;que estimulam na&nbsp;rotina diária de cada um&nbsp;hábitos e costumes de vida simples e ecológicos, a adoção de&nbsp;um estilo de cultura e de vida em integração direta e equilibrada com o meio ambiente. Para tal,&nbsp;desenvolvem atividades de auto produção&nbsp;de abrigo, alimento, transporte, saúde, bem estar, educação e energias sustentáveis.<br>Para saber mais sobre&nbsp;esta iniciativa,&nbsp; visite a página de Facebook em:&nbsp;<a href="https://www.facebook.com/tocadoslaparos/">https://www.facebook.com/tocadoslaparos/</a>&nbsp;Conheça um pouco mais do percurso da Sónia Ferreira em&nbsp;<a href="http://redealumni.ipleiria.pt/testemunhos/2014/11/28/sonia-ferreira-2/">http://redealumni.ipleiria.pt/testemunhos/2014/11/28/sonia-ferreira-2/</a></p>

A antiga estudante da ESEL, agora ESECS,&nbsp;Sónia Ferreira, é uma das criadores da&nbsp;Toca dos Láparos.&nbsp; A Toca dos Láparos faz parte de uma comunidade, onde os valores da partilha, da cooperação e do respeito pela Natureza&nbsp;estão bem presentes. Um grupo de pessoas que acreditam ser a mudança que querem ver no mundo,&nbsp;praticando uma filosofia de [&hellip;]
