{"id":26467,"date":"2021-04-07T11:14:16","date_gmt":"2021-04-07T10:14:16","guid":{"rendered":"https:\/\/www.ipleiria.pt\/?post_type=alumni_entrepreneur&amp;p=26467"},"modified":"2021-04-07T11:14:16","modified_gmt":"2021-04-07T10:14:16","slug":"jp-caldeano","status":"publish","type":"alumni_entrepreneur","link":"https:\/\/www.ipleiria.pt\/en\/empreendedorismo-estudante\/jp-caldeano\/","title":{"rendered":"JP Caldeano"},"content":{"rendered":"\n<p><strong>JP Caldeano<\/strong>, antigo estudante de Som e Imagem da ESAD.CR, vive atualmente em Londres onde \u00e9 Diretor de Fotografia em regime freelance. J\u00e1 participou em realiza\u00e7\u00f5es de curtas e longa metragens premiadas em v\u00e1rias associa\u00e7\u00f5es de festivais de cinema. Para Jo\u00e3o Pedro, uma das experi\u00eancias que o mais marcou foi ter feito parte da equipa de produ\u00e7\u00e3o de \u201cSkyfall\u201d, o 33\u00ba filme da s\u00e9rie James Bond.&nbsp;Em Londres, completou a sua forma\u00e7\u00e3o com um mestrado em Cinematografia pela MET Film School London.<\/p>\n\n\n\n<p>Pode seguir o seu trabalho em:&nbsp;<a href=\"https:\/\/vimeo.com\/jpcaldeano\" target=\"_blank\" rel=\"noreferrer noopener\">https:\/\/vimeo.com\/jpcaldeano<\/a>&nbsp; e&nbsp;<a href=\"http:\/\/www.jpcaldeano.co.uk\/\" target=\"_blank\" rel=\"noreferrer noopener\">www.jpcaldeano.co.uk&nbsp;<\/a><\/p>\n\n\n\n<p>Facebook:&nbsp;<a href=\"https:\/\/www.facebook.com\/jp.caldeano\" target=\"_blank\" rel=\"noreferrer noopener\">https:\/\/www.facebook.com\/jp.caldeano<\/a><\/p>\n\n\n\n<p>Conhe\u00e7a um pouco mais do percurso do JP Caldeano em&nbsp;<a href=\"http:\/\/redealumni.ipleiria.pt\/testemunhos\/2012\/05\/08\/jp-caldeano\/\">http:\/\/redealumni.ipleiria.pt\/testemunhos\/2012\/05\/08\/jp-caldeano\/<\/a><\/p>\n","protected":false},"excerpt":{"rendered":"JP Caldeano, antigo estudante de Som e Imagem da ESAD.CR, vive atualmente em Londres onde \u00e9 Diretor de Fotografia em regime freelance. J\u00e1 participou em realiza\u00e7\u00f5es de curtas e longa metragens premiadas em v\u00e1rias associa\u00e7\u00f5es de festivais de cinema. Para Jo\u00e3o Pedro, uma das experi\u00eancias que o mais marcou foi ter feito parte da equipa [&hellip;]","protected":false},"author":28,"featured_media":26468,"template":"","meta":{"multilingual_post_translation":"","custompostfields_meta-description":""},"_links":{"self":[{"href":"https:\/\/www.ipleiria.pt\/en\/wp-json\/wp\/v2\/alumni_entrepreneur\/26467"}],"collection":[{"href":"https:\/\/www.ipleiria.pt\/en\/wp-json\/wp\/v2\/alumni_entrepreneur"}],"about":[{"href":"https:\/\/www.ipleiria.pt\/en\/wp-json\/wp\/v2\/types\/alumni_entrepreneur"}],"author":[{"embeddable":true,"href":"https:\/\/www.ipleiria.pt\/en\/wp-json\/wp\/v2\/users\/28"}],"version-history":[{"count":0,"href":"https:\/\/www.ipleiria.pt\/en\/wp-json\/wp\/v2\/alumni_entrepreneur\/26467\/revisions"}],"wp:featuredmedia":[{"embeddable":true,"href":"https:\/\/www.ipleiria.pt\/en\/wp-json\/wp\/v2\/media\/26468"}],"wp:attachment":[{"href":"https:\/\/www.ipleiria.pt\/en\/wp-json\/wp\/v2\/media?parent=26467"}],"curies":[{"name":"wp","href":"https:\/\/api.w.org\/{rel}","templated":true}]}}

<p><strong>JP Caldeano</strong>, antigo estudante de Som e Imagem da ESAD.CR, vive atualmente em Londres onde é Diretor de Fotografia em regime freelance. Já participou em realizações de curtas e longa metragens premiadas em várias associações de festivais de cinema. Para João Pedro, uma das experiências que o mais marcou foi ter feito parte da equipa de produção de “Skyfall”, o 33º filme da série James Bond.&nbsp;Em Londres, completou a sua formação com um mestrado em Cinematografia pela MET Film School London.</p>



<p>Pode seguir o seu trabalho em:&nbsp;<a href="https://vimeo.com/jpcaldeano" target="_blank" rel="noreferrer noopener">https://vimeo.com/jpcaldeano</a>&nbsp; e&nbsp;<a href="http://www.jpcaldeano.co.uk/" target="_blank" rel="noreferrer noopener">www.jpcaldeano.co.uk&nbsp;</a></p>



<p>Facebook:&nbsp;<a href="https://www.facebook.com/jp.caldeano" target="_blank" rel="noreferrer noopener">https://www.facebook.com/jp.caldeano</a></p>



<p>Conheça um pouco mais do percurso do JP Caldeano em&nbsp;<a href="http://redealumni.ipleiria.pt/testemunhos/2012/05/08/jp-caldeano/">http://redealumni.ipleiria.pt/testemunhos/2012/05/08/jp-caldeano/</a></p>

JP Caldeano, antigo estudante de Som e Imagem da ESAD.CR, vive atualmente em Londres onde é Diretor de Fotografia em regime freelance. Já participou em realizações de curtas e longa metragens premiadas em várias associações de festivais de cinema. Para João Pedro, uma das experiências que o mais marcou foi ter feito parte da equipa [&hellip;]
