{"id":20271,"date":"2022-11-14T17:08:46","date_gmt":"2022-11-14T17:08:46","guid":{"rendered":"https:\/\/www.ipleiria.pt\/esadcr\/?page_id=20271"},"modified":"2023-01-20T13:59:12","modified_gmt":"2023-01-20T13:59:12","slug":"eleicao-do-conselho-de-representantes-da-esad-cr-2022","status":"publish","type":"page","link":"https:\/\/www.ipleiria.pt\/esadcr\/escola\/avisos\/eleicoes\/eleicao-do-conselho-de-representantes-da-esad-cr-2022\/","title":{"rendered":"ELEI\u00c7\u00c3O DO CONSELHO DE REPRESENTANTES DA ESAD.CR \u2013 2022"},"content":{"rendered":"\n<div style=\"height:20px\" aria-hidden=\"true\" class=\"wp-block-spacer\"><\/div>\n\n\n\n<p><a href=\"https:\/\/colaborar.ipleiria.pt\/escolas\/esad\/orgaos\/proceleitorais\/home.aspx\" target=\"_blank\" rel=\"noreferrer noopener\">Despacho n\u00ba 15\/2023 &#8211; Elei\u00e7\u00f5es intercalares para o 4.\u00ba Conselho de Representantes da ESAD.CR &#8211; Resultados definitivos<\/a><\/p>\n\n\n\n<p><a href=\"https:\/\/colaborar.ipleiria.pt\/escolas\/esad\/orgaos\/proceleitorais\/home.aspx\" target=\"_blank\" rel=\"noreferrer noopener\">Despacho n\u00ba 14\/2023 &#8211; Elei\u00e7\u00f5es intercalares para o 4.\u00ba Conselho de Representantes da ESAD.CR &#8211; Resultados provis\u00f3rios<\/a><\/p>\n\n\n\n<p><a href=\"https:\/\/colaborar.ipleiria.pt\/escolas\/esad\/orgaos\/proceleitorais\/home.aspx\" target=\"_blank\" rel=\"noreferrer noopener\">Despacho n\u00ba 13\/2023 \u2013 Constitui\u00e7\u00e3o de Mesa de voto \u2013 atos eleitorais de 17\/01\/2023<\/a><\/p>\n\n\n\n<p><a href=\"https:\/\/colaborar.ipleiria.pt\/escolas\/esad\/orgaos\/proceleitorais\/home.aspx\" target=\"_blank\" rel=\"noreferrer noopener\">Despacho n\u00ba 12\/2023 &#8211; Elei\u00e7\u00f5es intercalares para o 4\u00ba Conselho de Representantes &#8211; Resultados Definitivos<\/a><\/p>\n\n\n\n<p><a href=\"https:\/\/colaborar.ipleiria.pt\/escolas\/esad\/orgaos\/proceleitorais\/home.aspx\" target=\"_blank\" rel=\"noreferrer noopener\">Despacho n\u00ba 10\/2023 \u2013 Elei\u00e7\u00f5es Intercalares para o 4\u00ba Conselho de Representantes da ESAD.CR \u2013 Resultados Provis\u00f3rios<\/a><\/p>\n\n\n\n<p><a href=\"https:\/\/colaborar.ipleiria.pt\/escolas\/esad\/orgaos\/proceleitorais\/home.aspx\" target=\"_blank\" rel=\"noreferrer noopener\">Despacho n\u00ba 1\/2023 \u2013 Constitui\u00e7\u00e3o das Mesas de Voto \u2013 atos eleitorais de 10\/01\/2023<\/a><\/p>\n\n\n\n<div class=\"wp-block-file\"><a id=\"wp-block-file--media-f0c93964-74c0-4ba3-9949-b84996a76761\" href=\"https:\/\/www.ipleiria.pt\/esadcr\/wp-content\/uploads\/sites\/17\/2022\/11\/Despacho-no-63_2022.pdf\">Despacho n.\u00ba 63\/2022 \u2013 4\u00ba (quarto) Conselho de Representantes da ESAD.CR \u2013 Elei\u00e7\u00e3o Intercalar<br><\/a><\/div>\n\n\n\n<div class=\"wp-block-file\"><a id=\"wp-block-file--media-8df1379f-aa4e-42a7-9ba3-0f239186b62d\" href=\"https:\/\/www.ipleiria.pt\/esadcr\/wp-content\/uploads\/sites\/17\/2022\/11\/Despacho-no-80_2022.pdf\" target=\"_blank\" rel=\"noreferrer noopener\">Despacho n.\u00ba 80\/2022, de 25\/11\/2022, referente \u00e0s Elei\u00e7\u00f5es &nbsp;intercalares para o 4\u00ba (Quarto) Conselho de Representantes da ESAD.CR \u2013 Cadernos Eleitorais Definitivos<\/a><\/div>\n\n\n\n<div class=\"wp-block-file\"><a id=\"wp-block-file--media-4e026a7f-7c35-4e7a-8342-a995e3295649\" href=\"https:\/\/www.ipleiria.pt\/esadcr\/wp-content\/uploads\/sites\/17\/2022\/11\/Despacho-no-83_2022.pdf\" target=\"_blank\" rel=\"noreferrer noopener\">Despacho n\u00ba 83\/2022 \u2013 4\u00ba Conselho de Representantes da ESAD.CR \u2013 Elei\u00e7\u00e3o Intercalar \u2013 Lista dos\/as candidatos\/as concorrentes para completar o mandato vigente at\u00e9 11\/07\/2023 e capacidade eleitoral dos estudantes que j\u00e1 integram o \u00f3rg\u00e3o &#8211; Retifica\u00e7\u00e3o<\/a><\/div>\n\n\n\n<p><a rel=\"noreferrer noopener\" href=\"https:\/\/colaborar.ipleiria.pt\/escolas\/esad\/orgaos\/proceleitorais\/home.aspx\" target=\"_blank\">Despacho n.\u00ba 87\/2022, de 07\/12\/2022, referente \u00e0s Elei\u00e7\u00f5es &nbsp;intercalares para o 4\u00ba (Quarto) Conselho de Representantes da ESAD.CR\u2013 Elei\u00e7\u00e3o Intercalar<\/a><\/p>\n\n\n\n<p><a href=\"https:\/\/colaborar.ipleiria.pt\/escolas\/esad\/orgaos\/proceleitorais\/home.aspx\" target=\"_blank\" rel=\"noreferrer noopener\">Despacho n.\u00ba 89\/2022, de 09\/12\/2022 &#8211; Elei\u00e7\u00e3o do oitavo Conselho T\u00e9cnico-Cient\u00edfico e Elei\u00e7\u00e3o intercalar do quarto Conselho de Representantes &nbsp;&#8211; Listas de Candidatura Definitivas<\/a><\/p>\n\n\n\n<p><a href=\"https:\/\/colaborar.ipleiria.pt\/escolas\/esad\/orgaos\/proceleitorais\/home.aspx\" target=\"_blank\" rel=\"noreferrer noopener\">Despacho n.\u00ba 90\/2022 de 09\/12\/2022 \u2013 Constitui\u00e7\u00e3o de Mesa de Voto dos Docentes \u2013 atos eleitorais de 13\/12\/2022<\/a><\/p>\n\n\n\n<p><a href=\"https:\/\/colaborar.ipleiria.pt\/escolas\/esad\/orgaos\/proceleitorais\/home.aspx\" target=\"_blank\" rel=\"noreferrer noopener\">Despacho n.\u00ba 91\/2022 de 09\/12\/2022 \u2013 Constitui\u00e7\u00e3o de Mesa de Voto dos Estudantes e dos T\u00e9cnicos e Administrativos \u2013 atos eleitorais de 13\/12\/2022<\/a><\/p>\n\n\n\n<p><a href=\"https:\/\/colaborar.ipleiria.pt\/escolas\/esad\/orgaos\/proceleitorais\/home.aspx\" target=\"_blank\" rel=\"noreferrer noopener\">Despacho n\u00ba 92\/2022 \u2013 Elei\u00e7\u00f5es para o Quarto Conselho de Representantes da ESAD.CR \u2013 Resultados Provis\u00f3rios<\/a><\/p>\n\n\n\n<p><a href=\"https:\/\/colaborar.ipleiria.pt\/escolas\/esad\/orgaos\/proceleitorais\/home.aspx\" target=\"_blank\" rel=\"noreferrer noopener\">Despacho n\u00ba 95\/2022 \u2013 Elei\u00e7\u00f5es para o Quarto Conselho de Representantes da ESAD.CR \u2013 Resultados Definitivos<\/a><\/p>\n\n\n\n<p>Para consultar os cadernos eleitorais clique&nbsp;<a href=\"https:\/\/colaborar.ipleiria.pt\/escolas\/esad\/orgaos\/proceleitorais\/\" target=\"_blank\" rel=\"noreferrer noopener\">aqui<\/a><\/p>\n\n\n\n<div style=\"height:37px\" aria-hidden=\"true\" class=\"wp-block-spacer\"><\/div>\n","protected":false},"excerpt":{"rendered":"Despacho n\u00ba 15\/2023 &#8211; Elei\u00e7\u00f5es intercalares para o 4.\u00ba Conselho de Representantes da ESAD.CR &#8211; Resultados definitivos Despacho n\u00ba 14\/2023 &#8211; Elei\u00e7\u00f5es intercalares para o 4.\u00ba Conselho de Representantes da ESAD.CR &#8211; Resultados provis\u00f3rios Despacho n\u00ba 13\/2023 \u2013 Constitui\u00e7\u00e3o de Mesa de voto \u2013 atos eleitorais de 17\/01\/2023 Despacho n\u00ba 12\/2023 &#8211; Elei\u00e7\u00f5es intercalares para [&hellip;]","protected":false},"author":5,"featured_media":3140,"parent":5527,"menu_order":0,"comment_status":"closed","ping_status":"closed","template":"","meta":{"multilingual_post_translation":"","custompostfields_banners":"","custompostfields_post-association_course-gallery":[]},"_links":{"self":[{"href":"https:\/\/www.ipleiria.pt\/esadcr\/wp-json\/wp\/v2\/pages\/20271"}],"collection":[{"href":"https:\/\/www.ipleiria.pt\/esadcr\/wp-json\/wp\/v2\/pages"}],"about":[{"href":"https:\/\/www.ipleiria.pt\/esadcr\/wp-json\/wp\/v2\/types\/page"}],"author":[{"embeddable":true,"href":"https:\/\/www.ipleiria.pt\/esadcr\/wp-json\/wp\/v2\/users\/5"}],"replies":[{"embeddable":true,"href":"https:\/\/www.ipleiria.pt\/esadcr\/wp-json\/wp\/v2\/comments?post=20271"}],"version-history":[{"count":21,"href":"https:\/\/www.ipleiria.pt\/esadcr\/wp-json\/wp\/v2\/pages\/20271\/revisions"}],"predecessor-version":[{"id":21398,"href":"https:\/\/www.ipleiria.pt\/esadcr\/wp-json\/wp\/v2\/pages\/20271\/revisions\/21398"}],"up":[{"embeddable":true,"href":"https:\/\/www.ipleiria.pt\/esadcr\/wp-json\/wp\/v2\/pages\/5527"}],"wp:featuredmedia":[{"embeddable":true,"href":"https:\/\/www.ipleiria.pt\/esadcr\/wp-json\/wp\/v2\/media\/3140"}],"wp:attachment":[{"href":"https:\/\/www.ipleiria.pt\/esadcr\/wp-json\/wp\/v2\/media?parent=20271"}],"curies":[{"name":"wp","href":"https:\/\/api.w.org\/{rel}","templated":true}]}}