{"id":30103,"date":"2024-06-21T10:21:22","date_gmt":"2024-06-21T10:21:22","guid":{"rendered":"https:\/\/www.ipleiria.pt\/esadcr\/?page_id=30103"},"modified":"2025-05-12T10:07:45","modified_gmt":"2025-05-12T10:07:45","slug":"proposta-de-revisao-dos-estatutos","status":"publish","type":"page","link":"https:\/\/www.ipleiria.pt\/esadcr\/escola\/avisos\/proposta-de-revisao-dos-estatutos\/","title":{"rendered":"Proposta de revis\u00e3o dos Estatutos"},"content":{"rendered":"\n<h4>Homologa\u00e7\u00e3o dos Estatutos da ESAD.CR<\/h4>\n\n\n\n<p><a rel=\"noreferrer noopener\" href=\"https:\/\/diariodarepublica.pt\/dr\/detalhe\/despacho\/5162-2025-916749692\" target=\"_blank\">Estatutos da Escola Superior de Artes e Design das Caldas da Rainha &#8211; Despacho n.\u00ba 5162\/2025<\/a><\/p>\n\n\n\n<h4>In\u00edcio do procedimento<\/h4>\n\n\n\n<p><a href=\"https:\/\/www.ipleiria.pt\/esadcr\/wp-content\/uploads\/sites\/17\/2024\/06\/Aviso-ini\u0301cio-de-procedimento-de-revisa\u0303o-dos-Estatutos-da-ESAD.CR_-1.pdf\">Aviso \u2013 In\u00edcio do procedimento de proposta de revis\u00e3o dos Estatutos da ESAD.CR, aprovados pelo despacho n. \u00ba11339\/2012, de 27\/06<\/a><\/p>\n\n\n\n<h4>Consulta P\u00fablica<\/h4>\n\n\n\n<p><a href=\"https:\/\/www.ipleiria.pt\/esadcr\/wp-content\/uploads\/sites\/17\/2024\/07\/Despacho-N60_2024-Edital-discussa\u0303o-pu\u0301blica-Revisa\u0303o-Estatutos-ESAD.CR_.pdf\">Edital \u2013 Proposta de projeto de revis\u00e3o dos Estatutos da ESAD.CR&nbsp;<\/a><\/p>\n\n\n\n<p>Disponibiliza-se a Proposta de projeto de revis\u00e3o dos Estatutos da ESAD.CR, tendo em vista promover a fase de consulta p\u00fablica cujo prazo termina&nbsp;30 dias \u00fateis ap\u00f3s a publica\u00e7\u00e3o do acima referido edital em Di\u00e1rio da Rep\u00fablica.<\/p>\n\n\n\n<p>Convidam-se todas as pessoas interessadas a enviar, por escrito, eventuais sugest\u00f5es, dentro do per\u00edodo acima referido, para a conta de correio eletr\u00f3nico&nbsp;<a href=\"mailto:esad@ipleiria.pt\">esad@ipleiria.pt<\/a>.<\/p>\n\n\n\n<p><a href=\"https:\/\/www.ipleiria.pt\/esadcr\/wp-content\/uploads\/sites\/17\/2024\/09\/Edital-n.o-1184_2024-_-DR.pdf\">Edital n.\u00ba 1184\/2024<\/a><\/p>\n\n\n\n<p><em>De acordo com o Edital n.\u00ba 1184\/2024, acima divulgado, o prazo para apresenta\u00e7\u00e3o de contributos termina no<\/em> <strong>dia 30 de setembro de 2024.<\/strong><\/p>\n\n\n\n<div style=\"height:50px\" aria-hidden=\"true\" class=\"wp-block-spacer\"><\/div>\n","protected":false},"excerpt":{"rendered":"Homologa\u00e7\u00e3o dos Estatutos da ESAD.CR Estatutos da Escola Superior de Artes e Design das Caldas da Rainha &#8211; Despacho n.\u00ba 5162\/2025 In\u00edcio do procedimento Aviso \u2013 In\u00edcio do procedimento de proposta de revis\u00e3o dos Estatutos da ESAD.CR, aprovados pelo despacho n. \u00ba11339\/2012, de 27\/06 Consulta P\u00fablica Edital \u2013 Proposta de projeto de revis\u00e3o dos Estatutos [&hellip;]","protected":false},"author":5,"featured_media":30105,"parent":1401,"menu_order":0,"comment_status":"closed","ping_status":"closed","template":"","meta":{"multilingual_post_translation":"","custompostfields_banners":"30106","custompostfields_post-association_course-gallery":[]},"_links":{"self":[{"href":"https:\/\/www.ipleiria.pt\/esadcr\/wp-json\/wp\/v2\/pages\/30103"}],"collection":[{"href":"https:\/\/www.ipleiria.pt\/esadcr\/wp-json\/wp\/v2\/pages"}],"about":[{"href":"https:\/\/www.ipleiria.pt\/esadcr\/wp-json\/wp\/v2\/types\/page"}],"author":[{"embeddable":true,"href":"https:\/\/www.ipleiria.pt\/esadcr\/wp-json\/wp\/v2\/users\/5"}],"replies":[{"embeddable":true,"href":"https:\/\/www.ipleiria.pt\/esadcr\/wp-json\/wp\/v2\/comments?post=30103"}],"version-history":[{"count":15,"href":"https:\/\/www.ipleiria.pt\/esadcr\/wp-json\/wp\/v2\/pages\/30103\/revisions"}],"predecessor-version":[{"id":33763,"href":"https:\/\/www.ipleiria.pt\/esadcr\/wp-json\/wp\/v2\/pages\/30103\/revisions\/33763"}],"up":[{"embeddable":true,"href":"https:\/\/www.ipleiria.pt\/esadcr\/wp-json\/wp\/v2\/pages\/1401"}],"wp:featuredmedia":[{"embeddable":true,"href":"https:\/\/www.ipleiria.pt\/esadcr\/wp-json\/wp\/v2\/media\/30105"}],"wp:attachment":[{"href":"https:\/\/www.ipleiria.pt\/esadcr\/wp-json\/wp\/v2\/media?parent=30103"}],"curies":[{"name":"wp","href":"https:\/\/api.w.org\/{rel}","templated":true}]}}