{"id":34794,"date":"2025-08-28T10:22:53","date_gmt":"2025-08-28T10:22:53","guid":{"rendered":"https:\/\/www.ipleiria.pt\/esadcr\/?page_id=34794"},"modified":"2025-09-05T13:18:50","modified_gmt":"2025-09-05T13:18:50","slug":"bem-vindos-a-esad-cr-25-26","status":"publish","type":"page","link":"https:\/\/www.ipleiria.pt\/esadcr\/bem-vindos-a-esad-cr-25-26\/","title":{"rendered":"Bem-vindos \u00e0 ESAD.CR 25\/26"},"content":{"rendered":"\n<div class=\"wp-container-7 wp-block-columns\">\n<div class=\"wp-container-6 wp-block-column\">\n<figure class=\"wp-block-image size-large\"><img loading=\"lazy\" width=\"1131\" height=\"1415\" src=\"https:\/\/www.ipleiria.pt\/esadcr\/wp-content\/uploads\/sites\/17\/2025\/08\/esboc\u0327o-post-01-1131x1415.png\" alt=\"\" class=\"wp-image-34822\" srcset=\"https:\/\/www.ipleiria.pt\/esadcr\/wp-content\/uploads\/sites\/17\/2025\/08\/esboc\u0327o-post-01-1131x1415.png 1131w, https:\/\/www.ipleiria.pt\/esadcr\/wp-content\/uploads\/sites\/17\/2025\/08\/esboc\u0327o-post-01-240x300.png 240w, https:\/\/www.ipleiria.pt\/esadcr\/wp-content\/uploads\/sites\/17\/2025\/08\/esboc\u0327o-post-01-120x150.png 120w, https:\/\/www.ipleiria.pt\/esadcr\/wp-content\/uploads\/sites\/17\/2025\/08\/esboc\u0327o-post-01-768x961.png 768w, https:\/\/www.ipleiria.pt\/esadcr\/wp-content\/uploads\/sites\/17\/2025\/08\/esboc\u0327o-post-01-1228x1536.png 1228w, https:\/\/www.ipleiria.pt\/esadcr\/wp-content\/uploads\/sites\/17\/2025\/08\/esboc\u0327o-post-01-300x375.png 300w, https:\/\/www.ipleiria.pt\/esadcr\/wp-content\/uploads\/sites\/17\/2025\/08\/esboc\u0327o-post-01-312x390.png 312w, https:\/\/www.ipleiria.pt\/esadcr\/wp-content\/uploads\/sites\/17\/2025\/08\/esboc\u0327o-post-01-432x540.png 432w, https:\/\/www.ipleiria.pt\/esadcr\/wp-content\/uploads\/sites\/17\/2025\/08\/esboc\u0327o-post-01-220x275.png 220w, https:\/\/www.ipleiria.pt\/esadcr\/wp-content\/uploads\/sites\/17\/2025\/08\/esboc\u0327o-post-01-156x195.png 156w, https:\/\/www.ipleiria.pt\/esadcr\/wp-content\/uploads\/sites\/17\/2025\/08\/esboc\u0327o-post-01.png 1536w\" sizes=\"(max-width: 1131px) 100vw, 1131px\" \/><\/figure>\n\n\n\n<hr class=\"wp-block-separator has-alpha-channel-opacity\"\/>\n\n\n\n<figure class=\"wp-block-image size-large\"><img loading=\"lazy\" width=\"1415\" height=\"893\" src=\"https:\/\/www.ipleiria.pt\/esadcr\/wp-content\/uploads\/sites\/17\/2025\/08\/esboc\u0327o-post-01-12-1415x893.png\" alt=\"\" class=\"wp-image-34823\" srcset=\"https:\/\/www.ipleiria.pt\/esadcr\/wp-content\/uploads\/sites\/17\/2025\/08\/esboc\u0327o-post-01-12-1415x893.png 1415w, https:\/\/www.ipleiria.pt\/esadcr\/wp-content\/uploads\/sites\/17\/2025\/08\/esboc\u0327o-post-01-12-300x189.png 300w, https:\/\/www.ipleiria.pt\/esadcr\/wp-content\/uploads\/sites\/17\/2025\/08\/esboc\u0327o-post-01-12-150x95.png 150w, https:\/\/www.ipleiria.pt\/esadcr\/wp-content\/uploads\/sites\/17\/2025\/08\/esboc\u0327o-post-01-12-768x485.png 768w, https:\/\/www.ipleiria.pt\/esadcr\/wp-content\/uploads\/sites\/17\/2025\/08\/esboc\u0327o-post-01-12-390x246.png 390w, https:\/\/www.ipleiria.pt\/esadcr\/wp-content\/uploads\/sites\/17\/2025\/08\/esboc\u0327o-post-01-12-856x540.png 856w, https:\/\/www.ipleiria.pt\/esadcr\/wp-content\/uploads\/sites\/17\/2025\/08\/esboc\u0327o-post-01-12-436x275.png 436w, https:\/\/www.ipleiria.pt\/esadcr\/wp-content\/uploads\/sites\/17\/2025\/08\/esboc\u0327o-post-01-12-195x123.png 195w, https:\/\/www.ipleiria.pt\/esadcr\/wp-content\/uploads\/sites\/17\/2025\/08\/esboc\u0327o-post-01-12.png 1536w\" sizes=\"(max-width: 1415px) 100vw, 1415px\" \/><\/figure>\n\n\n\n<div style=\"height:30px\" aria-hidden=\"true\" class=\"wp-block-spacer\"><\/div>\n\n\n\n<div class=\"wp-container-3 wp-block-columns\">\n<div class=\"wp-container-1 wp-block-column\">\n<h4>Stands Informativos<br><strong>09h &gt; 17h<\/strong> \/\/ \u00c1trio do Audit\u00f3rio EP1<\/h4>\n\n\n\n<h4>Rece\u00e7\u00e3o aos Novos Estudantes<br><strong>10h<\/strong> \/\/ Underground<\/h4>\n\n\n\n<h4>Apresenta\u00e7\u00e3o do Curso pelo Coordenador de Ciclo de Estudos<br><strong>10h45<\/strong> \/\/ Underground<\/h4>\n\n\n\n<p><strong>TeSP <\/strong><br>Audiovisual e Multim\u00e9dia<br>Design para Media Digitais<br>Ilustra\u00e7\u00e3o e Produ\u00e7\u00e3o Gr\u00e1fica<br>Prototipagem Digital e Desenho 3D<br><\/p>\n\n\n\n<p><strong>Licenciaturas <\/strong><br>Artes Pl\u00e1sticas <br>Design Gr\u00e1fico e Multim\u00e9dia<br>Design Industrial<br>Design de Espa\u00e7os<br>Design de Produto \u2013 Cer\u00e2mica e Vidro<br>Programa\u00e7\u00e3o e Produ\u00e7\u00e3o Cultural<br>Som e Imagem<br>Teatro<br><\/p>\n\n\n\n<p><strong>Mestrados<\/strong><br>Artes do Som e da Imagem<br>Artes Pl\u00e1sticas<br>Design Gr\u00e1fico<br>Design de Produto<\/p>\n<\/div>\n\n\n\n<div class=\"wp-container-2 wp-block-column\">\n<h4>Visitas \u00e0 ESAD.CR<br><strong>14h30<\/strong> \/\/ \u00c1trio EP1<\/h4>\n\n\n\n<p>promovido pelo Grupo Acad\u00e9mico<\/p>\n\n\n\n<h4>Atua\u00e7\u00e3o Tomal\u00e1tuna<br><strong>16h<\/strong> \/\/ \u00c1trio EP1<\/h4>\n\n\n\n<h4>Cineclube.CR<br><strong>16h30<\/strong> \/\/ Entrada da Rece\u00e7\u00e3o EP1<\/h4>\n\n\n\n<h4>Rece\u00e7\u00e3o aos Novos Estudantes (P\u00f3s-Laboral)<br><strong>18h<\/strong> \/\/ \u00c1trio EP1<\/h4>\n\n\n\n<p><strong>TeSP <\/strong><br>Produ\u00e7\u00e3o Industrial e Desenvolvimento de Produto \u2013 Cer\u00e2mica e Vidro<\/p>\n\n\n\n<p><strong>Licenciaturas <\/strong><br>Design Gr\u00e1fico e Multim\u00e9dia<br><\/p>\n\n\n\n<p><strong>Mestrados<\/strong><br>Gest\u00e3o Cultural<\/p>\n<\/div>\n<\/div>\n\n\n\n<hr class=\"wp-block-separator has-alpha-channel-opacity\"\/>\n\n\n\n<div class=\"wp-container-5 wp-block-columns\">\n<div class=\"wp-container-4 wp-block-column\">\n<figure class=\"wp-block-image size-large\"><img loading=\"lazy\" width=\"1415\" height=\"893\" src=\"https:\/\/www.ipleiria.pt\/esadcr\/wp-content\/uploads\/sites\/17\/2025\/08\/esboc\u0327o-post-01-13-1415x893.png\" alt=\"\" class=\"wp-image-34826\" srcset=\"https:\/\/www.ipleiria.pt\/esadcr\/wp-content\/uploads\/sites\/17\/2025\/08\/esboc\u0327o-post-01-13-1415x893.png 1415w, https:\/\/www.ipleiria.pt\/esadcr\/wp-content\/uploads\/sites\/17\/2025\/08\/esboc\u0327o-post-01-13-300x189.png 300w, https:\/\/www.ipleiria.pt\/esadcr\/wp-content\/uploads\/sites\/17\/2025\/08\/esboc\u0327o-post-01-13-150x95.png 150w, https:\/\/www.ipleiria.pt\/esadcr\/wp-content\/uploads\/sites\/17\/2025\/08\/esboc\u0327o-post-01-13-768x485.png 768w, https:\/\/www.ipleiria.pt\/esadcr\/wp-content\/uploads\/sites\/17\/2025\/08\/esboc\u0327o-post-01-13-390x246.png 390w, https:\/\/www.ipleiria.pt\/esadcr\/wp-content\/uploads\/sites\/17\/2025\/08\/esboc\u0327o-post-01-13-856x540.png 856w, https:\/\/www.ipleiria.pt\/esadcr\/wp-content\/uploads\/sites\/17\/2025\/08\/esboc\u0327o-post-01-13-436x275.png 436w, https:\/\/www.ipleiria.pt\/esadcr\/wp-content\/uploads\/sites\/17\/2025\/08\/esboc\u0327o-post-01-13-195x123.png 195w, https:\/\/www.ipleiria.pt\/esadcr\/wp-content\/uploads\/sites\/17\/2025\/08\/esboc\u0327o-post-01-13.png 1536w\" sizes=\"(max-width: 1415px) 100vw, 1415px\" \/><\/figure>\n\n\n\n<div style=\"height:30px\" aria-hidden=\"true\" class=\"wp-block-spacer\"><\/div>\n\n\n\n<h4><strong>18h30 &gt; 20h30<\/strong> \/\/ Underground<\/h4>\n\n\n\n<h3><br>&gt; <strong>Bazofia Angelical<\/strong> (Tiago Paiva &amp; Leonor Dias)<br>&gt; <strong>DJ\u00b4s Som &amp; Imagem<\/strong> (Lua Malvar &amp; Ema Canelas)<br>&gt; <strong>DJ\u00b4s Santos Fora D\u2019Horas<\/strong> (Guilherme Rocha &amp; David Santo Tirso)<br>&gt; <strong>CONSTELA\u00c7\u00c3ONORTENHA<\/strong> (David Pinto + Miguel Costa)<\/h3>\n<\/div>\n<\/div>\n\n\n\n<hr class=\"wp-block-separator has-alpha-channel-opacity\"\/>\n\n\n\n<h4>Links \u00fateis<\/h4>\n\n\n\n<p><a href=\"https:\/\/inforestudante.ipleiria.pt\/nonio\/security\/login.do\" target=\"_blank\" rel=\"noreferrer noopener\">Hor\u00e1rios 2025\/2026<\/a><\/p>\n\n\n\n<p><a rel=\"noreferrer noopener\" href=\"https:\/\/www.ipleiria.pt\/esadcr\/2023\/09\/04\/calendario-academico-2023-2024\/\" target=\"_blank\">Calend\u00e1rio acad\u00e9mico 2025\/2026<\/a><\/p>\n\n\n\n<p><a rel=\"noreferrer noopener\" href=\"https:\/\/www.ipleiria.pt\/esadcr\/wp-content\/uploads\/sites\/17\/2025\/08\/Mapa-Servic\u0327os-ESAD.CR-2025_26.pdf\" target=\"_blank\">Mapa Escola &#8211; 2025\/2026<\/a><\/p>\n\n\n\n<p><a rel=\"noreferrer noopener\" href=\"https:\/\/www.ipleiria.pt\/esadcr\/wp-content\/uploads\/sites\/17\/2025\/08\/MAPA-C-EDIFICIOS2526ESADCR_web.pdf\" target=\"_blank\">Mapa &#8211; Caldas da Rainha<\/a><\/p>\n\n\n\n<p><a href=\"https:\/\/www.ipleiria.pt\/bem-vindos-ao-politecnico-de-leiria-2025-2026\/\" target=\"_blank\" rel=\"noreferrer noopener\">Novos Estudantes IPLeiria 2025\/2026<\/a><\/p>\n\n\n\n<p><a href=\"https:\/\/www.ipleiria.pt\/viver\/sucesso-academico\/acesso-a-plataformas\/\" target=\"_blank\" rel=\"noreferrer noopener\">Acesso a Plataformas<\/a><\/p>\n\n\n\n<p><a href=\"https:\/\/www.ipleiria.pt\/esadcr\/estudantes\/estagios\/\" target=\"_blank\" rel=\"noreferrer noopener\">Gabinete de Apoio ao Estudante, Est\u00e1gios e Projetos<\/a><\/p>\n\n\n\n<p><a rel=\"noreferrer noopener\" href=\"https:\/\/www.ipleiria.pt\/viver\/servicos\/centro-apoio-estudante\/\" target=\"_blank\">Centro de Apoio ao Estudante<\/a><\/p>\n\n\n\n<p><a rel=\"noreferrer noopener\" href=\"https:\/\/www.ipleiria.pt\/viver\/provedor-do-estudante\/gabinete-do-provedor-do-estudante\/\" target=\"_blank\">Provedor do Estudante<\/a><\/p>\n<\/div>\n<\/div>\n","protected":false},"excerpt":{"rendered":"Stands Informativos09h &gt; 17h \/\/ \u00c1trio do Audit\u00f3rio EP1 Rece\u00e7\u00e3o aos Novos Estudantes10h \/\/ Underground Apresenta\u00e7\u00e3o do Curso pelo Coordenador de Ciclo de Estudos10h45 \/\/ Underground TeSP Audiovisual e Multim\u00e9diaDesign para Media DigitaisIlustra\u00e7\u00e3o e Produ\u00e7\u00e3o Gr\u00e1ficaPrototipagem Digital e Desenho 3D Licenciaturas Artes Pl\u00e1sticas Design Gr\u00e1fico e Multim\u00e9diaDesign IndustrialDesign de Espa\u00e7osDesign de Produto \u2013 Cer\u00e2mica e [&hellip;]","protected":false},"author":5,"featured_media":0,"parent":0,"menu_order":0,"comment_status":"closed","ping_status":"closed","template":"","meta":{"multilingual_post_translation":"{\"en-GB\":{\"url\":\"https:\/\/www.ipleiria.pt\/esadcr-en\/welcome-to-esad-cr-25-26\/\",\"postID\":null,\"postTitle\":\"\",\"siteID\":22,\"customURL\":true,\"languageInfo\":{\"multilingual_site_api_url\":\"https:\/\/www.ipleiria.pt\/esadcr-en\/wp-json\/\",\"name\":\"English\",\"locale\":\"en_GB\"}}}","custompostfields_banners":"34797","custompostfields_post-association_course-gallery":[]},"_links":{"self":[{"href":"https:\/\/www.ipleiria.pt\/esadcr\/wp-json\/wp\/v2\/pages\/34794"}],"collection":[{"href":"https:\/\/www.ipleiria.pt\/esadcr\/wp-json\/wp\/v2\/pages"}],"about":[{"href":"https:\/\/www.ipleiria.pt\/esadcr\/wp-json\/wp\/v2\/types\/page"}],"author":[{"embeddable":true,"href":"https:\/\/www.ipleiria.pt\/esadcr\/wp-json\/wp\/v2\/users\/5"}],"replies":[{"embeddable":true,"href":"https:\/\/www.ipleiria.pt\/esadcr\/wp-json\/wp\/v2\/comments?post=34794"}],"version-history":[{"count":29,"href":"https:\/\/www.ipleiria.pt\/esadcr\/wp-json\/wp\/v2\/pages\/34794\/revisions"}],"predecessor-version":[{"id":34889,"href":"https:\/\/www.ipleiria.pt\/esadcr\/wp-json\/wp\/v2\/pages\/34794\/revisions\/34889"}],"wp:attachment":[{"href":"https:\/\/www.ipleiria.pt\/esadcr\/wp-json\/wp\/v2\/media?parent=34794"}],"curies":[{"name":"wp","href":"https:\/\/api.w.org\/{rel}","templated":true}]}}