{"id":4493,"date":"2019-09-11T12:28:57","date_gmt":"2019-09-11T11:28:57","guid":{"rendered":"https:\/\/www.ipleiria.pt\/esadcr\/?page_id=4493"},"modified":"2020-11-26T09:42:49","modified_gmt":"2020-11-26T09:42:49","slug":"associacao-de-estudantes","status":"publish","type":"page","link":"https:\/\/www.ipleiria.pt\/esadcr\/estudantes\/associacao-de-estudantes\/","title":{"rendered":"AE \u2013Associa\u00e7\u00e3o de Estudantes da ESAD.CR"},"content":{"rendered":"\n<h2>AE \u2013Associa\u00e7\u00e3o de Estudantes da ESAD.CR<\/h2>\n\n\n\n<div class=\"wp-container-3 wp-block-columns\">\n<div class=\"wp-container-1 wp-block-column\" style=\"flex-basis:50%\">\n<figure class=\"wp-block-image size-large\"><img src=\"https:\/\/www.ipleiria.pt\/esadcr\/wp-content\/uploads\/sites\/17\/2019\/09\/logoae-1024x1024.png\" alt=\"\" class=\"wp-image-4487\" height=\"NaN\" srcset=\"https:\/\/www.ipleiria.pt\/esadcr\/wp-content\/uploads\/sites\/17\/2019\/09\/logoae-1024x1024.png 1024w, https:\/\/www.ipleiria.pt\/esadcr\/wp-content\/uploads\/sites\/17\/2019\/09\/logoae-150x150.png 150w, https:\/\/www.ipleiria.pt\/esadcr\/wp-content\/uploads\/sites\/17\/2019\/09\/logoae-300x300.png 300w, https:\/\/www.ipleiria.pt\/esadcr\/wp-content\/uploads\/sites\/17\/2019\/09\/logoae-768x768.png 768w, https:\/\/www.ipleiria.pt\/esadcr\/wp-content\/uploads\/sites\/17\/2019\/09\/logoae-255x255.png 255w, https:\/\/www.ipleiria.pt\/esadcr\/wp-content\/uploads\/sites\/17\/2019\/09\/logoae-390x390.png 390w, https:\/\/www.ipleiria.pt\/esadcr\/wp-content\/uploads\/sites\/17\/2019\/09\/logoae-540x540.png 540w, https:\/\/www.ipleiria.pt\/esadcr\/wp-content\/uploads\/sites\/17\/2019\/09\/logoae-275x275.png 275w, https:\/\/www.ipleiria.pt\/esadcr\/wp-content\/uploads\/sites\/17\/2019\/09\/logoae-195x195.png 195w, https:\/\/www.ipleiria.pt\/esadcr\/wp-content\/uploads\/sites\/17\/2019\/09\/logoae.png 1371w\" sizes=\"(max-width: 1024px) 100vw, 1024px\" \/><\/figure>\n<\/div>\n\n\n\n<div class=\"wp-container-2 wp-block-column\" style=\"flex-basis:50%\">\n<p>A AESAD.CR, Associa\u00e7\u00e3o de Estudantes da Escola Superior de Artes e Design de Caldas da Rainha, foi fundada dia 20 de Maio de 1998 com o nome AESTGAD (nome antigo da Institui\u00e7\u00e3o) e tem como \u00e2mbito a defesa dos direitos e interesses dos Estudantes da ESAD.CR. Compete-nos analisar os assuntos pedag\u00f3gicos ou administrativos, bem como, aspectos que ocorram no percurso acad\u00e9mico.<br>\nMesmo sendo uma Associa\u00e7\u00e3o Estudantil com algum tempo de atividade tem vindo a afirmar-se ultimamente como uma associa\u00e7\u00e3o com um papel preponderante, no \u00e2mbito ao qual se prop\u00f4s aquando da sua funda\u00e7\u00e3o, sendo hoje uma associa\u00e7\u00e3o mais cred\u00edvel e respeit\u00e1vel.<\/p>\n\n\n\n<p>Aos 18 anos a AE nasce com uma imagem renovada e com um espa\u00e7o que permite diversas utiliza\u00e7\u00f5es por parte dos estudantes. <\/p>\n\n\n\n<p>A integra\u00e7\u00e3o dos novos alunos \u00e9 um papel fundamental, mas nem tudo se resumo a festas. Existe atividades culturais\/desportivas que apoiamos e incentivamos os estudantes a criarem projetos para dinamizar o semestre, a escola e a pr\u00f3pria cidade.<\/p>\n\n\n\n<p><\/p>\n\n\n\n<p><a aria-label=\"P\u00e1gina Facebook (opens in a new tab)\" href=\"https:\/\/www.facebook.com\/aesadcr\/\" target=\"_blank\" rel=\"noreferrer noopener\">P\u00e1gina de<\/a><a aria-label=\"P\u00e1gina Facebook (opens in a new tab)\" href=\"https:\/\/www.facebook.com\/aesadcr\/\" target=\"_blank\" rel=\"noreferrer noopener\"> <\/a><a aria-label=\"P\u00e1gina Facebook (opens in a new tab)\" href=\"https:\/\/www.facebook.com\/aesadcr\/\" target=\"_blank\" rel=\"noreferrer noopener\">Facebook<\/a><\/p>\n<\/div>\n<\/div>\n","protected":false},"excerpt":{"rendered":"AE \u2013Associa\u00e7\u00e3o de Estudantes da ESAD.CR A AESAD.CR, Associa\u00e7\u00e3o de Estudantes da Escola Superior de Artes e Design de Caldas da Rainha, foi fundada dia 20 de Maio de 1998 com o nome AESTGAD (nome antigo da Institui\u00e7\u00e3o) e tem como \u00e2mbito a defesa dos direitos e interesses dos Estudantes da ESAD.CR. Compete-nos analisar os [&hellip;]","protected":false},"author":14,"featured_media":0,"parent":48,"menu_order":30,"comment_status":"closed","ping_status":"closed","template":"","meta":{"multilingual_post_translation":"","custompostfields_banners":"","custompostfields_post-association_course-gallery":[]},"_links":{"self":[{"href":"https:\/\/www.ipleiria.pt\/esadcr\/wp-json\/wp\/v2\/pages\/4493"}],"collection":[{"href":"https:\/\/www.ipleiria.pt\/esadcr\/wp-json\/wp\/v2\/pages"}],"about":[{"href":"https:\/\/www.ipleiria.pt\/esadcr\/wp-json\/wp\/v2\/types\/page"}],"author":[{"embeddable":true,"href":"https:\/\/www.ipleiria.pt\/esadcr\/wp-json\/wp\/v2\/users\/14"}],"replies":[{"embeddable":true,"href":"https:\/\/www.ipleiria.pt\/esadcr\/wp-json\/wp\/v2\/comments?post=4493"}],"version-history":[{"count":6,"href":"https:\/\/www.ipleiria.pt\/esadcr\/wp-json\/wp\/v2\/pages\/4493\/revisions"}],"predecessor-version":[{"id":9968,"href":"https:\/\/www.ipleiria.pt\/esadcr\/wp-json\/wp\/v2\/pages\/4493\/revisions\/9968"}],"up":[{"embeddable":true,"href":"https:\/\/www.ipleiria.pt\/esadcr\/wp-json\/wp\/v2\/pages\/48"}],"wp:attachment":[{"href":"https:\/\/www.ipleiria.pt\/esadcr\/wp-json\/wp\/v2\/media?parent=4493"}],"curies":[{"name":"wp","href":"https:\/\/api.w.org\/{rel}","templated":true}]}}

AE –Associação de Estudantes da ESAD.CR

<h2>AE –Associação de Estudantes da ESAD.CR</h2>



<div class="wp-container-3 wp-block-columns">
<div class="wp-container-1 wp-block-column" style="flex-basis:50%">
<figure class="wp-block-image size-large"><img src="https://www.ipleiria.pt/esadcr/wp-content/uploads/sites/17/2019/09/logoae-1024x1024.png" alt="" class="wp-image-4487" height="NaN" srcset="https://www.ipleiria.pt/esadcr/wp-content/uploads/sites/17/2019/09/logoae-1024x1024.png 1024w, https://www.ipleiria.pt/esadcr/wp-content/uploads/sites/17/2019/09/logoae-150x150.png 150w, https://www.ipleiria.pt/esadcr/wp-content/uploads/sites/17/2019/09/logoae-300x300.png 300w, https://www.ipleiria.pt/esadcr/wp-content/uploads/sites/17/2019/09/logoae-768x768.png 768w, https://www.ipleiria.pt/esadcr/wp-content/uploads/sites/17/2019/09/logoae-255x255.png 255w, https://www.ipleiria.pt/esadcr/wp-content/uploads/sites/17/2019/09/logoae-390x390.png 390w, https://www.ipleiria.pt/esadcr/wp-content/uploads/sites/17/2019/09/logoae-540x540.png 540w, https://www.ipleiria.pt/esadcr/wp-content/uploads/sites/17/2019/09/logoae-275x275.png 275w, https://www.ipleiria.pt/esadcr/wp-content/uploads/sites/17/2019/09/logoae-195x195.png 195w, https://www.ipleiria.pt/esadcr/wp-content/uploads/sites/17/2019/09/logoae.png 1371w" sizes="(max-width: 1024px) 100vw, 1024px" /></figure>
</div>



<div class="wp-container-2 wp-block-column" style="flex-basis:50%">
<p>A AESAD.CR, Associação de Estudantes da Escola Superior de Artes e Design de Caldas da Rainha, foi fundada dia 20 de Maio de 1998 com o nome AESTGAD (nome antigo da Instituição) e tem como âmbito a defesa dos direitos e interesses dos Estudantes da ESAD.CR. Compete-nos analisar os assuntos pedagógicos ou administrativos, bem como, aspectos que ocorram no percurso académico.<br>
Mesmo sendo uma Associação Estudantil com algum tempo de atividade tem vindo a afirmar-se ultimamente como uma associação com um papel preponderante, no âmbito ao qual se propôs aquando da sua fundação, sendo hoje uma associação mais credível e respeitável.</p>



<p>Aos 18 anos a AE nasce com uma imagem renovada e com um espaço que permite diversas utilizações por parte dos estudantes. </p>



<p>A integração dos novos alunos é um papel fundamental, mas nem tudo se resumo a festas. Existe atividades culturais/desportivas que apoiamos e incentivamos os estudantes a criarem projetos para dinamizar o semestre, a escola e a própria cidade.</p>



<p></p>



<p><a aria-label="Página Facebook (opens in a new tab)" href="https://www.facebook.com/aesadcr/" target="_blank" rel="noreferrer noopener">Página de</a><a aria-label="Página Facebook (opens in a new tab)" href="https://www.facebook.com/aesadcr/" target="_blank" rel="noreferrer noopener"> </a><a aria-label="Página Facebook (opens in a new tab)" href="https://www.facebook.com/aesadcr/" target="_blank" rel="noreferrer noopener">Facebook</a></p>
</div>
</div>

AE –Associação de Estudantes da ESAD.CR A AESAD.CR, Associação de Estudantes da Escola Superior de Artes e Design de Caldas da Rainha, foi fundada dia 20 de Maio de 1998 com o nome AESTGAD (nome antigo da Instituição) e tem como âmbito a defesa dos direitos e interesses dos Estudantes da ESAD.CR. Compete-nos analisar os [&hellip;]
