{"id":4274,"date":"2022-09-23T09:38:45","date_gmt":"2022-09-23T09:38:45","guid":{"rendered":"https:\/\/www.ipleiria.pt\/estg\/?page_id=4274"},"modified":"2026-03-13T14:48:28","modified_gmt":"2026-03-13T14:48:28","slug":"noticias-de-id","status":"publish","type":"page","link":"https:\/\/www.ipleiria.pt\/estg\/investigar-topo\/investigacao\/noticias-de-id\/","title":{"rendered":"Not\u00edcias de I&#038;D"},"content":{"rendered":"\n<p class=\"is-style-theme-subtitle\">I&amp;D<\/p>\n\n\n\n<p class=\"is-style-theme-title\">Not\u00edcias<\/p>\n\n\n\n<div style=\"height:40px\" aria-hidden=\"true\" class=\"wp-block-spacer\"><\/div>\n\n\n\n<div id=\"gbc-40fb3d-9c\" class=\"wp-block-pt-ipleiria-ued-wp-theme-ipleiria-gutenbergblocks-container gbc gbc-view row-valign-top align-none\"><div class=\"gbc-background-overlay gbc-background-overlay-normal\" style=\"opacity:0.3\"><\/div><div class=\"gbc-wrapper\" style=\"padding-left:30;padding-right:30;padding-top:0px;padding-bottom:30px\"><div id=\"gbc-container-gbc-40fb3d-9c\" class=\"inner-container container\">            <div class=\"main-content\">\n                <div class=\"\">\n                    \n                    <ul class=\"posts news no-bullets pages-list\" style=\"grid-template-columns: repeat(auto-fill,minmax(270px, 1fr));\">\n                                                                                                                                                                                                                                                                                                                                                                                                                                                                                                                                                                                    <li id=\"post-8246\" class=\"post page-list-item\" style=\"\">\n                                <a href=\"https:\/\/www.ipleiria.pt\/estg\/2024\/12\/09\/o-poder-da-disponibilizacao-dos-dados-abertos-casos-de-sucesso-e-licoes-aprendidas-11-12-2024-das-16h00-as-17h10\/\"  class=\"block entry-link m-0 no-icon page-item-link\" style=\"padding-top: 100%;\" aria-roledescription=\"Liga\u00e7\u00e3o para not\u00edcia\" aria-labelledby=\"post-title-8246\">\n                                                                                                                                                                                                                    <span class=\"block page-item-thumbnail-wrapper\"><img loading=\"lazy\" width=\"358\" height=\"358\" class=\"block entry-thumbnail page-item-thumbnail m-0\" alt=\"\" src=\"https:\/\/www.ipleiria.pt\/estg\/wp-content\/uploads\/sites\/32\/2024\/12\/webinar-_destaque_11_12_2024.jpg\"><\/span>\n                                                                                                                                                            <div class=\"block page-item-title\">\n                                        <h3 id=\"post-title-8246\" aria-hidden=\"true\" role=\"presentation\" class=\"block entry-title has-dark-title-text-color-color\" style=\"font-size: 1.2rem;text-transform: none;\">O poder da disponibiliza\u00e7\u00e3o dos dados abertos: casos de sucesso e li\u00e7\u00f5es aprendidas &#8211; 11\/12\/2024, das 16h00 \u00e0s 17h10<\/h3>\n                                    <\/div>\n                                <\/a>\n                            <\/li>\n                                                                                                                                                                                                                                                                                                                                                                                                                                                                                                                                                                                    <li id=\"post-8136\" class=\"post page-list-item\" style=\"\">\n                                <a href=\"https:\/\/www.ipleiria.pt\/premio\/estudante-da-estg-recebe-premio-jovem-cientista-da-uniao-internacional-de-radio-ciencia\/\"  class=\"block entry-link m-0 no-icon page-item-link\" style=\"padding-top: 100%;\" aria-roledescription=\"Liga\u00e7\u00e3o para not\u00edcia\" aria-labelledby=\"post-title-8136\">\n                                                                                                                                                                                                                    <span class=\"block page-item-thumbnail-wrapper\"><img loading=\"lazy\" width=\"358\" height=\"358\" class=\"block entry-thumbnail page-item-thumbnail m-0\" alt=\"\" src=\"https:\/\/www.ipleiria.pt\/estg\/wp-content\/uploads\/sites\/32\/2024\/12\/JovemCientista_destaque.png\"><\/span>\n                                                                                                                                                            <div class=\"block page-item-title\">\n                                        <h3 id=\"post-title-8136\" aria-hidden=\"true\" role=\"presentation\" class=\"block entry-title has-dark-title-text-color-color\" style=\"font-size: 1.2rem;text-transform: none;\">Estudante do Polit\u00e9cnico de Leiria Recebe Pr\u00e9mio Jovem Cientista\u00a0da Uni\u00e3o Internacional de R\u00e1dio Ci\u00eancia<\/h3>\n                                    <\/div>\n                                <\/a>\n                            <\/li>\n                                                                                                                                                                                                                                                                                                                                                                                                                                                                                                                                                                                    <li id=\"post-8116\" class=\"post page-list-item\" style=\"\">\n                                <a href=\"https:\/\/www.ipleiria.pt\/estg\/2024\/12\/03\/mooc-massive-open-online-course\/\"  class=\"block entry-link m-0 no-icon page-item-link\" style=\"padding-top: 100%;\" aria-roledescription=\"Liga\u00e7\u00e3o para not\u00edcia\" aria-labelledby=\"post-title-8116\">\n                                                                                                                                                                                                                    <span class=\"block page-item-thumbnail-wrapper\"><img loading=\"lazy\" width=\"358\" height=\"358\" class=\"block entry-thumbnail page-item-thumbnail m-0\" alt=\"\" src=\"https:\/\/www.ipleiria.pt\/estg\/wp-content\/uploads\/sites\/32\/2024\/12\/NAU_destaque.png\"><\/span>\n                                                                                                                                                            <div class=\"block page-item-title\">\n                                        <h3 id=\"post-title-8116\" aria-hidden=\"true\" role=\"presentation\" class=\"block entry-title has-dark-title-text-color-color\" style=\"font-size: 1.2rem;text-transform: none;\">MOOC (Massive Open Online Course)<\/h3>\n                                    <\/div>\n                                <\/a>\n                            <\/li>\n                                                                                                                                                                                                                                                                                                                                                                                                                                                                                                                                                                                    <li id=\"post-4521\" class=\"post page-list-item\" style=\"\">\n                                <a href=\"https:\/\/www.ipleiria.pt\/estg\/2022\/10\/06\/estao-abertas-as-candidaturas-ao-instrumento-hop-on-do-programa-widening-do-horizonte-europa\/\"  class=\"block entry-link m-0 no-icon page-item-link\" style=\"padding-top: 100%;\" aria-roledescription=\"Liga\u00e7\u00e3o para not\u00edcia\" aria-labelledby=\"post-title-4521\">\n                                                                                                                                                                                                                    <span class=\"block page-item-thumbnail-wrapper\"><img loading=\"lazy\" width=\"358\" height=\"358\" class=\"block entry-thumbnail page-item-thumbnail m-0\" alt=\"\" src=\"https:\/\/www.ipleiria.pt\/estg\/wp-content\/uploads\/sites\/32\/2022\/10\/destaque_HorizonEurope.png\"><\/span>\n                                                                                                                                                            <div class=\"block page-item-title\">\n                                        <h3 id=\"post-title-4521\" aria-hidden=\"true\" role=\"presentation\" class=\"block entry-title has-dark-title-text-color-color\" style=\"font-size: 1.2rem;text-transform: none;\">Candidaturas ao instrumento HOP-ON, Programa Widening<\/h3>\n                                    <\/div>\n                                <\/a>\n                            <\/li>\n                                            <\/ul>\n                    <div class=\"clearfix\"><\/div>\n                <\/div>\n            <\/div>\n<script>\n(function () {\n    if (\"ontouchstart\" in document.documentElement && \"querySelectorAll\" in document) {\n        window.addEventListener('DOMContentLoaded', function(){\n            var articlesLinks = document.querySelectorAll('.IPLeiria .news.pages-list a.page-item-link');\n            articlesLinks.forEach(function(articleLink){\n                articleLink.addEventListener('contextmenu', function(e){\n                    e.preventDefault();\n                    e.stopPropagation();\n                    e.stopImmediatePropagation();\n                    return false;\n                });\n            });\n        });\n    }\n})();\n<\/script>\n<noscript>\n<span class=\"d-none\">Sem suporte para JavaScript<\/span>\n<\/noscript>\n        \n\n\n<div style=\"height:10px\" aria-hidden=\"true\" class=\"wp-block-spacer\"><\/div>\n<\/div><\/div><\/div>\n\n\n\n<hr class=\"wp-block-separator has-alpha-channel-opacity\"\/>\n\n\n\n<div class=\"wp-container-3 wp-block-columns\">\n<div class=\"wp-container-1 wp-block-column\" style=\"flex-basis:33.33%\">\n<p class=\"is-style-theme-subtitle\">Outras<\/p>\n\n\n\n<p class=\"is-style-theme-title\">Not\u00edcias<\/p>\n<\/div>\n\n\n\n<div class=\"wp-container-2 wp-block-column\">\n<div style=\"height:20px\" aria-hidden=\"true\" class=\"wp-block-spacer\"><\/div>\n\n\n<\/div>\n<\/div>\n\n\n\n<div style=\"height:60px\" aria-hidden=\"true\" class=\"wp-block-spacer\"><\/div>\n\n\n\n<div class=\"wp-container-4 wp-block-buttons\">\n<div class=\"wp-block-button aligncenter is-style-theme-button-outline\"><a class=\"wp-block-button__link\" href=\"https:\/\/www.ipleiria.pt\/arquivo\/category\/estg\/\" target=\"_blank\" rel=\"noreferrer noopener\">Mais Not\u00edcias<\/a><\/div>\n<\/div>\n","protected":false},"excerpt":{"rendered":"I&amp;D Not\u00edcias Outras Not\u00edcias","protected":false},"author":83,"featured_media":4797,"parent":451,"menu_order":1,"comment_status":"closed","ping_status":"closed","template":"","meta":{"custompostfields_banners":"11118"},"_links":{"self":[{"href":"https:\/\/www.ipleiria.pt\/estg\/wp-json\/wp\/v2\/pages\/4274"}],"collection":[{"href":"https:\/\/www.ipleiria.pt\/estg\/wp-json\/wp\/v2\/pages"}],"about":[{"href":"https:\/\/www.ipleiria.pt\/estg\/wp-json\/wp\/v2\/types\/page"}],"author":[{"embeddable":true,"href":"https:\/\/www.ipleiria.pt\/estg\/wp-json\/wp\/v2\/users\/83"}],"replies":[{"embeddable":true,"href":"https:\/\/www.ipleiria.pt\/estg\/wp-json\/wp\/v2\/comments?post=4274"}],"version-history":[{"count":20,"href":"https:\/\/www.ipleiria.pt\/estg\/wp-json\/wp\/v2\/pages\/4274\/revisions"}],"predecessor-version":[{"id":12785,"href":"https:\/\/www.ipleiria.pt\/estg\/wp-json\/wp\/v2\/pages\/4274\/revisions\/12785"}],"up":[{"embeddable":true,"href":"https:\/\/www.ipleiria.pt\/estg\/wp-json\/wp\/v2\/pages\/451"}],"wp:featuredmedia":[{"embeddable":true,"href":"https:\/\/www.ipleiria.pt\/estg\/wp-json\/wp\/v2\/media\/4797"}],"wp:attachment":[{"href":"https:\/\/www.ipleiria.pt\/estg\/wp-json\/wp\/v2\/media?parent=4274"}],"curies":[{"name":"wp","href":"https:\/\/api.w.org\/{rel}","templated":true}]}}