{"id":4291,"date":"2022-09-23T09:58:59","date_gmt":"2022-09-23T09:58:59","guid":{"rendered":"https:\/\/www.ipleiria.pt\/estg\/?page_id=4291"},"modified":"2025-01-20T17:00:57","modified_gmt":"2025-01-20T17:00:57","slug":"concursos-abertos","status":"publish","type":"page","link":"https:\/\/www.ipleiria.pt\/estg\/investigar-topo\/bolsas-de-idi\/concursos-abertos\/","title":{"rendered":"Concursos Abertos"},"content":{"rendered":"\n<p class=\"is-style-theme-subtitle\">BOLSA DE INVESTIGA\u00c7\u00c3O<\/p>\n\n\n\n<div class=\"wp-container-4 wp-block-columns\">\n<div class=\"wp-container-2 wp-block-column\">\n<h2 class=\"is-style-theme-title\" id=\"concursos-abertos\">Concursos abertos<\/h2>\n\n\n\n<p class=\"is-style-theme-default-title has-normal-font-size\">Interessado numa Bolsa de Investiga\u00e7\u00e3o (BI)?<\/p>\n\n\n\n<p class=\"is-style-theme-default-title has-normal-font-size\">Temos v\u00e1rios concursos dispon\u00edveis para consulta nas mais diversas \u00e1reas, os quais podes analisar e verificar qual o que melhor se encaixa no teu perfil.<\/p>\n\n\n\n<p class=\"is-style-theme-default-title has-normal-font-size\">Queres concorrer? <\/p>\n\n\n\n<div class=\"wp-container-1 wp-block-buttons\">\n<div class=\"wp-block-button is-style-theme-button-solid\"><a class=\"wp-block-button__link\" href=\"https:\/\/www.ipleiria.pt\/investigar\/bolsas-idi\/concursos-abertos\/#legislao\" target=\"_blank\" rel=\"noreferrer noopener\">Concursos<\/a><\/div>\n<\/div>\n<\/div>\n\n\n\n<div class=\"wp-container-3 wp-block-column\">\n<figure class=\"wp-block-image size-full\"><img loading=\"lazy\" width=\"1024\" height=\"683\" src=\"https:\/\/www.ipleiria.pt\/estg\/wp-content\/uploads\/sites\/32\/2022\/09\/candidatar_bolsas.jpg\" alt=\"\" class=\"wp-image-4309\" srcset=\"https:\/\/www.ipleiria.pt\/estg\/wp-content\/uploads\/sites\/32\/2022\/09\/candidatar_bolsas.jpg 1024w, https:\/\/www.ipleiria.pt\/estg\/wp-content\/uploads\/sites\/32\/2022\/09\/candidatar_bolsas-300x200.jpg 300w, https:\/\/www.ipleiria.pt\/estg\/wp-content\/uploads\/sites\/32\/2022\/09\/candidatar_bolsas-768x512.jpg 768w\" sizes=\"(max-width: 1024px) 100vw, 1024px\" \/><\/figure>\n<\/div>\n<\/div>\n\n\n\n<div style=\"height:50px\" aria-hidden=\"true\" class=\"wp-block-spacer\"><\/div>\n","protected":false},"excerpt":{"rendered":"BOLSA DE INVESTIGA\u00c7\u00c3O Concursos abertos Interessado numa Bolsa de Investiga\u00e7\u00e3o (BI)? Temos v\u00e1rios concursos dispon\u00edveis para consulta nas mais diversas \u00e1reas, os quais podes analisar e verificar qual o que melhor se encaixa no teu perfil. Queres concorrer?","protected":false},"author":83,"featured_media":5198,"parent":4284,"menu_order":3,"comment_status":"closed","ping_status":"closed","template":"","meta":{"custompostfields_banners":""},"_links":{"self":[{"href":"https:\/\/www.ipleiria.pt\/estg\/wp-json\/wp\/v2\/pages\/4291"}],"collection":[{"href":"https:\/\/www.ipleiria.pt\/estg\/wp-json\/wp\/v2\/pages"}],"about":[{"href":"https:\/\/www.ipleiria.pt\/estg\/wp-json\/wp\/v2\/types\/page"}],"author":[{"embeddable":true,"href":"https:\/\/www.ipleiria.pt\/estg\/wp-json\/wp\/v2\/users\/83"}],"replies":[{"embeddable":true,"href":"https:\/\/www.ipleiria.pt\/estg\/wp-json\/wp\/v2\/comments?post=4291"}],"version-history":[{"count":10,"href":"https:\/\/www.ipleiria.pt\/estg\/wp-json\/wp\/v2\/pages\/4291\/revisions"}],"predecessor-version":[{"id":9029,"href":"https:\/\/www.ipleiria.pt\/estg\/wp-json\/wp\/v2\/pages\/4291\/revisions\/9029"}],"up":[{"embeddable":true,"href":"https:\/\/www.ipleiria.pt\/estg\/wp-json\/wp\/v2\/pages\/4284"}],"wp:featuredmedia":[{"embeddable":true,"href":"https:\/\/www.ipleiria.pt\/estg\/wp-json\/wp\/v2\/media\/5198"}],"wp:attachment":[{"href":"https:\/\/www.ipleiria.pt\/estg\/wp-json\/wp\/v2\/media?parent=4291"}],"curies":[{"name":"wp","href":"https:\/\/api.w.org\/{rel}","templated":true}]}}