{"id":523,"date":"2021-10-22T11:16:14","date_gmt":"2021-10-22T11:16:14","guid":{"rendered":"https:\/\/www.ipleiria.pt\/esecs\/?page_id=523"},"modified":"2026-03-04T15:59:46","modified_gmt":"2026-03-04T15:59:46","slug":"legislacao","status":"publish","type":"page","link":"https:\/\/www.ipleiria.pt\/estg\/escola\/informacoes\/legislacao\/","title":{"rendered":"Legisla\u00e7\u00e3o"},"content":{"rendered":"\n<p class=\"is-style-theme-subtitle\">ESTG<\/p>\n\n\n\n<h2 class=\"is-style-theme-title\">Legisla\u00e7\u00e3o<\/h2>\n\n\n\n<div style=\"height:25px\" aria-hidden=\"true\" class=\"wp-block-spacer\"><\/div>\n\n\n\n<p><a href=\"https:\/\/files.diariodarepublica.pt\/2s\/2025\/11\/223000000\/0016200193.pdf\" target=\"_blank\" rel=\"noreferrer noopener\">Estatutos da ESTG<\/a><\/p>\n\n\n\n<p><a rel=\"noreferrer noopener\" href=\"https:\/\/www.ipleiria.pt\/estg\/wp-content\/uploads\/sites\/32\/2022\/05\/RPSD_93142015.pdf\" target=\"_blank\">Regulamento de Presta\u00e7\u00e3o de Servi\u00e7o dos Docentes do IPLeiria<\/a><\/p>\n\n\n\n<p><a rel=\"noreferrer noopener\" href=\"https:\/\/www.ipleiria.pt\/estg\/wp-content\/uploads\/sites\/32\/2022\/05\/Despacho_164_2016_RegServicosESTG.pdf\" target=\"_blank\">Regulamento dos Servi\u00e7os Administrativos Pr\u00f3prios da ESTG<\/a><\/p>\n\n\n\n<div style=\"height:25px\" aria-hidden=\"true\" class=\"wp-block-spacer\"><\/div>\n\n\n\n<h3>Delega\u00e7\u00e3o de compet\u00eancias respeitantes aos \u00f3rg\u00e3os da ESTG<\/h3>\n\n\n\n<div class=\"wp-container-3 wp-block-columns\">\n<div class=\"wp-container-1 wp-block-column\">\n<p><a href=\"https:\/\/diariodarepublica.pt\/dr\/detalhe\/despacho\/2244-2026-1054966423\">Despacho n. 2244\/2026 &#8211; Di\u00e1rio da Rep\u00fablica n.\u00ba 36\/2026, S\u00e9rie II de 2026-02-20<\/a> &#8211; Delega\u00e7\u00e3o de compet\u00eancia do Diretor da Escola Superior de Tecnologia e Gest\u00e3o do instituto Polit\u00e9cnico de Leiria nos subdiretores <\/p>\n\n\n\n<p><a href=\"https:\/\/diariodarepublica.pt\/dr\/detalhe\/despacho\/1676-2025-906175725\">Despacho n.\u00ba 1676\/2025 \u2013 Di\u00e1rio da Rep\u00fablica n.\u00ba 25\/2025, S\u00e9rie II de 2025-02-05<\/a> &#8211; Delega\u00e7\u00e3o de compet\u00eancias do Diretor da Escola Superior de Tecnologia e Gest\u00e3o do Instituto Polit\u00e9cnico de Leiria na Subdiretora<\/p>\n\n\n\n<p><a href=\"https:\/\/diariodarepublica.pt\/dr\/detalhe\/despacho\/13302-2024-895967587\">Despacho n.\u00ba 13302\/2024 \u2013 Di\u00e1rio da Rep\u00fablica n.\u00ba 217\/2024, S\u00e9rie II de 2024-11-08<\/a> &#8211; Delega\u00e7\u00e3o e subdelega\u00e7\u00e3o de compet\u00eancias do Diretor da Escola Superior de Tecnologia e Gest\u00e3o do Instituto Polit\u00e9cnico de Leiria nos Subdiretores<\/p>\n\n\n\n<p><a href=\"https:\/\/diariodarepublica.pt\/dr\/detalhe\/despacho\/11211-2024-888687064\">Despacho n.\u00ba 11211\/2024 &#8211; Di\u00e1rio da Rep\u00fablica n.\u00ba 185\/2024, S\u00e9rie II de 2024-09-24<\/a> &#8211; Delega\u00e7\u00e3o de compet\u00eancias do Presidente do Instituto Polit\u00e9cnico de Leiria no Diretor da ESTG<\/p>\n\n\n\n<p><a href=\"https:\/\/diariodarepublica.pt\/dr\/detalhe\/deliberacao\/1247-2024-888687059\">Delibera\u00e7\u00e3o n.\u00ba 1247\/2024 &#8211; Di\u00e1rio da Rep\u00fablica n.\u00ba 185\/2024, S\u00e9rie II de 2024-09-24<\/a> &#8211; Delega\u00e7\u00e3o de compet\u00eancias do Conselho de Gest\u00e3o no presidente, nos diretores de escolas e no administrador<\/p>\n<\/div>\n\n\n\n<div class=\"wp-container-2 wp-block-column\">\n<p><a href=\"https:\/\/diariodarepublica.pt\/dr\/detalhe\/deliberacao\/1250-2024-888687062\"><strong>Delibera\u00e7\u00e3o n.\u00ba 1250\/2024 &#8211; Di\u00e1rio da Rep\u00fablica n.\u00ba 185\/2024, S\u00e9rie II de 2024-09-24<\/strong> <\/a>&#8211; Delega\u00e7\u00e3o de compet\u00eancias do conselho de gest\u00e3o relativas aos fundos de maneio.<\/p>\n\n\n\n<p><a href=\"https:\/\/diariodarepublica.pt\/dr\/detalhe\/deliberacao\/3-2024-836027662\">Delibera\u00e7\u00e3o n.\u00ba 3\/2024 \u2013 Di\u00e1rio da Rep\u00fablica n.\u00ba 2\/2024, S\u00e9rie II de 2024-01-03<\/a> &#8211; Delega\u00e7\u00e3o de compet\u00eancias do Conselho T\u00e9cnico-Cient\u00edfico no seu Presidente<\/p>\n\n\n\n<p><a href=\"https:\/\/diariodarepublica.pt\/dr\/detalhe\/deliberacao\/4-2024-836027663\">Delibera\u00e7\u00e3o n.\u00ba 4\/2024 \u2013 Di\u00e1rio da Rep\u00fablica n.\u00ba 2\/2024, S\u00e9rie II de 2024-01-03<\/a> &#8211; Delega\u00e7\u00e3o de compet\u00eancias do Conselho T\u00e9cnico-Cient\u00edfico nas comiss\u00f5es cient\u00edficas dos ciclos de estudos conducentes ao grau de licenciado e ao diploma t\u00e9cnico superior profissional<\/p>\n<\/div>\n<\/div>\n\n\n\n<div class=\"wp-container-6 wp-block-columns\">\n<div class=\"wp-container-4 wp-block-column\">\n<h3 class=\"is-style-theme-default-title\" id=\"Reg_orgaos_e_estruturas\">Regulamentos eleitorais dos \u00f3rg\u00e3os e estruturas da ESTG<\/h3>\n\n\n\n<p><a rel=\"noreferrer noopener\" href=\"https:\/\/www.ipleiria.pt\/estg\/wp-content\/uploads\/sites\/32\/2022\/05\/RegulamentoEleitoraldosCoordenadoreseConselhosdeDepartamento_versaoconsolidada2019.pdf\" target=\"_blank\">Regulamento Eleitoral dos Coordenadores e Conselhos de Departamento da Escola Superior de Tecnologia e Gest\u00e3o (vers\u00e3o consolidada)<\/a><br><a href=\"https:\/\/www.ipleiria.pt\/estg\/wp-content\/uploads\/sites\/32\/2026\/02\/Regulamento-eleitoral_ConselhoTecnicoCientifico_2026.01.23_Homologado.pdf\">Regulamento Eleitoral do Conselho T\u00e9cnico-Cient\u00edfico<\/a><\/p>\n\n\n\n<p><a href=\"https:\/\/www.ipleiria.pt\/estg\/wp-content\/uploads\/sites\/32\/2026\/02\/Regulamento-eleitoral_ConselhoPedagogico_2026.01.22_Homologado.pdf\">Regulamento Eleitoral do Conselho Pedag\u00f3gico<\/a><\/p>\n\n\n\n<p><a href=\"https:\/\/www.ipleiria.pt\/estg\/wp-content\/uploads\/sites\/32\/2026\/02\/Regulamento_CR_Homologado.pdf\">Regulamento Eleitoral do Conselho de Representantes<\/a><\/p>\n<\/div>\n\n\n\n<div class=\"wp-container-5 wp-block-column\">\n<h3 class=\"is-style-theme-default-title\">Regimentos dos \u00f3rg\u00e3os colegiais da ESTG<\/h3>\n\n\n\n<p><a rel=\"noreferrer noopener\" href=\"https:\/\/www.ipleiria.pt\/estg\/wp-content\/uploads\/sites\/32\/2022\/05\/RegimentoCR2021.pdf\" target=\"_blank\">Regimento do Conselho de Representantes<\/a><\/p>\n\n\n\n<p><a rel=\"noreferrer noopener\" href=\"https:\/\/www.ipleiria.pt\/estg\/wp-content\/uploads\/sites\/32\/2022\/05\/Regimento7oCTC.pdf\" target=\"_blank\">Regimento do Conselho T\u00e9cnico-Cient\u00edfico<\/a><\/p>\n\n\n\n<p><a rel=\"noreferrer noopener\" href=\"https:\/\/www.ipleiria.pt\/estg\/wp-content\/uploads\/sites\/32\/2022\/05\/Regimento_7_CP_2021.pdf\" target=\"_blank\">Regimento do Conselho de Pedag\u00f3gico<\/a><\/p>\n<\/div>\n<\/div>\n\n\n\n<div style=\"height:25px\" aria-hidden=\"true\" class=\"wp-block-spacer\"><\/div>\n\n\n\n<h3>Regulamentos Acad\u00e9micos<\/h3>\n\n\n\n<div class=\"wp-container-9 wp-block-columns\">\n<div class=\"wp-container-7 wp-block-column\">\n<p><a rel=\"noreferrer noopener\" href=\"https:\/\/www.ipleiria.pt\/estg\/wp-content\/uploads\/sites\/32\/2022\/05\/Versao_consolidada_RegulamentoFaltas.pdf\" target=\"_blank\">Regulamento de Faltas a Atividades Letivas e a Elementos de Avalia\u00e7\u00e3o e de Presta\u00e7\u00e3o e Vigil\u00e2ncia de Atos Acad\u00e9micos da Escola Superior de Tecnologia e Gest\u00e3o (vers\u00e3o consolidada)<\/a><\/p>\n\n\n\n<p><a href=\"https:\/\/diariodarepublica.pt\/dr\/detalhe\/regulamento\/117-2018-114703532\" data-type=\"URL\" data-id=\"https:\/\/diariodarepublica.pt\/dr\/detalhe\/regulamento\/117-2018-114703532\" target=\"_blank\" rel=\"noreferrer noopener\">Regulamento eleitoral dos estudantes delegados dos ciclos de estudos da Escola Superior de Tecnologia e Gest\u00e3o<\/a><\/p>\n\n\n\n<p><a href=\"https:\/\/www.ipleiria.pt\/estg\/wp-content\/uploads\/sites\/32\/2022\/05\/RAAE_Versaoconsolidada2020.pdf\">Regulamento de Avalia\u00e7\u00e3o do Aproveitamento dos Estudantes da Escola Superior de Tecnologia e Gest\u00e3o do Instituto Polit\u00e9cnico de Leiria (vers\u00e3o consolidada)<\/a><\/p>\n\n\n\n<p><a href=\"https:\/\/www.ipleiria.pt\/politecnico\/institucional\/legislacao\/#estudantes\">Regulamento dos Estatutos Especiais Aplic\u00e1veis aos Estudantes<\/a><\/p>\n\n\n\n<p><a href=\"https:\/\/www.ipleiria.pt\/politecnico\/institucional\/legislacao\/#estudantes\">Regulamento Acad\u00e9mico do Instituto Polit\u00e9cnico de Leiria<\/a><\/p>\n\n\n\n<p><\/p>\n<\/div>\n\n\n\n<div class=\"wp-container-8 wp-block-column\">\n<p><a href=\"https:\/\/www.ipleiria.pt\/estg\/wp-content\/uploads\/sites\/32\/2022\/05\/Regulamento-n.o-8582016_RegulamentoEstagiosESTG.pdf\">Regulamento dos est\u00e1gios curriculares e extracurriculares da ESTG (publicado a 02\/09\/2016)<\/a><\/p>\n\n\n\n<p><a rel=\"noreferrer noopener\" href=\"https:\/\/www.ipleiria.pt\/estg\/wp-content\/uploads\/sites\/32\/2022\/05\/337_reg._429.2008__normas_reguladoras_d.pdf\" target=\"_blank\">Normas Reguladoras dos Atos de Praxe<\/a><\/p>\n\n\n\n<p><\/p>\n\n\n\n<p><a href=\"https:\/\/www.ipleiria.pt\/politecnico\/institucional\/legislacao\/#estudantes\">Despachos e Regulamentos do Instituto Polit\u00e9cnico de Leiria<\/a><\/p>\n<\/div>\n<\/div>\n\n\n\n<div style=\"height:25px\" aria-hidden=\"true\" class=\"wp-block-spacer\"><\/div>\n","protected":false},"excerpt":{"rendered":"ESTG Legisla\u00e7\u00e3o Estatutos da ESTG Regulamento de Presta\u00e7\u00e3o de Servi\u00e7o dos Docentes do IPLeiria Regulamento dos Servi\u00e7os Administrativos Pr\u00f3prios da ESTG Delega\u00e7\u00e3o de compet\u00eancias respeitantes aos \u00f3rg\u00e3os da ESTG Despacho n. 2244\/2026 &#8211; Di\u00e1rio da Rep\u00fablica n.\u00ba 36\/2026, S\u00e9rie II de 2026-02-20 &#8211; Delega\u00e7\u00e3o de compet\u00eancia do Diretor da Escola Superior de Tecnologia e Gest\u00e3o [&hellip;]","protected":false},"author":1,"featured_media":10824,"parent":519,"menu_order":20,"comment_status":"closed","ping_status":"closed","template":"","meta":{"custompostfields_banners":""},"_links":{"self":[{"href":"https:\/\/www.ipleiria.pt\/estg\/wp-json\/wp\/v2\/pages\/523"}],"collection":[{"href":"https:\/\/www.ipleiria.pt\/estg\/wp-json\/wp\/v2\/pages"}],"about":[{"href":"https:\/\/www.ipleiria.pt\/estg\/wp-json\/wp\/v2\/types\/page"}],"author":[{"embeddable":true,"href":"https:\/\/www.ipleiria.pt\/estg\/wp-json\/wp\/v2\/users\/1"}],"replies":[{"embeddable":true,"href":"https:\/\/www.ipleiria.pt\/estg\/wp-json\/wp\/v2\/comments?post=523"}],"version-history":[{"count":48,"href":"https:\/\/www.ipleiria.pt\/estg\/wp-json\/wp\/v2\/pages\/523\/revisions"}],"predecessor-version":[{"id":12653,"href":"https:\/\/www.ipleiria.pt\/estg\/wp-json\/wp\/v2\/pages\/523\/revisions\/12653"}],"up":[{"embeddable":true,"href":"https:\/\/www.ipleiria.pt\/estg\/wp-json\/wp\/v2\/pages\/519"}],"wp:featuredmedia":[{"embeddable":true,"href":"https:\/\/www.ipleiria.pt\/estg\/wp-json\/wp\/v2\/media\/10824"}],"wp:attachment":[{"href":"https:\/\/www.ipleiria.pt\/estg\/wp-json\/wp\/v2\/media?parent=523"}],"curies":[{"name":"wp","href":"https:\/\/api.w.org\/{rel}","templated":true}]}}