{"id":535,"date":"2021-10-22T11:18:49","date_gmt":"2021-10-22T11:18:49","guid":{"rendered":"https:\/\/www.ipleiria.pt\/esecs\/?page_id=535"},"modified":"2025-01-20T17:04:37","modified_gmt":"2025-01-20T17:04:37","slug":"provedor-do-estudante","status":"publish","type":"page","link":"https:\/\/www.ipleiria.pt\/estg\/estudantes\/dia-a-dia\/provedor-do-estudante\/","title":{"rendered":"Provedor do estudante"},"content":{"rendered":"\n<p class=\"is-style-theme-subtitle\">POLIT\u00c9CNICO DE LEIRIA<\/p>\n\n\n\n<h2 class=\"is-style-theme-title\">Provedor do Estudante<\/h2>\n\n\n\n<div class=\"wp-container-4 wp-block-columns\">\n<div class=\"wp-container-2 wp-block-column\">\n<p>O Provedor do Estudante \u00e9 um \u00f3rg\u00e3o independente do Instituto Polit\u00e9cnico de Leiria que tem como fun\u00e7\u00e3o a defesa e a promo\u00e7\u00e3o dos direitos e interesses dos estudantes.<\/p>\n\n\n\n<p>O&nbsp;Provedor do Estudante desempenha&nbsp;um papel&nbsp;eminentemente interdisciplinar, agindo como mediador nas rela\u00e7\u00f5es entre os estudantes e os \u00f3rg\u00e3os formais do Instituto e das Escolas, na procura da resolu\u00e7\u00e3o concreta  dos problemas e conflitos que n\u00e3o sejam ultrapassados a outros n\u00edveis e uma vez esgotados os demais mecanismos institucionais.<\/p>\n\n\n\n<p>O Provedor desenvolve&nbsp;a sua a\u00e7\u00e3o em articula\u00e7\u00e3o com as Associa\u00e7\u00f5es de Estudantes e com os \u00f3rg\u00e3os e servi\u00e7os do Instituto, designadamente com os Conselhos Pedag\u00f3gicos, bem como as suas Escolas e demais unidades org\u00e2nicas.<\/p>\n\n\n\n<div class=\"wp-container-1 is-horizontal is-content-justification-left wp-block-buttons\">\n<div class=\"wp-block-button is-style-theme-button-outline\"><a class=\"wp-block-button__link\" href=\"https:\/\/www.ipleiria.pt\/viver\/provedor-do-estudante\/gabinete-do-provedor-do-estudante\/\" target=\"_blank\" rel=\"noreferrer noopener\">Provedor do estudante<\/a><\/div>\n<\/div>\n<\/div>\n\n\n\n<div class=\"wp-container-3 wp-block-column\">\n<div style=\"height:40px\" aria-hidden=\"true\" class=\"wp-block-spacer\"><\/div>\n\n\n<div class=\"wp-block-image\">\n<figure class=\"aligncenter size-full is-resized\"><img loading=\"lazy\" src=\"https:\/\/www.ipleiria.pt\/estg\/wp-content\/uploads\/sites\/32\/2022\/06\/perfil_objetivo.svg\" alt=\"\" class=\"wp-image-1886\" width=\"235\" height=\"235\"\/><\/figure><\/div><\/div>\n<\/div>\n\n\n\n<div style=\"height:60px\" aria-hidden=\"true\" class=\"wp-block-spacer\"><\/div>\n","protected":false},"excerpt":{"rendered":"POLIT\u00c9CNICO DE LEIRIA Provedor do Estudante O Provedor do Estudante \u00e9 um \u00f3rg\u00e3o independente do Instituto Polit\u00e9cnico de Leiria que tem como fun\u00e7\u00e3o a defesa e a promo\u00e7\u00e3o dos direitos e interesses dos estudantes. O&nbsp;Provedor do Estudante desempenha&nbsp;um papel&nbsp;eminentemente interdisciplinar, agindo como mediador nas rela\u00e7\u00f5es entre os estudantes e os \u00f3rg\u00e3os formais do Instituto e [&hellip;]","protected":false},"author":1,"featured_media":0,"parent":529,"menu_order":50,"comment_status":"closed","ping_status":"closed","template":"","meta":{"custompostfields_banners":"4718"},"_links":{"self":[{"href":"https:\/\/www.ipleiria.pt\/estg\/wp-json\/wp\/v2\/pages\/535"}],"collection":[{"href":"https:\/\/www.ipleiria.pt\/estg\/wp-json\/wp\/v2\/pages"}],"about":[{"href":"https:\/\/www.ipleiria.pt\/estg\/wp-json\/wp\/v2\/types\/page"}],"author":[{"embeddable":true,"href":"https:\/\/www.ipleiria.pt\/estg\/wp-json\/wp\/v2\/users\/1"}],"replies":[{"embeddable":true,"href":"https:\/\/www.ipleiria.pt\/estg\/wp-json\/wp\/v2\/comments?post=535"}],"version-history":[{"count":38,"href":"https:\/\/www.ipleiria.pt\/estg\/wp-json\/wp\/v2\/pages\/535\/revisions"}],"predecessor-version":[{"id":9041,"href":"https:\/\/www.ipleiria.pt\/estg\/wp-json\/wp\/v2\/pages\/535\/revisions\/9041"}],"up":[{"embeddable":true,"href":"https:\/\/www.ipleiria.pt\/estg\/wp-json\/wp\/v2\/pages\/529"}],"wp:attachment":[{"href":"https:\/\/www.ipleiria.pt\/estg\/wp-json\/wp\/v2\/media?parent=535"}],"curies":[{"name":"wp","href":"https:\/\/api.w.org\/{rel}","templated":true}]}}