{"id":555,"date":"2021-10-22T11:22:48","date_gmt":"2021-10-22T11:22:48","guid":{"rendered":"https:\/\/www.ipleiria.pt\/esecs\/?page_id=555"},"modified":"2025-07-02T15:35:01","modified_gmt":"2025-07-02T15:35:01","slug":"servicos-academicos","status":"publish","type":"page","link":"https:\/\/www.ipleiria.pt\/estg\/estudantes\/informacoes\/servicos-academicos\/","title":{"rendered":"Servi\u00e7os de Gest\u00e3o Acad\u00e9mica"},"content":{"rendered":"\n<div class=\"wp-block-pt-ipleiria-ued-wp-theme-ipleiria-gutenbergblocks-moc gbmoc\" role=\"navigation\" aria-label=\"Menu de conte\u00fados\"><div class=\"gbmoc-menu-wrapper\"><div id=\"gbmoc-9ed8fa-8b-menu-container\" class=\"gbmoc-menu-container\"><div class=\"gbmoc-title\" id=\"gbmoc-9ed8fa-8b-title\">Ir para:<\/div><ul aria-describedby=\"gbmoc-9ed8fa-8b-title\" class=\"gbmoc-menuitems\"><li><a href=\"#servicos-academicos\">Servi\u00e7os de Gest\u00e3o Acad\u00e9mica<\/a><\/li><li><a href=\"#horario-schedule\">Hor\u00e1rio \/\/ Schedule<\/a><\/li><li><a href=\"#servicos-on-line\">Servi\u00e7os On-line<\/a><\/li><li class=\"gbmoc-scroll-to-top-wrapper\"><a class=\"gbmoc-scroll-to-top\" href=\"#top\">Topo<\/a><\/li><\/ul><\/div><\/div><\/div>\n\n\n\n<p class=\"is-style-theme-subtitle\">SGA<\/p>\n\n\n\n<h2 class=\"is-style-theme-title\" id=\"servicos-academicos\">Servi\u00e7os de Gest\u00e3o Acad\u00e9mica<\/h2>\n\n\n\n<div class=\"wp-container-3 wp-block-columns\">\n<div class=\"wp-container-1 wp-block-column\" style=\"flex-basis:50%\">\n<p>Os Servi\u00e7os de Gest\u00e3o Acad\u00e9mica (SGA) s\u00e3o respons\u00e1veis pela atividade relacionada com processos individuais de estudantes, propinas, matr\u00edculas e outros assuntos relacionados com a atividade acad\u00e9mica.<\/p>\n\n\n\n<p>O contacto atrav\u00e9s de email dever\u00e1 ser efetuado para o endere\u00e7o&nbsp;<a href=\"mailto:academicos@ipleiria.pt\">academicos@ipleiria.pt<\/a>.<\/p>\n\n\n\n<p><strong>Plataformas<\/strong><\/p>\n\n\n\n<ul><li>Acesso ao <a rel=\"noreferrer noopener\" href=\"https:\/\/inforestudante.ipleiria.pt\" target=\"_blank\">Inforestudante<\/a><\/li><li>Acesso ao <a rel=\"noreferrer noopener\" href=\"https:\/\/portaldoestudante.ipleiria.pt\/netpa\/page\" target=\"_blank\">Portal do Estudante<\/a> (estudantes at\u00e9 2024\/2025) <\/li><li><a rel=\"noreferrer noopener\" href=\"https:\/\/intranet.ipleiria.pt\/\" target=\"_blank\">Intranet<\/a><\/li><\/ul>\n<\/div>\n\n\n\n<div class=\"wp-container-2 wp-block-column\" style=\"flex-basis:50%\">\n<figure class=\"wp-block-image size-full\"><img loading=\"lazy\" width=\"1024\" height=\"683\" src=\"https:\/\/www.ipleiria.pt\/estg\/wp-content\/uploads\/sites\/32\/2022\/07\/MG_4022-1024x683-1.jpg\" alt=\"\" class=\"wp-image-2728\" srcset=\"https:\/\/www.ipleiria.pt\/estg\/wp-content\/uploads\/sites\/32\/2022\/07\/MG_4022-1024x683-1.jpg 1024w, https:\/\/www.ipleiria.pt\/estg\/wp-content\/uploads\/sites\/32\/2022\/07\/MG_4022-1024x683-1-300x200.jpg 300w, https:\/\/www.ipleiria.pt\/estg\/wp-content\/uploads\/sites\/32\/2022\/07\/MG_4022-1024x683-1-768x512.jpg 768w\" sizes=\"(max-width: 1024px) 100vw, 1024px\" \/><\/figure>\n<\/div>\n<\/div>\n\n\n\n<div style=\"height:30px\" aria-hidden=\"true\" class=\"wp-block-spacer\"><\/div>\n\n\n\n<div id=\"gbc-855e1c-71\" class=\"wp-block-pt-ipleiria-ued-wp-theme-ipleiria-gutenbergblocks-container gbc gbc-view row-valign-top align-full\" style=\"background-color:#F3F3F3;color:#F3F3F3\"><div><script>(function(){\n\t\t\t\tconst style = document.createElement('style');\n\t\t\t\tstyle.innerHTML = `\n\t\t\t\t\n\t\t\t\t\n\t\t\t\t`;\n\t\t\t\tdocument.head.appendChild(style);\n\t\t\t})();<\/script><noscript class=\"sr-only\">Sem suporte para regras CSS personalizadas<\/noscript><\/div><div class=\"gbc-background-overlay gbc-background-overlay-normal\" style=\"opacity:0.3\"><\/div><div class=\"gbc-wrapper\" style=\"padding-top:0px;padding-bottom:0px\"><div id=\"gbc-container-gbc-855e1c-71\" class=\"inner-container\" style=\"color:#F3F3F3\">\n<div id=\"gbc-bf7561-33\" class=\"wp-block-pt-ipleiria-ued-wp-theme-ipleiria-gutenbergblocks-container gbc gbc-view row-valign-top align-none\"><div class=\"gbc-background-overlay gbc-background-overlay-normal\" style=\"opacity:0.3\"><\/div><div class=\"gbc-wrapper\" style=\"padding-top:60px;padding-bottom:60px\"><div id=\"gbc-container-gbc-bf7561-33\" class=\"inner-container container\">\n<p class=\"has-text-align-center is-style-theme-title has-background-dark-color-color has-text-color has-huge-font-size\">Evita filas!<\/p>\n<\/div><\/div><\/div>\n<\/div><\/div><\/div>\n\n\n\n<div style=\"height:50px\" aria-hidden=\"true\" class=\"wp-block-spacer\"><\/div>\n\n\n\n<h2 class=\"is-style-theme-title\" id=\"horario-schedule\">Hor\u00e1rio \/\/ Schedule<\/h2>\n\n\n\n<div style=\"height:25px\" aria-hidden=\"true\" class=\"wp-block-spacer\"><\/div>\n\n\n\n<p><strong>Segundas, ter\u00e7as, quintas e sextas \/\/&nbsp;<em>Mondays, Tuesdays, Thursdays and Fridays<\/em><\/strong><\/p>\n\n\n\n<p>Manh\u00e3: 10h00 \u2013 12h30 | Tarde: 14h00 \u2013 16h00<br><em>Morning<\/em>: 10h00 \u2013 12h30 |&nbsp;<em>Afternoon<\/em>: 14h00 \u2013 16h00<\/p>\n\n\n\n<p><strong>Quartas* \/\/&nbsp;<em>Wednesdays*<\/em><\/strong><\/p>\n\n\n\n<p>Manh\u00e3: 10h00 \u2013 12h30 | Tarde: 18h00 \u2013 20h00<br><em>Morning<\/em>: 10h00 \u2013 12h30 |&nbsp;<em>Afternoon<\/em>: 18h00 \u2013 20h00<\/p>\n\n\n\n<p class=\"has-small-font-size\">* Hor\u00e1rio aplic\u00e1vel durante os per\u00edodos de atividades letivas. Nos per\u00edodos de interrup\u00e7\u00e3o letiva e f\u00e9rias escolares o hor\u00e1rio de atendimento \u00e0s quartas-feiras \u00e9 apenas diurno.<\/p>\n\n\n\n<hr class=\"wp-block-separator has-alpha-channel-opacity\"\/>\n\n\n\n<h2 class=\"is-style-theme-title\" id=\"servicos-on-line\">Servi\u00e7os On-line<\/h2>\n\n\n\n<div class=\"wp-container-8 wp-block-columns\">\n<div class=\"wp-container-5 wp-block-column\">\n<p><strong>InforEstudante<strong> <\/strong>(2025\/2026)<\/strong><\/p>\n\n\n\n<p>No InforEstudante podes efetuar a tua candidatura para o ano letivo 2025\/2026 e efetuar a matr\u00edcula e inscri\u00e7\u00e3o nesse ano letivo.<\/p>\n\n\n\n<p>O InforEstudante \u00e9 o servi\u00e7o digital de gest\u00e3o acad\u00e9mica, para apoio a candidatos, estudantes e antigos estudantes, do Instituto Polit\u00e9cnico de Leiria.<\/p>\n\n\n\n<div class=\"wp-container-4 wp-block-buttons\">\n<div class=\"wp-block-button is-style-theme-button-solid\"><a class=\"wp-block-button__link\" href=\"https:\/\/inforestudante.ipleiria.pt\/\" target=\"_blank\" rel=\"noreferrer noopener\"><strong>InforEstudante<\/strong><\/a><\/div>\n<\/div>\n<\/div>\n\n\n\n<div class=\"wp-container-7 wp-block-column\">\n<p><strong>Portal do Estudante<\/strong> (at\u00e9 2024\/2025)<\/p>\n\n\n\n<p> No Portal do Estudante podes consultar&nbsp;o teu hor\u00e1rio, inscri\u00e7\u00e3o, programas das disciplinas, calend\u00e1rios, sum\u00e1rios, pautas de avalia\u00e7\u00f5es, entre outros.<\/p>\n\n\n\n<div class=\"wp-container-6 wp-block-buttons\">\n<div class=\"wp-block-button is-style-theme-button-solid\"><a class=\"wp-block-button__link\" href=\"https:\/\/portaldoestudante.ipleiria.pt\/netpa\/page\" target=\"_blank\" rel=\"noreferrer noopener\">Portal do Estudante<\/a><\/div>\n<\/div>\n<\/div>\n<\/div>\n\n\n\n<div style=\"height:30px\" aria-hidden=\"true\" class=\"wp-block-spacer\"><\/div>\n","protected":false},"excerpt":{"rendered":"SGA Servi\u00e7os de Gest\u00e3o Acad\u00e9mica Os Servi\u00e7os de Gest\u00e3o Acad\u00e9mica (SGA) s\u00e3o respons\u00e1veis pela atividade relacionada com processos individuais de estudantes, propinas, matr\u00edculas e outros assuntos relacionados com a atividade acad\u00e9mica. O contacto atrav\u00e9s de email dever\u00e1 ser efetuado para o endere\u00e7o&nbsp;academicos@ipleiria.pt. Plataformas Acesso ao InforestudanteAcesso ao Portal do Estudante (estudantes at\u00e9 2024\/2025) Intranet Hor\u00e1rio [&hellip;]","protected":false},"author":1,"featured_media":4797,"parent":549,"menu_order":30,"comment_status":"closed","ping_status":"closed","template":"","meta":{"custompostfields_banners":""},"_links":{"self":[{"href":"https:\/\/www.ipleiria.pt\/estg\/wp-json\/wp\/v2\/pages\/555"}],"collection":[{"href":"https:\/\/www.ipleiria.pt\/estg\/wp-json\/wp\/v2\/pages"}],"about":[{"href":"https:\/\/www.ipleiria.pt\/estg\/wp-json\/wp\/v2\/types\/page"}],"author":[{"embeddable":true,"href":"https:\/\/www.ipleiria.pt\/estg\/wp-json\/wp\/v2\/users\/1"}],"replies":[{"embeddable":true,"href":"https:\/\/www.ipleiria.pt\/estg\/wp-json\/wp\/v2\/comments?post=555"}],"version-history":[{"count":36,"href":"https:\/\/www.ipleiria.pt\/estg\/wp-json\/wp\/v2\/pages\/555\/revisions"}],"predecessor-version":[{"id":10948,"href":"https:\/\/www.ipleiria.pt\/estg\/wp-json\/wp\/v2\/pages\/555\/revisions\/10948"}],"up":[{"embeddable":true,"href":"https:\/\/www.ipleiria.pt\/estg\/wp-json\/wp\/v2\/pages\/549"}],"wp:featuredmedia":[{"embeddable":true,"href":"https:\/\/www.ipleiria.pt\/estg\/wp-json\/wp\/v2\/media\/4797"}],"wp:attachment":[{"href":"https:\/\/www.ipleiria.pt\/estg\/wp-json\/wp\/v2\/media?parent=555"}],"curies":[{"name":"wp","href":"https:\/\/api.w.org\/{rel}","templated":true}]}}