{"id":742,"date":"2022-03-17T00:06:58","date_gmt":"2022-03-17T00:06:58","guid":{"rendered":"https:\/\/www.ipleiria.pt\/estg\/?page_id=742"},"modified":"2025-11-25T15:27:02","modified_gmt":"2025-11-25T15:27:02","slug":"regulamentos","status":"publish","type":"page","link":"https:\/\/www.ipleiria.pt\/estg\/escola\/informacoes\/regulamentos\/","title":{"rendered":"Regulamentos"},"content":{"rendered":"\n<p class=\"is-style-theme-subtitle\">ESTG<\/p>\n\n\n\n<h2 class=\"is-style-theme-title\">Regulamentos<\/h2>\n\n\n\n<div style=\"height:40px\" aria-hidden=\"true\" class=\"wp-block-spacer\"><\/div>\n\n\n\n<div class=\"wp-container-3 wp-block-columns\">\n<div class=\"wp-container-1 wp-block-column\">\n<div class=\"wp-block-file\"><a id=\"wp-block-file--media-e2d40a4b-cb73-497b-8ffc-30990d087761\" href=\"https:\/\/www.ipleiria.pt\/estg\/wp-content\/uploads\/sites\/32\/2022\/07\/Versao_consolidada_RegulamentoFaltas.pdf\" target=\"_blank\" rel=\"noreferrer noopener\">Regulamento de Faltas a Atividades Letivas e a Elementos de Avalia\u00e7\u00e3o e de Presta\u00e7\u00e3o e Vigil\u00e2ncia de Atos Acad\u00e9micos da Escola Superior de Tecnologia e Gest\u00e3o (vers\u00e3o consolidada)<\/a><\/div>\n\n\n\n<p><a href=\"https:\/\/diariodarepublica.pt\/dr\/detalhe\/regulamento\/117-2018-114703532\" data-type=\"URL\" data-id=\"https:\/\/diariodarepublica.pt\/dr\/detalhe\/regulamento\/117-2018-114703532\" target=\"_blank\" rel=\"noreferrer noopener\">Regulamento eleitoral dos estudantes delegados dos ciclos de estudos da Escola Superior de Tecnologia e Gest\u00e3o<\/a><\/p>\n\n\n\n<p><a href=\"https:\/\/www.ipleiria.pt\/estg\/wp-content\/uploads\/sites\/32\/2022\/05\/RAAE_Versaoconsolidada2020.pdf\">Regulamento de Avalia\u00e7\u00e3o do Aproveitamento dos Estudantes da Escola Superior de Tecnologia e Gest\u00e3o do Instituto Polit\u00e9cnico de Leiria (vers\u00e3o consolidada)<\/a><\/p>\n\n\n\n<p><a href=\"https:\/\/www.ipleiria.pt\/estg\/wp-content\/uploads\/sites\/32\/2022\/07\/Regulamento-n.o-8582016_RegulamentoEstagiosESTG.pdf\">Regulamento de Est\u00e1gios Curriculares e Extracurriculares da ESTG (Publicado a 02\/09\/2016)<\/a><\/p>\n<\/div>\n\n\n\n<div class=\"wp-container-2 wp-block-column\">\n<div class=\"wp-block-file\"><a id=\"wp-block-file--media-14e79664-1b4d-4bac-8cb8-cfd4419799af\" href=\"https:\/\/www.ipleiria.pt\/estg\/wp-content\/uploads\/sites\/32\/2022\/07\/337_reg._429.2008__normas_reguladoras_da_praxe.pdf\" target=\"_blank\" rel=\"noreferrer noopener\">Normas Reguladoras dos Atos de Praxe<\/a><\/div>\n\n\n\n<p><\/p>\n\n\n\n<p><a href=\"https:\/\/www.ipleiria.pt\/politecnico\/institucional\/legislacao\/#estudantes\">Regulamento Acad\u00e9mico do Instituto Polit\u00e9cnico de Leiria<\/a><\/p>\n\n\n\n<p><a href=\"https:\/\/www.ipleiria.pt\/politecnico\/institucional\/legislacao\/#estudantes\" target=\"_blank\" rel=\"noreferrer noopener\">Despachos e Regulamentos do Instituto Polit\u00e9cnico de Leiria<\/a><\/p>\n<\/div>\n<\/div>\n\n\n\n<div style=\"height:60px\" aria-hidden=\"true\" class=\"wp-block-spacer\"><\/div>\n","protected":false},"excerpt":{"rendered":"ESTG Regulamentos Regulamento eleitoral dos estudantes delegados dos ciclos de estudos da Escola Superior de Tecnologia e Gest\u00e3o Regulamento de Avalia\u00e7\u00e3o do Aproveitamento dos Estudantes da Escola Superior de Tecnologia e Gest\u00e3o do Instituto Polit\u00e9cnico de Leiria (vers\u00e3o consolidada) Regulamento de Est\u00e1gios Curriculares e Extracurriculares da ESTG (Publicado a 02\/09\/2016) Regulamento Acad\u00e9mico do Instituto Polit\u00e9cnico [&hellip;]","protected":false},"author":1,"featured_media":4797,"parent":519,"menu_order":50,"comment_status":"closed","ping_status":"closed","template":"","meta":{"custompostfields_banners":""},"_links":{"self":[{"href":"https:\/\/www.ipleiria.pt\/estg\/wp-json\/wp\/v2\/pages\/742"}],"collection":[{"href":"https:\/\/www.ipleiria.pt\/estg\/wp-json\/wp\/v2\/pages"}],"about":[{"href":"https:\/\/www.ipleiria.pt\/estg\/wp-json\/wp\/v2\/types\/page"}],"author":[{"embeddable":true,"href":"https:\/\/www.ipleiria.pt\/estg\/wp-json\/wp\/v2\/users\/1"}],"replies":[{"embeddable":true,"href":"https:\/\/www.ipleiria.pt\/estg\/wp-json\/wp\/v2\/comments?post=742"}],"version-history":[{"count":13,"href":"https:\/\/www.ipleiria.pt\/estg\/wp-json\/wp\/v2\/pages\/742\/revisions"}],"predecessor-version":[{"id":12222,"href":"https:\/\/www.ipleiria.pt\/estg\/wp-json\/wp\/v2\/pages\/742\/revisions\/12222"}],"up":[{"embeddable":true,"href":"https:\/\/www.ipleiria.pt\/estg\/wp-json\/wp\/v2\/pages\/519"}],"wp:featuredmedia":[{"embeddable":true,"href":"https:\/\/www.ipleiria.pt\/estg\/wp-json\/wp\/v2\/media\/4797"}],"wp:attachment":[{"href":"https:\/\/www.ipleiria.pt\/estg\/wp-json\/wp\/v2\/media?parent=742"}],"curies":[{"name":"wp","href":"https:\/\/api.w.org\/{rel}","templated":true}]}}