{"id":763,"date":"2022-03-17T00:14:48","date_gmt":"2022-03-17T00:14:48","guid":{"rendered":"https:\/\/www.ipleiria.pt\/estg\/?page_id=763"},"modified":"2026-03-12T09:10:30","modified_gmt":"2026-03-12T09:10:30","slug":"estagios","status":"publish","type":"page","link":"https:\/\/www.ipleiria.pt\/estg\/estudantes\/informacoes\/estagios\/","title":{"rendered":"Est\u00e1gios"},"content":{"rendered":"\n<div class=\"wp-block-pt-ipleiria-ued-wp-theme-ipleiria-gutenbergblocks-moc gbmoc\" role=\"navigation\" aria-label=\"Menu de conte\u00fados\"><div class=\"gbmoc-menu-wrapper\"><div id=\"gbmoc-8dedba-6e-menu-container\" class=\"gbmoc-menu-container\"><div class=\"gbmoc-title\" id=\"gbmoc-8dedba-6e-title\">Ir para:<\/div><ul aria-describedby=\"gbmoc-8dedba-6e-title\" class=\"gbmoc-menuitems\"><li><a href=\"#estagios\">Est\u00e1gios<\/a><\/li><li><a href=\"#curriculares\">Curriculares<\/a><\/li><li><a href=\"#extracurriculares\">Extracurriculares<\/a><\/li><li><a href=\"#dossier-tecnico-pedagogico\">Dossier t\u00e9cnico-pedag\u00f3gico<\/a><\/li><li><a href=\"#horario-do-gabinete\">Hor\u00e1rio do Gabinete<\/a><\/li><li><a href=\"#estagios-na-uniao-europeia\">Est\u00e1gios na Uni\u00e3o Europeia<\/a><\/li><li class=\"gbmoc-scroll-to-top-wrapper\"><a class=\"gbmoc-scroll-to-top\" href=\"#top\">Topo<\/a><\/li><\/ul><\/div><\/div><\/div>\n\n\n\n<p class=\"is-style-theme-subtitle\">ESTG<\/p>\n\n\n\n<h2 class=\"is-style-theme-title\" id=\"estagios\">Est\u00e1gios<\/h2>\n\n\n\n<div class=\"wp-container-3 wp-block-columns\">\n<div class=\"wp-container-1 wp-block-column\">\n<p>O est\u00e1gio tem por finalidade permitir ao estudante uma primeira inser\u00e7\u00e3o em ambiente real de trabalho, em fun\u00e7\u00f5es relacionadas com a sua \u00e1rea de forma\u00e7\u00e3o, permitindo ao estagi\u00e1rio aplicar os conhecimentos adquiridos na sua vida acad\u00e9mica. Procura-se dar ao estudante a oportunidade de aumentar o seus conhecimentos consolidando-os com exerc\u00edcios pr\u00e1ticos em contexto de trabalho.<\/p>\n<\/div>\n\n\n\n<div class=\"wp-container-2 wp-block-column\">\n<p>Os est\u00e1gios curriculares e extracurriculares est\u00e3o regulamentados atrav\u00e9s de legisla\u00e7\u00e3o espec\u00edfica onde constam as regras para os cursos de licenciatura e t\u00e9cnicos superiores profissionais.<\/p>\n\n\n\n<p>A ESTG disponibiliza aos seus estudantes 2 formas de est\u00e1gio:<\/p>\n\n\n\n<ul><li>Curriculares<\/li><li>Extracurriculares<\/li><\/ul>\n<\/div>\n<\/div>\n\n\n\n<h3>Modelo e a regra para a apresenta\u00e7\u00e3o do&nbsp;Relat\u00f3rio de Est\u00e1gio:<\/h3>\n\n\n\n<div style=\"height:20px\" aria-hidden=\"true\" class=\"wp-block-spacer\"><\/div>\n\n\n\n<div class=\"wp-container-6 wp-block-columns\">\n<div class=\"wp-container-4 wp-block-column\">\n<div class=\"wp-block-file\"><a id=\"wp-block-file--media-cc9cdb35-b59c-4ced-8194-6ee85a735a1c\" href=\"https:\/\/www.ipleiria.pt\/estg\/wp-content\/uploads\/sites\/32\/2022\/07\/Regras-de-apresentacao-grafica-da-dissertacao_trabalho-de-projeto_relatorio-de-estagio.pdf\" target=\"_blank\" rel=\"noreferrer noopener\">Regras de apresenta\u00e7\u00e3o gr\u00e1fica da disserta\u00e7\u00e3o, do trabalho de projeto ou relat\u00f3rio de est\u00e1gio<\/a><\/div>\n\n\n\n<div class=\"wp-block-file\"><a id=\"wp-block-file--media-79a0f395-952c-4a00-b5ff-9b3aedc5fd01\" href=\"https:\/\/www.ipleiria.pt\/estg\/wp-content\/uploads\/sites\/32\/2022\/07\/Regras-de-apresentacao-grafica-da-dissertacao_trabalho-de-projeto_relatorio-de-estagio_EN.pdf\" target=\"_blank\" rel=\"noreferrer noopener\">Formatting your dissertation\/project or internship report<\/a><\/div>\n<\/div>\n\n\n\n<div class=\"wp-container-5 wp-block-column\">\n<div class=\"wp-block-file\"><a id=\"wp-block-file--media-65812d39-ab7e-4864-a00a-e6ab8add78e6\" href=\"https:\/\/www.ipleiria.pt\/estg\/wp-content\/uploads\/sites\/32\/2022\/07\/Modelo_relatorio_estagio_1.docx\">Modelo para apresenta\u00e7\u00e3o do Relat\u00f3rio de Est\u00e1gio (Word)<\/a><\/div>\n\n\n\n<div class=\"wp-block-file\"><a id=\"wp-block-file--media-222bc773-0dab-4e33-bab0-bef5f56af4a9\" href=\"https:\/\/www.ipleiria.pt\/estg\/wp-content\/uploads\/sites\/32\/2022\/07\/Modelo_relatorio_estagio_EN.docx\">Template for the Internship Report (Word)<\/a><\/div>\n<\/div>\n<\/div>\n\n\n\n<div style=\"height:20px\" aria-hidden=\"true\" class=\"wp-block-spacer\"><\/div>\n\n\n\n<p>Para mais informa\u00e7\u00f5es contacte o&nbsp;<a href=\"https:\/\/www.ipleiria.pt\/estg\/escola\/servicos\/#GEAP\">Gabinete de Est\u00e1gios e Acompanhamento Profissional.<\/a><\/p>\n\n\n\n<div class=\"wp-block-file\"><a id=\"wp-block-file--media-077ce0db-f3ce-4486-b944-5887468f7801\" href=\"https:\/\/www.ipleiria.pt\/estg\/wp-content\/uploads\/sites\/32\/2022\/05\/Regulamento-n.o-8582016_RegulamentoEstagiosESTG.pdf\" target=\"_blank\" rel=\"noreferrer noopener\">Regulamento Est\u00e1gios<\/a><\/div>\n\n\n\n<div style=\"height:20px\" aria-hidden=\"true\" class=\"wp-block-spacer\"><\/div>\n\n\n\n<hr class=\"wp-block-separator has-alpha-channel-opacity\"\/>\n\n\n\n<div id=\"gbc-afa0cb-7f\" class=\"wp-block-pt-ipleiria-ued-wp-theme-ipleiria-gutenbergblocks-container gbc gbc-view row-valign-top align-full\"><div class=\"gbc-background-overlay gbc-background-overlay-normal\" style=\"opacity:0.3\"><\/div><div class=\"gbc-wrapper\"><div id=\"gbc-container-gbc-afa0cb-7f\" class=\"inner-container\">\n<div id=\"gbc-fc46dc-ad\" class=\"wp-block-pt-ipleiria-ued-wp-theme-ipleiria-gutenbergblocks-container gbc gbc-view row-valign-top align-none\"><div class=\"gbc-background-overlay gbc-background-overlay-normal\" style=\"opacity:0.3\"><\/div><div class=\"gbc-wrapper\" style=\"padding-right:0px;padding-top:0px;padding-bottom:0px\"><div id=\"gbc-container-gbc-fc46dc-ad\" class=\"inner-container container\">\n<div class=\"wp-container-9 wp-block-columns\">\n<div class=\"wp-container-7 wp-block-column\">\n<p class=\"is-style-theme-subtitle\">Est\u00e1gios<\/p>\n\n\n\n<h2 class=\"is-style-theme-title\" id=\"curriculares\">Curriculares<\/h2>\n\n\n\n<p>A frequ\u00eancia do Est\u00e1gio pressup\u00f5e que o estudante esteja inscrito na unidade curricular est\u00e1gio, de acordo o&nbsp;Regulamento Geral de Forma\u00e7\u00e3o Graduada e P\u00f3s \u2013 Graduada&nbsp;do Polit\u00e9cnico de Leiria.<\/p>\n\n\n\n<p> Os estudantes que n\u00e3o possam realizar o est\u00e1gio na \u00e9poca normal dever\u00e3o requerer autoriza\u00e7\u00e3o \u00e0 Dire\u00e7\u00e3o para o realizar em \u00e9poca n\u00e3o coincidente com a indicada no plano de estudos.<\/p>\n\n\n\n<p class=\"is-style-theme-default-title has-normal-font-size\">O est\u00e1gio realiza-se no semestre curricular indicado no plano de estudos (artigo 3\u00ba do Regulamento de Est\u00e1gios Curriculares e Extracurriculares da ESTG).<\/p>\n\n\n\n<p><a rel=\"noreferrer noopener\" href=\"http:\/\/dre.pt\/pdf2sdip\/2008\/09\/182000000\/3979539816.pdf\" target=\"_blank\">Regulamento Geral de Forma\u00e7\u00e3o Graduada e P\u00f3s \u2013 Graduada<\/a><\/p>\n<\/div>\n\n\n\n<div class=\"wp-container-8 wp-block-column\">\n<div style=\"height:60px\" aria-hidden=\"true\" class=\"wp-block-spacer\"><\/div>\n\n\n\n<figure class=\"wp-block-image size-full is-resized\"><img loading=\"lazy\" src=\"https:\/\/www.ipleiria.pt\/estg\/wp-content\/uploads\/sites\/32\/2022\/07\/sessao_3-1024x683-1.jpg\" alt=\"\" class=\"wp-image-2690\" width=\"662\" height=\"441\" srcset=\"https:\/\/www.ipleiria.pt\/estg\/wp-content\/uploads\/sites\/32\/2022\/07\/sessao_3-1024x683-1.jpg 1024w, https:\/\/www.ipleiria.pt\/estg\/wp-content\/uploads\/sites\/32\/2022\/07\/sessao_3-1024x683-1-300x200.jpg 300w, https:\/\/www.ipleiria.pt\/estg\/wp-content\/uploads\/sites\/32\/2022\/07\/sessao_3-1024x683-1-768x512.jpg 768w\" sizes=\"(max-width: 662px) 100vw, 662px\" \/><\/figure>\n<\/div>\n<\/div>\n<\/div><\/div><\/div>\n<\/div><\/div><\/div>\n\n\n\n<div style=\"height:50px\" aria-hidden=\"true\" class=\"wp-block-spacer\"><\/div>\n\n\n\n<div id=\"gbc-d8946d-ef\" class=\"wp-block-pt-ipleiria-ued-wp-theme-ipleiria-gutenbergblocks-container gbc gbc-view row-valign-top align-full\" style=\"background-color:#F3F3F3;margin-bottom:60px\"><div class=\"gbc-background-overlay gbc-background-overlay-normal\" style=\"opacity:0.3\"><\/div><div class=\"gbc-wrapper\"><div id=\"gbc-container-gbc-d8946d-ef\" class=\"inner-container\">\n<div id=\"gbc-6a0ed7-3e\" class=\"wp-block-pt-ipleiria-ued-wp-theme-ipleiria-gutenbergblocks-container gbc gbc-view row-valign-top align-none\"><div class=\"gbc-background-overlay gbc-background-overlay-normal\" style=\"opacity:0.3\"><\/div><div class=\"gbc-wrapper\" style=\"padding-top:60px;padding-bottom:60px\"><div id=\"gbc-container-gbc-6a0ed7-3e\" class=\"inner-container container\">\n<div class=\"wp-container-15 wp-block-columns\">\n<div class=\"wp-container-10 wp-block-column\">\n<div style=\"height:20px\" aria-hidden=\"true\" class=\"wp-block-spacer\"><\/div>\n\n\n\n<figure class=\"wp-block-image size-full\"><img loading=\"lazy\" width=\"640\" height=\"427\" src=\"https:\/\/www.ipleiria.pt\/estg\/wp-content\/uploads\/sites\/32\/2022\/07\/DEE-Lab-de-Robotica_640-1.jpg\" alt=\"\" class=\"wp-image-2710\" srcset=\"https:\/\/www.ipleiria.pt\/estg\/wp-content\/uploads\/sites\/32\/2022\/07\/DEE-Lab-de-Robotica_640-1.jpg 640w, https:\/\/www.ipleiria.pt\/estg\/wp-content\/uploads\/sites\/32\/2022\/07\/DEE-Lab-de-Robotica_640-1-300x200.jpg 300w\" sizes=\"(max-width: 640px) 100vw, 640px\" \/><\/figure>\n<\/div>\n\n\n\n<div class=\"wp-container-14 wp-block-column\">\n<p class=\"is-style-theme-subtitle\">Est\u00e1gios<\/p>\n\n\n\n<h2 class=\"is-style-theme-title\" id=\"extracurriculares\">Extracurriculares<\/h2>\n\n\n\n<p>Podem candidatar-se a est\u00e1gio, os estudantes que se encontrem a frequentar os cursos de licenciatura e t\u00e9cnico superior profissional em funcionamento na Escola [artigo 14\u00ba do Regulamento de Est\u00e1gios] tendo, a candidatura, que ser realizada at\u00e9 ao final do m\u00eas de Maio.<\/p>\n\n\n\n<p>Os est\u00e1gio extracurriculares decorrem no per\u00edodo de interrup\u00e7\u00e3o das atividades letivas, entre anos letivos (Artigo 15\u00ba).<\/p>\n\n\n\n<div class=\"wp-container-13 wp-block-columns\">\n<div class=\"wp-container-11 wp-block-column\">\n<p><a href=\"https:\/\/www.ipleiria.pt\/estg\/wp-content\/uploads\/sites\/32\/2025\/05\/Acordo_estagio_extracurricular.pdf\" target=\"_blank\" rel=\"noreferrer noopener\">Acordo de acordo de est\u00e1gio<\/a><\/p>\n<\/div>\n\n\n\n<div class=\"wp-container-12 wp-block-column\">\n<p><a href=\"https:\/\/www.ipleiria.pt\/estg\/wp-content\/uploads\/sites\/32\/2025\/05\/FichaCandidatura_EstagioExtracurricular_24_25.doc\" target=\"_blank\" rel=\"noreferrer noopener\">Ficha de candidatura<\/a><\/p>\n<\/div>\n<\/div>\n<\/div>\n<\/div>\n<\/div><\/div><\/div>\n<\/div><\/div><\/div>\n\n\n\n<h2 class=\"is-style-theme-title has-background-dark-color-color has-text-color\" id=\"dossier-tecnico-pedagogico\">Dossier t\u00e9cnico-pedag\u00f3gico<\/h2>\n\n\n\n<p class=\"has-text-align-left\"><em>Em atualiza\u00e7\u00e3o\u2026<\/em><\/p>\n\n\n\n<hr class=\"wp-block-separator has-alpha-channel-opacity is-style-wide\"\/>\n\n\n\n<h2 class=\"is-style-theme-title\" id=\"horario-do-gabinete\">Hor\u00e1rio do Gabinete<\/h2>\n\n\n\n<div style=\"height:1px\" aria-hidden=\"true\" class=\"wp-block-spacer\"><\/div>\n\n\n\n<figure class=\"wp-block-table is-style-stripes\"><table class=\"has-fixed-layout\"><thead><tr><th>Dia da semana \/\/&nbsp;<em>Day of week<\/em><\/th><th>Horas \/\/&nbsp;<em>hours<\/em><\/th><\/tr><\/thead><tbody><tr><td>Segundas, ter\u00e7as, quintas e sextas<br><em>Mondays and Fridays<\/em><\/td><td>Manh\u00e3 \/\/ Morning: 10h00 \u2013 12h00<br>Tarde \/\/&nbsp;<em>Afternoon:<\/em>&nbsp;14h00 \u2013 16h00<\/td><\/tr><tr><td>Quartas \/\/&nbsp;<em>Wednesdays<\/em>*<br>*apenas durante o per\u00edodo de atividades letivas \/\/ <em>only during the period of school activities<\/em><\/td><td>Manh\u00e3 \/\/&nbsp;<em>Morning<\/em>: 10h00 \u2013 12h00<\/td><\/tr><tr><td><\/td><td><\/td><\/tr><\/tbody><\/table><\/figure>\n\n\n\n<hr class=\"wp-block-separator has-alpha-channel-opacity is-style-wide\"\/>\n\n\n\n<div class=\"wp-container-18 wp-block-columns\">\n<div class=\"wp-container-16 wp-block-column\" style=\"flex-basis:66.66%\">\n<h2 class=\"is-style-theme-title\" id=\"estagios-na-uniao-europeia\">Est\u00e1gios na Uni\u00e3o Europeia<\/h2>\n\n\n\n<p>A Uni\u00e3o Europeia (UE) oferece uma grande variedade de oportunidades de trabalho num ambiente multicultural e multilingue. O <strong>Servi\u00e7o Europeu de Selec\u00e7\u00e3o de Pessoal<\/strong> (EPSO) \u00e9 respons\u00e1vel pela sele\u00e7\u00e3o do pessoal, que \u00e9 feita principalmente atrav\u00e9s de concursos gerais. As institui\u00e7\u00f5es e \u00f3rg\u00e3os da UE tamb\u00e9m aceitam estagi\u00e1rios.<\/p>\n\n\n\n<p><a href=\"http:\/\/curia.europa.eu\/jcms\/jcms\/Jo2_7008\/traineeships\" target=\"_blank\" rel=\"noreferrer noopener\">Tribunal de Justi\u00e7a<\/a><\/p>\n<\/div>\n\n\n\n<div class=\"wp-container-17 wp-block-column\" style=\"flex-basis:33.33%\"><\/div>\n<\/div>\n\n\n\n<div style=\"height:60px\" aria-hidden=\"true\" class=\"wp-block-spacer\"><\/div>\n","protected":false},"excerpt":{"rendered":"ESTG Est\u00e1gios O est\u00e1gio tem por finalidade permitir ao estudante uma primeira inser\u00e7\u00e3o em ambiente real de trabalho, em fun\u00e7\u00f5es relacionadas com a sua \u00e1rea de forma\u00e7\u00e3o, permitindo ao estagi\u00e1rio aplicar os conhecimentos adquiridos na sua vida acad\u00e9mica. Procura-se dar ao estudante a oportunidade de aumentar o seus conhecimentos consolidando-os com exerc\u00edcios pr\u00e1ticos em contexto [&hellip;]","protected":false},"author":1,"featured_media":4797,"parent":549,"menu_order":40,"comment_status":"closed","ping_status":"closed","template":"","meta":{"custompostfields_banners":""},"_links":{"self":[{"href":"https:\/\/www.ipleiria.pt\/estg\/wp-json\/wp\/v2\/pages\/763"}],"collection":[{"href":"https:\/\/www.ipleiria.pt\/estg\/wp-json\/wp\/v2\/pages"}],"about":[{"href":"https:\/\/www.ipleiria.pt\/estg\/wp-json\/wp\/v2\/types\/page"}],"author":[{"embeddable":true,"href":"https:\/\/www.ipleiria.pt\/estg\/wp-json\/wp\/v2\/users\/1"}],"replies":[{"embeddable":true,"href":"https:\/\/www.ipleiria.pt\/estg\/wp-json\/wp\/v2\/comments?post=763"}],"version-history":[{"count":49,"href":"https:\/\/www.ipleiria.pt\/estg\/wp-json\/wp\/v2\/pages\/763\/revisions"}],"predecessor-version":[{"id":12749,"href":"https:\/\/www.ipleiria.pt\/estg\/wp-json\/wp\/v2\/pages\/763\/revisions\/12749"}],"up":[{"embeddable":true,"href":"https:\/\/www.ipleiria.pt\/estg\/wp-json\/wp\/v2\/pages\/549"}],"wp:featuredmedia":[{"embeddable":true,"href":"https:\/\/www.ipleiria.pt\/estg\/wp-json\/wp\/v2\/media\/4797"}],"wp:attachment":[{"href":"https:\/\/www.ipleiria.pt\/estg\/wp-json\/wp\/v2\/media?parent=763"}],"curies":[{"name":"wp","href":"https:\/\/api.w.org\/{rel}","templated":true}]}}