{"id":791,"date":"2022-04-27T13:25:49","date_gmt":"2022-04-27T13:25:49","guid":{"rendered":"https:\/\/www.ipleiria.pt\/estg\/?page_id=791"},"modified":"2026-03-13T14:44:40","modified_gmt":"2026-03-13T14:44:40","slug":"sigq","status":"publish","type":"page","link":"https:\/\/www.ipleiria.pt\/estg\/inovar\/qualidade\/sigq\/","title":{"rendered":"SIGQ"},"content":{"rendered":"\n<div class=\"wp-container-3 wp-block-columns\">\n<div class=\"wp-container-1 wp-block-column\">\n<h2 class=\"is-style-theme-subtitle\">SIGQ<\/h2>\n\n\n\n<h2 class=\"is-style-theme-title\">Sistema Interno de Garantia da Qualidade do IPLeiria<\/h2>\n\n\n\n<p><\/p>\n\n\n\n<p>O&nbsp;Sistema Interno de Garantia da Qualidade&nbsp;do IPLeiria \u2013&nbsp;SIGQ\/IPLeiria&nbsp;\u2013 traduz-se na implementa\u00e7\u00e3o de estrat\u00e9gias e pol\u00edticas de garantia da qualidade nos seus ciclos de estudos, bem como dos procedimentos adequados \u00e0 sua concretiza\u00e7\u00e3o, com vista \u00e0 melhoria cont\u00ednua. <\/p>\n\n\n\n<p>O Manual de Apoio ao Sistema Interno de Garantia da Qualidade do Polit\u00e9cnico de Leiria estabelece as bases de todo o sistema, definindo e caraterizando os principais mecanismos, processos e intervenientes.<\/p>\n\n\n\n<div style=\"height:35px\" aria-hidden=\"true\" class=\"wp-block-spacer\"><\/div>\n\n\n\n<div class=\"wp-block-file\"><a id=\"wp-block-file--media-455846f1-7366-49e2-9b97-499e254ee4b9\" href=\"https:\/\/www.ipleiria.pt\/estg\/wp-content\/uploads\/sites\/32\/2022\/07\/MASIGQ_PolitecnicoLeiria_2018.pdf\" target=\"_blank\" rel=\"noreferrer noopener\">Manual de Apoio ao Sistema Interno de Garantia da Qualidade<\/a><\/div>\n<\/div>\n\n\n\n<div class=\"wp-container-2 wp-block-column\"><div class=\"wp-block-image\">\n<figure class=\"aligncenter size-full is-resized\"><img loading=\"lazy\" src=\"https:\/\/www.ipleiria.pt\/estg\/wp-content\/uploads\/sites\/32\/2022\/07\/manual.jpg\" alt=\"\" class=\"wp-image-2976\" width=\"377\" height=\"539\" srcset=\"https:\/\/www.ipleiria.pt\/estg\/wp-content\/uploads\/sites\/32\/2022\/07\/manual.jpg 503w, https:\/\/www.ipleiria.pt\/estg\/wp-content\/uploads\/sites\/32\/2022\/07\/manual-210x300.jpg 210w\" sizes=\"(max-width: 377px) 100vw, 377px\" \/><\/figure><\/div><\/div>\n<\/div>\n\n\n\n<div style=\"height:50px\" aria-hidden=\"true\" class=\"wp-block-spacer\"><\/div>\n\n\n\n<hr class=\"wp-block-separator has-alpha-channel-opacity\"\/>\n\n\n\n<div style=\"height:50px\" aria-hidden=\"true\" class=\"wp-block-spacer\"><\/div>\n\n\n\n<div class=\"wp-container-7 wp-block-columns\">\n<div class=\"wp-container-4 wp-block-column\">\n<div style=\"height:20px\" aria-hidden=\"true\" class=\"wp-block-spacer\"><\/div>\n\n\n\n<figure class=\"wp-block-image size-full\"><img loading=\"lazy\" width=\"571\" height=\"264\" src=\"https:\/\/www.ipleiria.pt\/estg\/wp-content\/uploads\/sites\/32\/2026\/03\/noticia.jpg\" alt=\"\" class=\"wp-image-12750\" srcset=\"https:\/\/www.ipleiria.pt\/estg\/wp-content\/uploads\/sites\/32\/2026\/03\/noticia.jpg 571w, https:\/\/www.ipleiria.pt\/estg\/wp-content\/uploads\/sites\/32\/2026\/03\/noticia-300x139.jpg 300w\" sizes=\"(max-width: 571px) 100vw, 571px\" \/><\/figure>\n<\/div>\n\n\n\n<div class=\"wp-container-6 wp-block-column\">\n<p class=\"is-style-theme-subtitle\">unidades curriculares<\/p>\n\n\n\n<h2 class=\"is-style-theme-title\" id=\"block-0254a797-c151-40cc-9b72-3aa3a17a3b83\">Avalia\u00e7\u00e3o Pedag\u00f3gica <\/h2>\n\n\n\n<p>A avalia\u00e7\u00e3o pedag\u00f3gica das UCs \u00e9 um instrumento fundamental de monitoriza\u00e7\u00e3o e melhoria cont\u00ednua dos processos de ensino e aprendizagem do Polit\u00e9cnico de Leiria.<br>Semestralmente, estudantes, professores e diversos \u00f3rg\u00e3os participam ativamente na resposta aos inqu\u00e9ritos pedag\u00f3gicos, na an\u00e1lise de resultados e na proposta de medidas que visam a qualidade e sucesso acad\u00e9mico<\/p>\n\n\n\n<div class=\"wp-container-5 is-content-justification-left wp-block-buttons\">\n<div class=\"wp-block-button is-style-theme-button-outline\"><a class=\"wp-block-button__link\">Plataforma de Avalia\u00e7\u00e3o Pedag\u00f3gica<\/a><\/div>\n<\/div>\n<\/div>\n<\/div>\n\n\n\n<div style=\"height:60px\" aria-hidden=\"true\" class=\"wp-block-spacer\"><\/div>\n","protected":false},"excerpt":{"rendered":"SIGQ Sistema Interno de Garantia da Qualidade do IPLeiria O&nbsp;Sistema Interno de Garantia da Qualidade&nbsp;do IPLeiria \u2013&nbsp;SIGQ\/IPLeiria&nbsp;\u2013 traduz-se na implementa\u00e7\u00e3o de estrat\u00e9gias e pol\u00edticas de garantia da qualidade nos seus ciclos de estudos, bem como dos procedimentos adequados \u00e0 sua concretiza\u00e7\u00e3o, com vista \u00e0 melhoria cont\u00ednua. O Manual de Apoio ao Sistema Interno de Garantia [&hellip;]","protected":false},"author":4,"featured_media":5217,"parent":830,"menu_order":1,"comment_status":"closed","ping_status":"closed","template":"","meta":{"custompostfields_banners":""},"_links":{"self":[{"href":"https:\/\/www.ipleiria.pt\/estg\/wp-json\/wp\/v2\/pages\/791"}],"collection":[{"href":"https:\/\/www.ipleiria.pt\/estg\/wp-json\/wp\/v2\/pages"}],"about":[{"href":"https:\/\/www.ipleiria.pt\/estg\/wp-json\/wp\/v2\/types\/page"}],"author":[{"embeddable":true,"href":"https:\/\/www.ipleiria.pt\/estg\/wp-json\/wp\/v2\/users\/4"}],"replies":[{"embeddable":true,"href":"https:\/\/www.ipleiria.pt\/estg\/wp-json\/wp\/v2\/comments?post=791"}],"version-history":[{"count":13,"href":"https:\/\/www.ipleiria.pt\/estg\/wp-json\/wp\/v2\/pages\/791\/revisions"}],"predecessor-version":[{"id":12781,"href":"https:\/\/www.ipleiria.pt\/estg\/wp-json\/wp\/v2\/pages\/791\/revisions\/12781"}],"up":[{"embeddable":true,"href":"https:\/\/www.ipleiria.pt\/estg\/wp-json\/wp\/v2\/pages\/830"}],"wp:featuredmedia":[{"embeddable":true,"href":"https:\/\/www.ipleiria.pt\/estg\/wp-json\/wp\/v2\/media\/5217"}],"wp:attachment":[{"href":"https:\/\/www.ipleiria.pt\/estg\/wp-json\/wp\/v2\/media?parent=791"}],"curies":[{"name":"wp","href":"https:\/\/api.w.org\/{rel}","templated":true}]}}