{"id":794,"date":"2022-04-27T13:28:05","date_gmt":"2022-04-27T13:28:05","guid":{"rendered":"https:\/\/www.ipleiria.pt\/estg\/?page_id=794"},"modified":"2022-10-13T08:55:57","modified_gmt":"2022-10-13T08:55:57","slug":"avaliacao-interna-dos-cursos","status":"publish","type":"page","link":"https:\/\/www.ipleiria.pt\/estg\/inovar\/qualidade\/avaliacao-interna-dos-cursos\/","title":{"rendered":"Avalia\u00e7\u00e3o interna dos cursos"},"content":{"rendered":"\n<p class=\"has-text-align-left is-style-theme-subtitle\">Cursos<\/p>\n\n\n\n<div class=\"wp-container-3 wp-block-columns\">\n<div class=\"wp-container-1 wp-block-column\">\n<h2 class=\"has-text-align-left is-style-theme-title\">Avalia\u00e7\u00e3o Interna<\/h2>\n\n\n\n<p>Anualmente, e como definido estatutariamente, o&nbsp;Coordenador de Curso&nbsp;(TeSP, licenciatura ou mestrado) elabora, em articula\u00e7\u00e3o com a respetiva&nbsp;Comiss\u00e3o Cient\u00edfico-Pedag\u00f3gica, um relat\u00f3rio cr\u00edtico sobre o funcionamento do mesmo, com base num conjunto de dados compilados (sucesso e abandono escolar, atividades desenvolvidas, resultados dos inqu\u00e9ritos pedag\u00f3gicos, entre outros). <\/p>\n\n\n\n<p>O relat\u00f3rio \u00e9 alvo de aprecia\u00e7\u00e3o pelo&nbsp;Conselho T\u00e9cnico-Cient\u00edfico&nbsp;e pelo&nbsp;Conselho Pedag\u00f3gico&nbsp;da ESTG, sendo, posteriormente, apreciado pelo&nbsp;Conselho para a Avalia\u00e7\u00e3o e Qualidade&nbsp;do IPLeiria. Estes relat\u00f3rios de avalia\u00e7\u00e3o, bem como os pareceres dos \u00d3rg\u00e3os internos, podem ser consultados na plataforma.<\/p>\n<\/div>\n\n\n\n<div class=\"wp-container-2 wp-block-column\">\n<figure class=\"wp-block-image size-full img-cover\"><img loading=\"lazy\" width=\"1024\" height=\"661\" src=\"https:\/\/www.ipleiria.pt\/estg\/wp-content\/uploads\/sites\/32\/2022\/10\/MG_4130.jpg\" alt=\"\" class=\"wp-image-4744\" srcset=\"https:\/\/www.ipleiria.pt\/estg\/wp-content\/uploads\/sites\/32\/2022\/10\/MG_4130.jpg 1024w, https:\/\/www.ipleiria.pt\/estg\/wp-content\/uploads\/sites\/32\/2022\/10\/MG_4130-300x194.jpg 300w, https:\/\/www.ipleiria.pt\/estg\/wp-content\/uploads\/sites\/32\/2022\/10\/MG_4130-768x496.jpg 768w\" sizes=\"(max-width: 1024px) 100vw, 1024px\" \/><\/figure>\n<\/div>\n<\/div>\n\n\n\n<div style=\"height:60px\" aria-hidden=\"true\" class=\"wp-block-spacer\"><\/div>\n\n\n\n<div id=\"gbc-79248d-08\" class=\"wp-block-pt-ipleiria-ued-wp-theme-ipleiria-gutenbergblocks-container gbc gbc-view row-valign-top align-full\" style=\"background-color:#F3F3F3;margin-bottom:-25px\"><div class=\"gbc-background-overlay gbc-background-overlay-normal\" style=\"opacity:0.3\"><\/div><div class=\"gbc-wrapper\" style=\"padding-top:0px;padding-bottom:0px\"><div id=\"gbc-container-gbc-79248d-08\" class=\"inner-container\">\n<div id=\"gbc-2fa6b7-44\" class=\"wp-block-pt-ipleiria-ued-wp-theme-ipleiria-gutenbergblocks-container gbc gbc-view row-valign-top align-none\"><div class=\"gbc-background-overlay gbc-background-overlay-normal\" style=\"opacity:0.3\"><\/div><div class=\"gbc-wrapper\" style=\"padding-top:60px;padding-bottom:60px\"><div id=\"gbc-container-gbc-2fa6b7-44\" class=\"inner-container container\">\n<div class=\"wp-container-7 wp-block-columns\">\n<div class=\"wp-container-4 wp-block-column is-vertically-aligned-center\" style=\"flex-basis:75%\">\n<p class=\"is-style-theme-title\">Consulta os relat\u00f3rios. Acede \u00e0 Plataforma.<\/p>\n<\/div>\n\n\n\n<div class=\"wp-container-6 wp-block-column\" style=\"flex-basis:25%\">\n<div class=\"wp-container-5 is-content-justification-center wp-block-buttons\">\n<div class=\"wp-block-button is-style-theme-button-outline\"><a class=\"wp-block-button__link\" href=\"https:\/\/colaborar.ipleiria.pt\/escolas\/estg\/cursos\/rc\/default.aspx\">Colaborar<\/a><\/div>\n<\/div>\n<\/div>\n<\/div>\n<\/div><\/div><\/div>\n<\/div><\/div><\/div>\n","protected":false},"excerpt":{"rendered":"Cursos Avalia\u00e7\u00e3o Interna Anualmente, e como definido estatutariamente, o&nbsp;Coordenador de Curso&nbsp;(TeSP, licenciatura ou mestrado) elabora, em articula\u00e7\u00e3o com a respetiva&nbsp;Comiss\u00e3o Cient\u00edfico-Pedag\u00f3gica, um relat\u00f3rio cr\u00edtico sobre o funcionamento do mesmo, com base num conjunto de dados compilados (sucesso e abandono escolar, atividades desenvolvidas, resultados dos inqu\u00e9ritos pedag\u00f3gicos, entre outros). O relat\u00f3rio \u00e9 alvo de aprecia\u00e7\u00e3o pelo&nbsp;Conselho [&hellip;]","protected":false},"author":4,"featured_media":5217,"parent":830,"menu_order":2,"comment_status":"closed","ping_status":"closed","template":"","meta":{"custompostfields_banners":""},"_links":{"self":[{"href":"https:\/\/www.ipleiria.pt\/estg\/wp-json\/wp\/v2\/pages\/794"}],"collection":[{"href":"https:\/\/www.ipleiria.pt\/estg\/wp-json\/wp\/v2\/pages"}],"about":[{"href":"https:\/\/www.ipleiria.pt\/estg\/wp-json\/wp\/v2\/types\/page"}],"author":[{"embeddable":true,"href":"https:\/\/www.ipleiria.pt\/estg\/wp-json\/wp\/v2\/users\/4"}],"replies":[{"embeddable":true,"href":"https:\/\/www.ipleiria.pt\/estg\/wp-json\/wp\/v2\/comments?post=794"}],"version-history":[{"count":14,"href":"https:\/\/www.ipleiria.pt\/estg\/wp-json\/wp\/v2\/pages\/794\/revisions"}],"predecessor-version":[{"id":5218,"href":"https:\/\/www.ipleiria.pt\/estg\/wp-json\/wp\/v2\/pages\/794\/revisions\/5218"}],"up":[{"embeddable":true,"href":"https:\/\/www.ipleiria.pt\/estg\/wp-json\/wp\/v2\/pages\/830"}],"wp:featuredmedia":[{"embeddable":true,"href":"https:\/\/www.ipleiria.pt\/estg\/wp-json\/wp\/v2\/media\/5217"}],"wp:attachment":[{"href":"https:\/\/www.ipleiria.pt\/estg\/wp-json\/wp\/v2\/media?parent=794"}],"curies":[{"name":"wp","href":"https:\/\/api.w.org\/{rel}","templated":true}]}}