{"id":547,"date":"2024-10-02T14:49:33","date_gmt":"2024-10-02T13:49:33","guid":{"rendered":"https:\/\/www.ipleiria.pt\/estm\/?page_id=547"},"modified":"2024-10-14T14:49:33","modified_gmt":"2024-10-14T13:49:33","slug":"contactos","status":"publish","type":"page","link":"https:\/\/www.ipleiria.pt\/estm\/escola\/quem-somos\/contactos\/","title":{"rendered":"Contactos"},"content":{"rendered":"\n<p class=\"is-style-theme-subtitle\">ESTM<\/p>\n\n\n\n<h2 class=\"is-style-theme-title\">Contactos <\/h2>\n\n\n\n<div class=\"wp-container-3 wp-block-columns\">\n<div class=\"wp-container-1 wp-block-column\">\n<p><strong>Escola Superior de Turismo e Tecnologia do Mar<br><\/strong>Campus 4<br>Rua do Conhecimento, n\u00ba 4<br>2520\u2013614 Peniche \u2013 PORTUGAL<\/p>\n\n\n\n<p>Telf:&nbsp;+351 262 783 607<br>Fax:&nbsp;+351 262 783 088<\/p>\n\n\n\n<p>e-mail:\u00a0<a href=\"mailto:estm@estm.ipleiria.pt\">estm@ipleiria.pt<\/a><\/p>\n\n\n\n<h3>Servi\u00e7os de Gest\u00e3o Acad\u00e9mica<\/h3>\n\n\n\n<p>E-mail:\u00a0<a href=\"mailto:academicos@ipleiria.pt\">academicos@ipleiria.pt<\/a>\u00a0<br>Tel: (+351) 244\u00a0820\u00a0312<br><\/p>\n<\/div>\n\n\n\n<div class=\"wp-container-2 wp-block-column\">\n<div style=\"height:15px\" aria-hidden=\"true\" class=\"wp-block-spacer\"><\/div>\n\n\n\n<iframe src=\"https:\/\/www.google.com\/maps\/embed?pb=!1m18!1m12!1m3!1d3084.61890631897!2d-9.405745223574007!3d39.3648659189858!2m3!1f0!2f0!3f0!3m2!1i1024!2i768!4f13.1!3m3!1m2!1s0xd1f45cfcc0c1ec9%3A0xcbf5cb7e2a246e3a!2sPolit%C3%A9cnico%20de%20Leiria%20-%20Escola%20Superior%20de%20Turismo%20e%20Tecnologia%20do%20Mar%20(ESTM)!5e0!3m2!1spt-PT!2spt!4v1728913655186!5m2!1spt-PT!2spt\" width=\"600\" height=\"450\" style=\"border:0;\" allowfullscreen=\"\" loading=\"lazy\" referrerpolicy=\"no-referrer-when-downgrade\"><\/iframe>\n<\/div>\n<\/div>\n","protected":false},"excerpt":{"rendered":"ESTM Contactos Escola Superior de Turismo e Tecnologia do MarCampus 4Rua do Conhecimento, n\u00ba 42520\u2013614 Peniche \u2013 PORTUGAL Telf:&nbsp;+351 262 783 607Fax:&nbsp;+351 262 783 088 e-mail:\u00a0estm@ipleiria.pt Servi\u00e7os de Gest\u00e3o Acad\u00e9mica E-mail:\u00a0academicos@ipleiria.pt\u00a0Tel: (+351) 244\u00a0820\u00a0312","protected":false},"author":4,"featured_media":0,"parent":534,"menu_order":60,"comment_status":"closed","ping_status":"closed","template":"","meta":{"multilingual_post_translation":"","page_post-custom-url":"","page_post-custom-url-target":""},"_links":{"self":[{"href":"https:\/\/www.ipleiria.pt\/estm\/wp-json\/wp\/v2\/pages\/547"}],"collection":[{"href":"https:\/\/www.ipleiria.pt\/estm\/wp-json\/wp\/v2\/pages"}],"about":[{"href":"https:\/\/www.ipleiria.pt\/estm\/wp-json\/wp\/v2\/types\/page"}],"author":[{"embeddable":true,"href":"https:\/\/www.ipleiria.pt\/estm\/wp-json\/wp\/v2\/users\/4"}],"replies":[{"embeddable":true,"href":"https:\/\/www.ipleiria.pt\/estm\/wp-json\/wp\/v2\/comments?post=547"}],"version-history":[{"count":8,"href":"https:\/\/www.ipleiria.pt\/estm\/wp-json\/wp\/v2\/pages\/547\/revisions"}],"predecessor-version":[{"id":2347,"href":"https:\/\/www.ipleiria.pt\/estm\/wp-json\/wp\/v2\/pages\/547\/revisions\/2347"}],"up":[{"embeddable":true,"href":"https:\/\/www.ipleiria.pt\/estm\/wp-json\/wp\/v2\/pages\/534"}],"wp:attachment":[{"href":"https:\/\/www.ipleiria.pt\/estm\/wp-json\/wp\/v2\/media?parent=547"}],"curies":[{"name":"wp","href":"https:\/\/api.w.org\/{rel}","templated":true}]}}