{"id":577,"date":"2024-10-02T14:54:58","date_gmt":"2024-10-02T13:54:58","guid":{"rendered":"https:\/\/www.ipleiria.pt\/estm\/?page_id=577"},"modified":"2024-10-17T18:38:52","modified_gmt":"2024-10-17T17:38:52","slug":"guia-de-acolhimento","status":"publish","type":"page","link":"https:\/\/www.ipleiria.pt\/estm\/estudante\/dia-a-dia\/guia-de-acolhimento\/","title":{"rendered":"Guia de acolhimento"},"content":{"rendered":"\n<div class=\"wp-container-6 wp-block-columns\">\n<div class=\"wp-container-4 wp-block-column\" style=\"flex-basis:60%\">\n<p class=\"is-style-theme-subtitle-inherit-color\">BEM-VINDO \u00c0 ESTM<\/p>\n\n\n\n<h4 class=\"is-style-theme-title\">\u201cNa onda do teu futuro!\u201d<\/h4>\n\n\n\n<p>Uma Institui\u00e7\u00e3o de Ensino Superior P\u00fablico integrada no Instituto Polit\u00e9cnico de Leiria &nbsp;e tem &nbsp;por miss\u00e3o ministrar forma\u00e7\u00e3o inicial, cont\u00ednua e p\u00f3s-graduada, com elevados padr\u00f5es de qualidade, nas \u00e1reas do Turismo e das Ci\u00eancias e Tecnologias do Mar. &nbsp;O desenvolvimento de atividades de investiga\u00e7\u00e3o e presta\u00e7\u00e3o de servi\u00e7os, visando a forma\u00e7\u00e3o de profissionais com elevado n\u00edvel de prepara\u00e7\u00e3o nos aspetos cient\u00edfico, t\u00e9cnico e cultural; a realiza\u00e7\u00e3o de atividades de pesquisa e investiga\u00e7\u00e3o; a organiza\u00e7\u00e3o e a realiza\u00e7\u00e3o de projetos de atualiza\u00e7\u00e3o e reconvers\u00e3o profissional; o interc\u00e2mbio cient\u00edfico, t\u00e9cnico e cultural com institui\u00e7\u00f5es cong\u00e9neres ou que visem objetivos semelhantes ou convergentes e a presta\u00e7\u00e3o de servi\u00e7os \u00e0 comunidade nas \u00e1reas cient\u00edficas e tecnol\u00f3gicas s\u00e3o outros objetivos desta institui\u00e7\u00e3o de ensino superior.<\/p>\n\n\n\n<div class=\"wp-container-3 wp-block-columns\">\n<div class=\"wp-container-2 wp-block-column\">\n<div class=\"wp-container-1 wp-block-buttons\">\n<div class=\"wp-block-button is-style-theme-button-outline\"><a class=\"wp-block-button__link\" href=\"https:\/\/www.ipleiria.pt\/estm\/escola\/\">A ESTM<\/a><\/div>\n<\/div>\n<\/div>\n<\/div>\n\n\n\n<div style=\"height:70px\" aria-hidden=\"true\" class=\"wp-block-spacer\"><\/div>\n<\/div>\n\n\n\n<div class=\"wp-container-5 wp-block-column\">\n<figure class=\"wp-block-image size-large\"><img loading=\"lazy\" width=\"683\" height=\"1024\" src=\"https:\/\/www.ipleiria.pt\/estm\/wp-content\/uploads\/sites\/28\/2024\/10\/MG_9624-683x1024.jpg\" alt=\"\" class=\"wp-image-955\" srcset=\"https:\/\/www.ipleiria.pt\/estm\/wp-content\/uploads\/sites\/28\/2024\/10\/MG_9624-683x1024.jpg 683w, https:\/\/www.ipleiria.pt\/estm\/wp-content\/uploads\/sites\/28\/2024\/10\/MG_9624-200x300.jpg 200w, https:\/\/www.ipleiria.pt\/estm\/wp-content\/uploads\/sites\/28\/2024\/10\/MG_9624-768x1152.jpg 768w, https:\/\/www.ipleiria.pt\/estm\/wp-content\/uploads\/sites\/28\/2024\/10\/MG_9624-1024x1536.jpg 1024w, https:\/\/www.ipleiria.pt\/estm\/wp-content\/uploads\/sites\/28\/2024\/10\/MG_9624.jpg 1280w\" sizes=\"(max-width: 683px) 100vw, 683px\" \/><\/figure>\n<\/div>\n<\/div>\n\n\n\n<hr class=\"wp-block-separator has-alpha-channel-opacity is-style-wide\"\/>\n\n\n\n<div style=\"height:30px\" aria-hidden=\"true\" class=\"wp-block-spacer\"><\/div>\n\n\n\n<p class=\"is-style-theme-subtitle-inherit-color\">Unidades curriculares<\/p>\n\n\n\n<h2 class=\"is-style-theme-title\">Matr\u00edculas e Inscri\u00e7\u00e3o <\/h2>\n\n\n\n<div class=\"wp-container-10 wp-block-columns\">\n<div class=\"wp-container-8 wp-block-column\">\n<p>Acede ao Portal do Estudante para te matriculares e inscreveres nas Unidades Curriculares. Ap\u00f3s finalizares a matr\u00edcula, poder\u00e1s obter neste portal o comprovativo de matr\u00edcula (necess\u00e1rio para entregar noutras entidades).<\/p>\n\n\n\n<p>Trata tamb\u00e9m da emiss\u00e3o do teu cart\u00e3o de estudante, essencial para o acesso a alguns espa\u00e7os e servi\u00e7os.<\/p>\n\n\n\n<div class=\"wp-container-7 wp-block-buttons\">\n<div class=\"wp-block-button is-style-theme-button-solid\"><a class=\"wp-block-button__link\" href=\"https:\/\/portaldoestudante.ipleiria.pt\/netpa\/page\" target=\"_blank\" rel=\"noreferrer noopener\">Portal do Estudante<\/a><\/div>\n<\/div>\n<\/div>\n\n\n\n<div class=\"wp-container-9 wp-block-column\">\n<p>Podes aceder&nbsp;<a href=\"https:\/\/www.ipleiria.pt\/estudar\/servicos-academicos\/matriculas-e-inscricoes\/\" data-type=\"URL\" data-id=\"https:\/\/www.ipleiria.pt\/estudar\/servicos-academicos\/matriculas-e-inscricoes\/\">online&nbsp;<\/a>aos Servi\u00e7os Acad\u00e9micos (SA) para tratar de matr\u00edculas, inscri\u00e7\u00f5es e pagamentos. No&nbsp;Portal do Estudante, podes consultar&nbsp;<em>online<\/em>&nbsp;o teu hor\u00e1rio, tratar de inscri\u00e7\u00f5es e pagamentos, aceder a programas das disciplinas  e a sum\u00e1rios.<\/p>\n<\/div>\n<\/div>\n\n\n\n<div style=\"height:60px\" aria-hidden=\"true\" class=\"wp-block-spacer\"><\/div>\n\n\n\n<div id=\"gbc-_9bf325-a7\" class=\"wp-block-pt-ipleiria-ued-wp-theme-ipleiria-gutenbergblocks-container gbc gbc-view row-valign-top align-full\" style=\"background-color:#F3F3F3\"><div class=\"gbc-background-overlay gbc-background-overlay-normal\" style=\"opacity:0.3\"><\/div><div class=\"gbc-wrapper\" style=\"padding-top:100px;padding-bottom:60px\"><div id=\"gbc-container-gbc-_9bf325-a7\" class=\"inner-container container\">\n<p class=\"has-text-align-center is-style-theme-subtitle\">Links r\u00e1pidos<\/p>\n\n\n\n<p class=\"has-text-align-center is-style-theme-title\">Acesso a plataformas<\/p>\n\n\n\n<p class=\"has-text-align-center\">Nesta p\u00e1gina podes encontrar links r\u00e1pidos das v\u00e1rias plataformas do Polit\u00e9cnico de Leiria entre elas acesso ao teu email, foi-te criada uma conta de e-mail (numero_de_estudante@my.ipleiria.pt). Tens Wi-fi (gratuito) em todas as Escolas, resid\u00eancias, cantinas e espa\u00e7os do Polit\u00e9cnico de Leiria. Podes descobrir como configurar o Wi-fi e o e-mail na&nbsp;p\u00e1gina&nbsp;dos Servi\u00e7os de Inform\u00e1tica (SI). Todas as Unidades Curriculares (UCs) t\u00eam um espa\u00e7o no Moodle. Acede a&nbsp;ead.ipleiria.pt, para veres se j\u00e1 h\u00e1 informa\u00e7\u00f5es e materiais disponibilizados pelos teus professores.<\/p>\n\n\n\n<div class=\"wp-container-11 is-horizontal is-content-justification-center wp-block-buttons\">\n<div class=\"wp-block-button is-style-theme-button-solid\"><a class=\"wp-block-button__link\" href=\"https:\/\/www.ipleiria.pt\/estm\/estudante\/dia-a-dia\/acesso-a-plataformas\/\" target=\"_blank\" rel=\"noreferrer noopener\">Plataformas<\/a><\/div>\n<\/div>\n<\/div><\/div><\/div>\n\n\n\n<div style=\"height:60px\" aria-hidden=\"true\" class=\"wp-block-spacer\"><\/div>\n\n\n\n<p class=\"is-style-theme-subtitle\">servi\u00e7os<\/p>\n\n\n\n<p class=\"has-text-align-left is-style-theme-title\">Acesso a servi\u00e7os <\/p>\n\n\n\n<div class=\"wp-container-16 wp-block-columns\">\n<div class=\"wp-container-12 wp-block-column\">\n<div class=\"wp-block-pt-ipleiria-ued-wp-theme-ipleiria-gutenbergblocks-infobox gbib gbib-view is-style-theme-infobox-caps\"><div class=\"gbib-wrapper gbib-image-wrapper\"><img class=\"gbib-image\" src=\"https:\/\/www.ipleiria.pt\/estm\/wp-content\/uploads\/sites\/28\/2024\/10\/alimentacao.png\" alt=\"\"\/><\/div><div class=\"gbib-wrapper gbib-title-wrapper\"><h2 class=\"gbib-title\">Alimenta\u00e7\u00e3o<\/h2><\/div><div class=\"gbib-wrapper gbib-description-wrapper\"><div class=\"gbib-description\">Podes usar qualquer uma das cinco cantinas e oito bares em todos os\u00a0<em>campi<\/em>. Se comprares antecipadamente a senha, o pre\u00e7o da refei\u00e7\u00e3o \u00e9 mais reduzido.<br><a href=\"https:\/\/www.ipleiria.pt\/viver\/dia-a-dia\/alimentacao\/\" data-type=\"URL\" data-id=\"https:\/\/www.ipleiria.pt\/viver\/dia-a-dia\/alimentacao\/\" target=\"_blank\" rel=\"noreferrer noopener\">Alimenta\u00e7\u00e3o<\/a><\/div><\/div><\/div>\n<\/div>\n\n\n\n<div class=\"wp-container-13 wp-block-column\">\n<div class=\"wp-block-pt-ipleiria-ued-wp-theme-ipleiria-gutenbergblocks-infobox gbib gbib-view is-style-theme-infobox-caps\"><div class=\"gbib-wrapper gbib-image-wrapper\"><img class=\"gbib-image\" src=\"https:\/\/www.ipleiria.pt\/estm\/wp-content\/uploads\/sites\/28\/2024\/10\/medico.png\" alt=\"\"\/><\/div><div class=\"gbib-wrapper gbib-title-wrapper\"><h2 class=\"gbib-title\">Servi\u00e7os M\u00e9dicos<\/h2><\/div><div class=\"gbib-wrapper gbib-description-wrapper\"><div class=\"gbib-description\">Procura saber como recorrer a&nbsp;servi\u00e7os m\u00e9dicos, a pre\u00e7os reduzidos.<br><a rel=\"noreferrer noopener\" href=\"https:\/\/www.ipleiria.pt\/viver\/servicos\/servicos-medicos\/\" data-type=\"URL\" data-id=\"https:\/\/www.ipleiria.pt\/viver\/servicos\/servicos-medicos\/\" target=\"_blank\">Servi\u00e7os M\u00e9dicos<\/a><\/div><\/div><\/div>\n<\/div>\n\n\n\n<div class=\"wp-container-14 wp-block-column\">\n<div class=\"wp-block-pt-ipleiria-ued-wp-theme-ipleiria-gutenbergblocks-infobox gbib gbib-view is-style-theme-infobox-caps\"><div class=\"gbib-wrapper gbib-image-wrapper\"><img class=\"gbib-image\" src=\"https:\/\/www.ipleiria.pt\/estm\/wp-content\/uploads\/sites\/28\/2024\/10\/desporto.png\" alt=\"\"\/><\/div><div class=\"gbib-wrapper gbib-title-wrapper\"><h2 class=\"gbib-title\">Desporto<\/h2><\/div><div class=\"gbib-wrapper gbib-description-wrapper\"><div class=\"gbib-description\">Modalidades desportivas&nbsp;do Polit\u00e9cnico de Leiria.<br><a rel=\"noreferrer noopener\" href=\"https:\/\/www.ipleiria.pt\/viver\/dia-a-dia\/desporto-e-atividade-fisica\/\" data-type=\"URL\" data-id=\"https:\/\/www.ipleiria.pt\/viver\/dia-a-dia\/desporto-e-atividade-fisica\/\" target=\"_blank\">Desporto<\/a><\/div><\/div><\/div>\n<\/div>\n\n\n\n<div class=\"wp-container-15 wp-block-column\">\n<div class=\"wp-block-pt-ipleiria-ued-wp-theme-ipleiria-gutenbergblocks-infobox gbib gbib-view is-style-theme-infobox-caps\"><div class=\"gbib-wrapper gbib-image-wrapper\"><img class=\"gbib-image\" src=\"https:\/\/www.ipleiria.pt\/estm\/wp-content\/uploads\/sites\/28\/2024\/10\/bolsa.png\" alt=\"\"\/><\/div><div class=\"gbib-wrapper gbib-title-wrapper\"><h2 class=\"gbib-title\">Bolsas<\/h2><\/div><div class=\"gbib-wrapper gbib-description-wrapper\"><div class=\"gbib-description\">Podes procurar informa\u00e7\u00e3o sobre bolsas e apoios sociais dos Servi\u00e7os de A\u00e7\u00e3o Social.<br><a rel=\"noreferrer noopener\" href=\"https:\/\/www.ipleiria.pt\/viver\/apoios\/bolsas\/\" data-type=\"URL\" data-id=\"https:\/\/www.ipleiria.pt\/viver\/apoios\/bolsas\/\" target=\"_blank\">Bolsas<\/a><\/div><\/div><\/div>\n<\/div>\n<\/div>\n\n\n\n<div class=\"wp-container-21 wp-block-columns\">\n<div class=\"wp-container-17 wp-block-column\">\n<div class=\"wp-block-pt-ipleiria-ued-wp-theme-ipleiria-gutenbergblocks-infobox gbib gbib-view is-style-theme-infobox-caps\"><div class=\"gbib-wrapper gbib-image-wrapper\"><img class=\"gbib-image\" src=\"https:\/\/www.ipleiria.pt\/estm\/wp-content\/uploads\/sites\/28\/2024\/10\/livro.png\" alt=\"\"\/><\/div><div class=\"gbib-wrapper gbib-title-wrapper\"><h2 class=\"gbib-title\">Bibliotecas<\/h2><\/div><div class=\"gbib-wrapper gbib-description-wrapper\"><div class=\"gbib-description\">Para saberes quais os livros e recursos das bibliotecas, n\u00e3o precisas de sair de casa. Basta consultar o&nbsp;cat\u00e1logo online.<br><a rel=\"noreferrer noopener\" href=\"https:\/\/www.ipleiria.pt\/viver\/sucesso-academico\/bibliotecas\/\" data-type=\"URL\" data-id=\"https:\/\/www.ipleiria.pt\/viver\/sucesso-academico\/bibliotecas\/\" target=\"_blank\">Bibliotecas<\/a><\/div><\/div><\/div>\n<\/div>\n\n\n\n<div class=\"wp-container-18 wp-block-column\">\n<div class=\"wp-block-pt-ipleiria-ued-wp-theme-ipleiria-gutenbergblocks-infobox gbib gbib-view is-style-theme-infobox-caps\"><div class=\"gbib-wrapper gbib-image-wrapper\"><img class=\"gbib-image\" src=\"https:\/\/www.ipleiria.pt\/estm\/wp-content\/uploads\/sites\/28\/2024\/10\/pasta.png\" alt=\"\"\/><\/div><div class=\"gbib-wrapper gbib-title-wrapper\"><h2 class=\"gbib-title\">Protocolos<\/h2><\/div><div class=\"gbib-wrapper gbib-description-wrapper\"><div class=\"gbib-description\">Com o teu cart\u00e3o de estudante, tens descontos em livrarias, restaurantes, gin\u00e1sios e muitos outros servi\u00e7os.<br><a rel=\"noreferrer noopener\" href=\"https:\/\/www.ipleiria.pt\/viver\/apoios\/descontos-e-protocolos\/\" data-type=\"URL\" data-id=\"https:\/\/www.ipleiria.pt\/viver\/apoios\/descontos-e-protocolos\/\" target=\"_blank\">Protocolos<\/a> <\/div><\/div><\/div>\n<\/div>\n\n\n\n<div class=\"wp-container-19 wp-block-column\">\n<div class=\"wp-block-pt-ipleiria-ued-wp-theme-ipleiria-gutenbergblocks-infobox gbib gbib-view is-style-theme-infobox-caps\"><div class=\"gbib-wrapper gbib-image-wrapper\"><img class=\"gbib-image\" src=\"https:\/\/www.ipleiria.pt\/estm\/wp-content\/uploads\/sites\/28\/2024\/10\/puzzle.png\" alt=\"\"\/><\/div><div class=\"gbib-wrapper gbib-title-wrapper\"><h2 class=\"gbib-title\">CAE<\/h2><\/div><div class=\"gbib-wrapper gbib-description-wrapper\"><div class=\"gbib-description\">Atrav\u00e9s do CAE&nbsp;(Centro de Apoio ao Estudante)&nbsp;podes obter orienta\u00e7\u00e3o e acompanhamento pessoal e social, apoio psicol\u00f3gico e orienta\u00e7\u00e3o vocacional. <br><a rel=\"noreferrer noopener\" href=\"https:\/\/www.ipleiria.pt\/viver\/servicos\/centro-apoio-estudante\/\" data-type=\"URL\" data-id=\"https:\/\/www.ipleiria.pt\/viver\/servicos\/centro-apoio-estudante\/\" target=\"_blank\">CAE<\/a><\/div><\/div><\/div>\n<\/div>\n\n\n\n<div class=\"wp-container-20 wp-block-column\"><\/div>\n<\/div>\n\n\n\n<div style=\"height:30px\" aria-hidden=\"true\" class=\"wp-block-spacer\"><\/div>\n\n\n\n<div id=\"gbc-_41eab2-65\" class=\"wp-block-pt-ipleiria-ued-wp-theme-ipleiria-gutenbergblocks-container gbc gbc-view row-valign-top align-full\" style=\"background-color:#F3F3F3;margin-top:30px;margin-bottom:-25px\"><div class=\"gbc-background-overlay gbc-background-overlay-normal\" style=\"opacity:0.3\"><\/div><div class=\"gbc-wrapper\" style=\"padding-top:60px;padding-bottom:60px\"><div id=\"gbc-container-gbc-_41eab2-65\" class=\"inner-container container\">\n<p class=\"has-text-align-center is-style-theme-subtitle\">Dia a dia<\/p>\n\n\n\n<p class=\"has-text-align-center is-style-theme-title\">A nossa regi\u00e3o<\/p>\n\n\n\n<p class=\"has-text-align-center\">Esta \u00e9 a&nbsp;oportunidade ideal para conheceres&nbsp;de perto a nossa regi\u00e3o de Peniche, onde vais encontrar condi\u00e7\u00f5es&nbsp;\u00fanicas&nbsp;para&nbsp;viver, estudar, trabalhar e ser feliz!<\/p>\n\n\n\n<div class=\"wp-container-22 is-horizontal is-content-justification-center wp-block-buttons\">\n<div class=\"wp-block-button is-style-theme-button-solid\"><a class=\"wp-block-button__link\" href=\"https:\/\/www.ipleiria.pt\/estm\/estudante\/dia-a-dia\/a-nossa-regiao\/\">A regi\u00e3o<\/a><\/div>\n<\/div>\n<\/div><\/div><\/div>\n","protected":false},"excerpt":{"rendered":"BEM-VINDO \u00c0 ESTM \u201cNa onda do teu futuro!\u201d Uma Institui\u00e7\u00e3o de Ensino Superior P\u00fablico integrada no Instituto Polit\u00e9cnico de Leiria &nbsp;e tem &nbsp;por miss\u00e3o ministrar forma\u00e7\u00e3o inicial, cont\u00ednua e p\u00f3s-graduada, com elevados padr\u00f5es de qualidade, nas \u00e1reas do Turismo e das Ci\u00eancias e Tecnologias do Mar. &nbsp;O desenvolvimento de atividades de investiga\u00e7\u00e3o e presta\u00e7\u00e3o de [&hellip;]","protected":false},"author":4,"featured_media":794,"parent":573,"menu_order":20,"comment_status":"closed","ping_status":"closed","template":"","meta":{"multilingual_post_translation":"","page_post-custom-url":"","page_post-custom-url-target":""},"_links":{"self":[{"href":"https:\/\/www.ipleiria.pt\/estm\/wp-json\/wp\/v2\/pages\/577"}],"collection":[{"href":"https:\/\/www.ipleiria.pt\/estm\/wp-json\/wp\/v2\/pages"}],"about":[{"href":"https:\/\/www.ipleiria.pt\/estm\/wp-json\/wp\/v2\/types\/page"}],"author":[{"embeddable":true,"href":"https:\/\/www.ipleiria.pt\/estm\/wp-json\/wp\/v2\/users\/4"}],"replies":[{"embeddable":true,"href":"https:\/\/www.ipleiria.pt\/estm\/wp-json\/wp\/v2\/comments?post=577"}],"version-history":[{"count":29,"href":"https:\/\/www.ipleiria.pt\/estm\/wp-json\/wp\/v2\/pages\/577\/revisions"}],"predecessor-version":[{"id":4118,"href":"https:\/\/www.ipleiria.pt\/estm\/wp-json\/wp\/v2\/pages\/577\/revisions\/4118"}],"up":[{"embeddable":true,"href":"https:\/\/www.ipleiria.pt\/estm\/wp-json\/wp\/v2\/pages\/573"}],"wp:featuredmedia":[{"embeddable":true,"href":"https:\/\/www.ipleiria.pt\/estm\/wp-json\/wp\/v2\/media\/794"}],"wp:attachment":[{"href":"https:\/\/www.ipleiria.pt\/estm\/wp-json\/wp\/v2\/media?parent=577"}],"curies":[{"name":"wp","href":"https:\/\/api.w.org\/{rel}","templated":true}]}}