{"id":581,"date":"2024-10-02T14:55:38","date_gmt":"2024-10-02T13:55:38","guid":{"rendered":"https:\/\/www.ipleiria.pt\/estm\/?page_id=581"},"modified":"2024-10-09T08:39:54","modified_gmt":"2024-10-09T07:39:54","slug":"biblioteca","status":"publish","type":"page","link":"https:\/\/www.ipleiria.pt\/estm\/estudante\/dia-a-dia\/biblioteca\/","title":{"rendered":"Biblioteca"},"content":{"rendered":"\n<div class=\"wp-block-pt-ipleiria-ued-wp-theme-ipleiria-gutenbergblocks-moc gbmoc\" role=\"navigation\" aria-label=\"Menu de conte\u00fados\"><div class=\"gbmoc-menu-wrapper\"><div id=\"gbmoc-8d1314-6a-menu-container\" class=\"gbmoc-menu-container\"><div class=\"gbmoc-title\" id=\"gbmoc-8d1314-6a-title\">Ir para:<\/div><ul aria-describedby=\"gbmoc-8d1314-6a-title\" class=\"gbmoc-menuitems\"><li><a href=\"#servios-de-documentao-emonlineem\">Biblioteca<\/a><\/li><li><a href=\"#biblioteca-do-campus-4-peniche\">Biblioteca do\u00a0Campus\u00a04 . Peniche<\/a><\/li><li class=\"gbmoc-scroll-to-top-wrapper\"><a class=\"gbmoc-scroll-to-top\" href=\"#top\">Topo<\/a><\/li><\/ul><\/div><\/div><\/div>\n\n\n\n<div class=\"wp-container-4 wp-block-columns\">\n<div class=\"wp-container-2 wp-block-column\">\n<h1 class=\"is-style-theme-subtitle\">ESTM<\/h1>\n\n\n\n<h2 class=\"is-style-theme-title\" id=\"servios-de-documentao-emonlineem\">Biblioteca<\/h2>\n\n\n\n<p>O Polit\u00e9cnico de Leiria acredita que cada utilizador dos Servi\u00e7os de Documenta\u00e7\u00e3o \u00e9 \u00fanico. Promovemos o acesso \u00e0 informa\u00e7\u00e3o de forma comprometida com a excel\u00eancia, sob o mote da qualidade e da inova\u00e7\u00e3o.<\/p>\n\n\n\n<div class=\"wp-container-1 wp-block-buttons\">\n<div class=\"wp-block-button is-style-theme-button-solid\"><a class=\"wp-block-button__link\" href=\"https:\/\/www.ipleiria.pt\/sdoc\/\" target=\"_blank\" rel=\"noreferrer noopener\">Servi\u00e7os de Documenta\u00e7\u00e3o online<\/a><\/div>\n<\/div>\n<\/div>\n\n\n\n<div class=\"wp-container-3 wp-block-column\">\n<figure class=\"wp-block-image size-large\"><img src=\"https:\/\/www.ipleiria.pt\/wp-content\/uploads\/2021\/04\/biblioteca_1.jpg\" alt=\"\" class=\"wp-image-26098\"\/><\/figure>\n\n\n\n<p><\/p>\n<\/div>\n<\/div>\n\n\n\n<div style=\"height:70px\" aria-hidden=\"true\" class=\"wp-block-spacer\"><\/div>\n\n\n\n<div id=\"gbc-_f28273-53\" class=\"wp-block-pt-ipleiria-ued-wp-theme-ipleiria-gutenbergblocks-container gbc gbc-view row-valign-top align-full\" style=\"background-color:#F3F3F3\"><div class=\"gbc-background-overlay gbc-background-overlay-normal\" style=\"opacity:0.3\"><\/div><div class=\"gbc-wrapper\" style=\"padding-top:100px;padding-bottom:100px\"><div id=\"gbc-container-gbc-_f28273-53\" class=\"inner-container container\">\n<p class=\"has-text-align-center is-style-theme-subtitle-inherit-color\">PROCESSAR INFORMA\u00c7\u00c3O, PRODUZIR CONHECIMENTO<\/p>\n\n\n\n<h2 class=\"has-text-align-center is-style-theme-title\">Quatro espa\u00e7os de leitura, pesquisa, consulta e descoberta<\/h2>\n\n\n\n<p><\/p>\n<\/div><\/div><\/div>\n\n\n\n<div id=\"gbc-_19bd19-6a\" class=\"wp-block-pt-ipleiria-ued-wp-theme-ipleiria-gutenbergblocks-container gbc gbc-view row-valign-top align-full\" style=\"margin-bottom:-25px\"><div class=\"gbc-background-overlay gbc-background-overlay-normal\" style=\"opacity:0.3\"><\/div><div class=\"gbc-wrapper\" style=\"padding-top:100px;padding-bottom:60px\"><div id=\"gbc-container-gbc-_19bd19-6a\" class=\"inner-container container\">\n<div class=\"wp-container-8 wp-block-columns\">\n<div class=\"wp-container-5 wp-block-column\">\n<figure class=\"wp-block-image size-large\"><img src=\"https:\/\/www.ipleiria.pt\/wp-content\/uploads\/2021\/04\/estm.jpg\" alt=\"\" class=\"wp-image-26101\"\/><\/figure>\n<\/div>\n\n\n\n<div class=\"wp-container-7 wp-block-column\">\n<h2 class=\"is-style-theme-title\" id=\"biblioteca-do-campus-4-peniche\">Biblioteca do&nbsp;Campus&nbsp;4 . Peniche<\/h2>\n\n\n\n<p>Instalada no novo edif\u00edcio pedag\u00f3gico que a Escola Superior de Turismo e Tecnologia do Mar e com uma vista fabulosa sobre as Berlengas, a Biblioteca do Campus 4. disp\u00f5e de, aproximadamente, 3.500 obras relacionadas com \u00e1reas como o turismo, biologia, biotecnologia,  tecnologia e seguran\u00e7a alimentar e outras. \u00c0 disposi\u00e7\u00e3o dos leitores existe tamb\u00e9m um conjunto de computadores com liga\u00e7\u00e3o \u00e0 Internet.<br>Aberta ao p\u00fablico no seguinte hor\u00e1rio: <\/p>\n\n\n\n<ul><li>Per\u00edodo Letivo &#8211; 2\u00aa a 5\u00aa feira:&nbsp;das 9h00 \u00e0s 20h00<\/li><li>Per\u00edodo Letivo &#8211; 6\u00aa feira:&nbsp;das 9h00 \u00e0s 18h00<\/li><li>Per\u00edodo de interrup\u00e7\u00e3o letiva (a definir atempadamente)<\/li><\/ul>\n\n\n\n<div class=\"wp-container-6 wp-block-buttons\">\n<div class=\"wp-block-button is-style-theme-button-outline\"><a class=\"wp-block-button__link\" href=\"https:\/\/www.ipleiria.pt\/sdoc\/biblioteca-do-campus-4-estm\/\" target=\"_blank\" rel=\"noreferrer noopener\">Biblioteca ESTM<\/a><\/div>\n<\/div>\n<\/div>\n<\/div>\n\n\n\n<p><\/p>\n<\/div><\/div><\/div>\n","protected":false},"excerpt":{"rendered":"ESTM Biblioteca O Polit\u00e9cnico de Leiria acredita que cada utilizador dos Servi\u00e7os de Documenta\u00e7\u00e3o \u00e9 \u00fanico. Promovemos o acesso \u00e0 informa\u00e7\u00e3o de forma comprometida com a excel\u00eancia, sob o mote da qualidade e da inova\u00e7\u00e3o.","protected":false},"author":2,"featured_media":1425,"parent":573,"menu_order":40,"comment_status":"closed","ping_status":"closed","template":"","meta":{"multilingual_post_translation":"","page_post-custom-url":"","page_post-custom-url-target":""},"_links":{"self":[{"href":"https:\/\/www.ipleiria.pt\/estm\/wp-json\/wp\/v2\/pages\/581"}],"collection":[{"href":"https:\/\/www.ipleiria.pt\/estm\/wp-json\/wp\/v2\/pages"}],"about":[{"href":"https:\/\/www.ipleiria.pt\/estm\/wp-json\/wp\/v2\/types\/page"}],"author":[{"embeddable":true,"href":"https:\/\/www.ipleiria.pt\/estm\/wp-json\/wp\/v2\/users\/2"}],"replies":[{"embeddable":true,"href":"https:\/\/www.ipleiria.pt\/estm\/wp-json\/wp\/v2\/comments?post=581"}],"version-history":[{"count":6,"href":"https:\/\/www.ipleiria.pt\/estm\/wp-json\/wp\/v2\/pages\/581\/revisions"}],"predecessor-version":[{"id":1443,"href":"https:\/\/www.ipleiria.pt\/estm\/wp-json\/wp\/v2\/pages\/581\/revisions\/1443"}],"up":[{"embeddable":true,"href":"https:\/\/www.ipleiria.pt\/estm\/wp-json\/wp\/v2\/pages\/573"}],"wp:featuredmedia":[{"embeddable":true,"href":"https:\/\/www.ipleiria.pt\/estm\/wp-json\/wp\/v2\/media\/1425"}],"wp:attachment":[{"href":"https:\/\/www.ipleiria.pt\/estm\/wp-json\/wp\/v2\/media?parent=581"}],"curies":[{"name":"wp","href":"https:\/\/api.w.org\/{rel}","templated":true}]}}