{"id":591,"date":"2024-10-02T14:58:35","date_gmt":"2024-10-02T13:58:35","guid":{"rendered":"https:\/\/www.ipleiria.pt\/estm\/?page_id=591"},"modified":"2024-10-09T10:14:17","modified_gmt":"2024-10-09T09:14:17","slug":"provedor-do-estudante","status":"publish","type":"page","link":"https:\/\/www.ipleiria.pt\/estm\/estudante\/dia-a-dia\/provedor-do-estudante\/","title":{"rendered":"Provedor do estudante"},"content":{"rendered":"\n<div class=\"wp-container-4 wp-block-columns\">\n<div class=\"wp-container-2 wp-block-column\">\n<p class=\"is-style-theme-subtitle-inherit-color\">Mensagem<\/p>\n\n\n\n<h2 class=\"is-style-theme-title\">Provedor do Estudante<\/h2>\n\n\n\n<p>Agrade\u00e7o aos estudantes do Instituto Polit\u00e9cnico de Leiria a confian\u00e7a que depositaram em mim ao elegerem-me para Provedor do Estudante.<\/p>\n\n\n\n<p>No dia 6 de Julho de 2016 o Senhor Presidente conferiu-me posse do cargo no qual me proponho retribuir a vossa confian\u00e7a, como tive a ocasi\u00e3o de dizer no discurso que ent\u00e3o fiz.<\/p>\n\n\n\n<p>Procurarei desempenhar uma provedoria pr\u00f3-ativa que eventualmente requerer\u00e1 o estudo dos problemas gerais que afetam os estudantes e a avalia\u00e7\u00e3o da possibilidade de contribuir para a sua resolu\u00e7\u00e3o.Para que isso seja poss\u00edvel conto convosco na certeza que, embora a minha fun\u00e7\u00e3o principal seja a defesa dos direitos, liberdades, garantias e interesses leg\u00edtimos dos estudantes, ela ter\u00e1 de ser assegurada atrav\u00e9s de meios informais, pois em \u00faltima inst\u00e2ncia s\u00e3o os poderes institu\u00eddos que podem deliberar.<\/p>\n\n\n\n<p class=\"is-style-theme-default-title\"><strong>Pedro de Matos Gon\u00e7alves<\/strong><\/p>\n\n\n\n<div class=\"wp-container-1 wp-block-buttons\">\n<div class=\"wp-block-button is-style-theme-button-solid\"><a class=\"wp-block-button__link\" href=\"https:\/\/www.ipleiria.pt\/viver\/provedor-do-estudante\/gabinete-do-provedor-do-estudante\/\" target=\"_blank\" rel=\"noreferrer noopener\">saber mais <\/a><\/div>\n<\/div>\n<\/div>\n\n\n\n<div class=\"wp-container-3 wp-block-column\"><div class=\"wp-block-image\">\n<figure class=\"alignright size-large is-resized\"><img loading=\"lazy\" src=\"https:\/\/www.ipleiria.pt\/wp-content\/uploads\/2019\/12\/MG_4507-683x1024.jpg\" alt=\"\" class=\"wp-image-5919\" width=\"409\" height=\"614\"\/><\/figure><\/div><\/div>\n<\/div>\n","protected":false},"excerpt":{"rendered":"Mensagem Provedor do Estudante Agrade\u00e7o aos estudantes do Instituto Polit\u00e9cnico de Leiria a confian\u00e7a que depositaram em mim ao elegerem-me para Provedor do Estudante. No dia 6 de Julho de 2016 o Senhor Presidente conferiu-me posse do cargo no qual me proponho retribuir a vossa confian\u00e7a, como tive a ocasi\u00e3o de dizer no discurso que [&hellip;]","protected":false},"author":4,"featured_media":1532,"parent":573,"menu_order":90,"comment_status":"closed","ping_status":"closed","template":"","meta":{"multilingual_post_translation":"","page_post-custom-url":"","page_post-custom-url-target":""},"_links":{"self":[{"href":"https:\/\/www.ipleiria.pt\/estm\/wp-json\/wp\/v2\/pages\/591"}],"collection":[{"href":"https:\/\/www.ipleiria.pt\/estm\/wp-json\/wp\/v2\/pages"}],"about":[{"href":"https:\/\/www.ipleiria.pt\/estm\/wp-json\/wp\/v2\/types\/page"}],"author":[{"embeddable":true,"href":"https:\/\/www.ipleiria.pt\/estm\/wp-json\/wp\/v2\/users\/4"}],"replies":[{"embeddable":true,"href":"https:\/\/www.ipleiria.pt\/estm\/wp-json\/wp\/v2\/comments?post=591"}],"version-history":[{"count":3,"href":"https:\/\/www.ipleiria.pt\/estm\/wp-json\/wp\/v2\/pages\/591\/revisions"}],"predecessor-version":[{"id":1535,"href":"https:\/\/www.ipleiria.pt\/estm\/wp-json\/wp\/v2\/pages\/591\/revisions\/1535"}],"up":[{"embeddable":true,"href":"https:\/\/www.ipleiria.pt\/estm\/wp-json\/wp\/v2\/pages\/573"}],"wp:featuredmedia":[{"embeddable":true,"href":"https:\/\/www.ipleiria.pt\/estm\/wp-json\/wp\/v2\/media\/1532"}],"wp:attachment":[{"href":"https:\/\/www.ipleiria.pt\/estm\/wp-json\/wp\/v2\/media?parent=591"}],"curies":[{"name":"wp","href":"https:\/\/api.w.org\/{rel}","templated":true}]}}