{"id":117,"date":"2021-07-27T17:10:44","date_gmt":"2021-07-27T17:10:44","guid":{"rendered":"https:\/\/www.ipleiria.pt\/sdoc\/?page_id=117"},"modified":"2025-12-15T17:45:59","modified_gmt":"2025-12-15T17:45:59","slug":"bases-de-dados","status":"publish","type":"page","link":"https:\/\/www.ipleiria.pt\/sdoc\/pesquisar\/recursos\/bases-de-dados\/","title":{"rendered":"Bases de dados"},"content":{"rendered":"\n<h2 class=\"is-style-theme-title\">Bases de dados<\/h2>\n\n\n\n<div style=\"height:50px\" aria-hidden=\"true\" class=\"wp-block-spacer\"><\/div>\n\n\n\n<div class=\"wp-block-media-text alignwide is-stacked-on-mobile\" style=\"grid-template-columns:15% auto\"><figure class=\"wp-block-media-text__media\"><a href=\"https:\/\/catalogo.ipleiria.pt\/\" target=\"_blank\" rel=\"noreferrer noopener\"><img loading=\"lazy\" width=\"417\" height=\"417\" src=\"https:\/\/www.ipleiria.pt\/sdoc\/wp-content\/uploads\/sites\/26\/2025\/09\/icones_catalogo.jpg\" alt=\"\" class=\"wp-image-1075 size-full\" srcset=\"https:\/\/www.ipleiria.pt\/sdoc\/wp-content\/uploads\/sites\/26\/2025\/09\/icones_catalogo.jpg 417w, https:\/\/www.ipleiria.pt\/sdoc\/wp-content\/uploads\/sites\/26\/2025\/09\/icones_catalogo-300x300.jpg 300w, https:\/\/www.ipleiria.pt\/sdoc\/wp-content\/uploads\/sites\/26\/2025\/09\/icones_catalogo-150x150.jpg 150w\" sizes=\"(max-width: 417px) 100vw, 417px\" \/><\/a><\/figure><div class=\"wp-block-media-text__content\">\n<p>O <a rel=\"noreferrer noopener\" href=\"https:\/\/catalogo.ipleiria.pt\/\" data-type=\"URL\" data-id=\"https:\/\/catalogo.ipleiria.pt\/\" target=\"_blank\">Sistema de pesquisa e de descoberta de recursos bibliogr\u00e1ficos<\/a> que permite realizar pesquisas bibliogr\u00e1ficas no cat\u00e1logo das 4 Bibliotecas do Polit\u00e9cnico de Leiria e que serve para melhorar a experi\u00eancia de pesquisa e acesso a recursos.  <\/p>\n<\/div><\/div>\n\n\n\n<div class=\"wp-block-media-text alignwide is-stacked-on-mobile\" style=\"grid-template-columns:15% auto\"><figure class=\"wp-block-media-text__media\"><a href=\"https:\/\/bibliotecacomum.pt\/catalogo\/\" target=\"_blank\" rel=\"noreferrer noopener\"><img loading=\"lazy\" width=\"200\" height=\"200\" src=\"https:\/\/www.ipleiria.pt\/sdoc\/wp-content\/uploads\/sites\/26\/2025\/09\/icones_bCOMUM.jpg\" alt=\"\" class=\"wp-image-1074 size-full\" srcset=\"https:\/\/www.ipleiria.pt\/sdoc\/wp-content\/uploads\/sites\/26\/2025\/09\/icones_bCOMUM.jpg 200w, https:\/\/www.ipleiria.pt\/sdoc\/wp-content\/uploads\/sites\/26\/2025\/09\/icones_bCOMUM-150x150.jpg 150w\" sizes=\"(max-width: 200px) 100vw, 200px\" \/><\/a><\/figure><div class=\"wp-block-media-text__content\">\n<p>O nosso cat\u00e1logo faz parte da&nbsp;<a rel=\"noreferrer noopener\" href=\"https:\/\/bibliotecacomum.pt\/catalogo\/\" target=\"_blank\">Biblioteca Comum \u2013 Cat\u00e1logo Coletivo das Bibliotecas das Institui\u00e7\u00f5es de Investiga\u00e7\u00e3o e Ensino Superior de Portugal<\/a>.<\/p>\n<\/div><\/div>\n\n\n\n<div class=\"wp-block-media-text alignwide is-stacked-on-mobile\" style=\"grid-template-columns:15% auto\"><figure class=\"wp-block-media-text__media\"><a href=\"https:\/\/www.b-on.pt\/\" target=\"_blank\" rel=\"noreferrer noopener\"><img loading=\"lazy\" width=\"200\" height=\"200\" src=\"https:\/\/www.ipleiria.pt\/sdoc\/wp-content\/uploads\/sites\/26\/2025\/09\/icone_bON.jpg\" alt=\"\" class=\"wp-image-1072 size-full\" srcset=\"https:\/\/www.ipleiria.pt\/sdoc\/wp-content\/uploads\/sites\/26\/2025\/09\/icone_bON.jpg 200w, https:\/\/www.ipleiria.pt\/sdoc\/wp-content\/uploads\/sites\/26\/2025\/09\/icone_bON-150x150.jpg 150w\" sizes=\"(max-width: 200px) 100vw, 200px\" \/><\/a><\/figure><div class=\"wp-block-media-text__content\">\n<p>A <a href=\"https:\/\/www.b-on.pt\/\" data-type=\"URL\" data-id=\"https:\/\/www.b-on.pt\/\" target=\"_blank\" rel=\"noreferrer noopener\">Biblioteca do Conhecimento Online<\/a> (b-on) disponibiliza o acesso ilimitado e permanente \u00e0s institui\u00e7\u00f5es de investiga\u00e7\u00e3o e do ensino superior aos textos integrais de milhares peri\u00f3dicos cient\u00edficos e ebooks online de alguns dos mais importantes fornecedores de conte\u00fados.<\/p>\n<\/div><\/div>\n\n\n\n<div class=\"wp-block-media-text alignwide is-stacked-on-mobile\" style=\"grid-template-columns:15% auto\"><figure class=\"wp-block-media-text__media\"><a href=\"https:\/\/www.rcaap.pt\/\" target=\"_blank\" rel=\"noreferrer noopener\"><img loading=\"lazy\" width=\"200\" height=\"200\" src=\"https:\/\/www.ipleiria.pt\/sdoc\/wp-content\/uploads\/sites\/26\/2025\/09\/icones-RCAAP.jpg\" alt=\"\" class=\"wp-image-1073 size-full\" srcset=\"https:\/\/www.ipleiria.pt\/sdoc\/wp-content\/uploads\/sites\/26\/2025\/09\/icones-RCAAP.jpg 200w, https:\/\/www.ipleiria.pt\/sdoc\/wp-content\/uploads\/sites\/26\/2025\/09\/icones-RCAAP-150x150.jpg 150w\" sizes=\"(max-width: 200px) 100vw, 200px\" \/><\/a><\/figure><div class=\"wp-block-media-text__content\">\n<p>O <a rel=\"noreferrer noopener\" href=\"https:\/\/www.rcaap.pt\/\" data-type=\"URL\" data-id=\"https:\/\/www.rcaap.pt\/\" target=\"_blank\">portal RCAAP<\/a> &#8211; Reposit\u00f3rios Cient\u00edficos de Acesso Aberto de Portugal &#8211; tem como objetivo a recolha, agrega\u00e7\u00e3o e indexa\u00e7\u00e3o dos conte\u00fados cient\u00edficos em acesso aberto (ou acesso livre) existentes nos reposit\u00f3rios institucionais das entidades nacionais de ensino superior, e outras organiza\u00e7\u00f5es de I&amp;D.<\/p>\n<\/div><\/div>\n\n\n\n<div class=\"wp-block-media-text alignwide is-stacked-on-mobile\" style=\"grid-template-columns:15% auto\"><figure class=\"wp-block-media-text__media\"><a href=\"https:\/\/iconline.ipleiria.pt\/home\" target=\"_blank\" rel=\"noreferrer noopener\"><img loading=\"lazy\" width=\"200\" height=\"200\" src=\"https:\/\/www.ipleiria.pt\/sdoc\/wp-content\/uploads\/sites\/26\/2025\/09\/icones-icONLINE.jpg\" alt=\"\" class=\"wp-image-1076 size-full\" srcset=\"https:\/\/www.ipleiria.pt\/sdoc\/wp-content\/uploads\/sites\/26\/2025\/09\/icones-icONLINE.jpg 200w, https:\/\/www.ipleiria.pt\/sdoc\/wp-content\/uploads\/sites\/26\/2025\/09\/icones-icONLINE-150x150.jpg 150w\" sizes=\"(max-width: 200px) 100vw, 200px\" \/><\/a><\/figure><div class=\"wp-block-media-text__content\">\n<p>O <a rel=\"noreferrer noopener\" href=\"https:\/\/iconline.ipleiria.pt\/home\" data-type=\"URL\" data-id=\"https:\/\/iconline.ipleiria.pt\/home\" target=\"_blank\">IC-Online<\/a>, Reposit\u00f3rio Institucional de Informa\u00e7\u00e3o Cient\u00edfica do Polit\u00e9cnico de Leiria, est\u00e1 integrado no <a rel=\"noreferrer noopener\" href=\"https:\/\/www.rcaap.pt\/\" data-type=\"URL\" data-id=\"https:\/\/www.rcaap.pt\/\" target=\"_blank\">Projeto RCAAP <\/a>e tem como principais objetivos organizar, preservar e disseminar a produ\u00e7\u00e3o cient\u00edfica do Instituto.<\/p>\n<\/div><\/div>\n\n\n\n<div class=\"wp-block-media-text alignwide is-stacked-on-mobile\" style=\"grid-template-columns:15% auto\"><figure class=\"wp-block-media-text__media\"><a href=\"https:\/\/myipleiria.sharepoint.com\/sites\/sdoc\/catalogo\/Lists\/Normas%20em%20PDF\/todos.aspx\" target=\"_blank\" rel=\"noreferrer noopener\"><img loading=\"lazy\" width=\"200\" height=\"200\" src=\"https:\/\/www.ipleiria.pt\/sdoc\/wp-content\/uploads\/sites\/26\/2025\/09\/icones-IPQjpg.jpg\" alt=\"\" class=\"wp-image-1077 size-full\" srcset=\"https:\/\/www.ipleiria.pt\/sdoc\/wp-content\/uploads\/sites\/26\/2025\/09\/icones-IPQjpg.jpg 200w, https:\/\/www.ipleiria.pt\/sdoc\/wp-content\/uploads\/sites\/26\/2025\/09\/icones-IPQjpg-150x150.jpg 150w\" sizes=\"(max-width: 200px) 100vw, 200px\" \/><\/a><\/figure><div class=\"wp-block-media-text__content\">\n<p>O <a rel=\"noreferrer noopener\" href=\"https:\/\/www.ipq.pt\/\" data-type=\"URL\" data-id=\"https:\/\/www.ipq.pt\/\" target=\"_blank\">Instituto Portugu\u00eas da Qualidade<\/a> \u00e9 o Organismo Nacional de Normaliza\u00e7\u00e3o e a Institui\u00e7\u00e3o Nacional de Metrologia. <a rel=\"noreferrer noopener\" href=\"https:\/\/myipleiria.sharepoint.com\/sites\/sdoc\/catalogo\/Lists\/Normas%20em%20PDF\/todos.aspx\" data-type=\"URL\" data-id=\"https:\/\/myipleiria.sharepoint.com\/sites\/sdoc\/catalogo\/Lists\/Normas%20em%20PDF\/todos.aspx\" target=\"_blank\">Consulte as normas<\/a> dispon\u00edveis no nosso cat\u00e1logo. Para aceder a esta base de dados fora do Polit\u00e9cnico de Leiria, dever\u00e1 utilizar a VPN institucional.<\/p>\n<\/div><\/div>\n\n\n\n<div class=\"wp-block-media-text alignwide is-stacked-on-mobile\" style=\"grid-template-columns:15% auto\"><figure class=\"wp-block-media-text__media\"><a href=\"https:\/\/www.scopus.com\/home.uri\" target=\"_blank\" rel=\"noreferrer noopener\"><img loading=\"lazy\" width=\"200\" height=\"200\" src=\"https:\/\/www.ipleiria.pt\/sdoc\/wp-content\/uploads\/sites\/26\/2025\/09\/icones-SCOPUS.jpg\" alt=\"\" class=\"wp-image-1078 size-full\" srcset=\"https:\/\/www.ipleiria.pt\/sdoc\/wp-content\/uploads\/sites\/26\/2025\/09\/icones-SCOPUS.jpg 200w, https:\/\/www.ipleiria.pt\/sdoc\/wp-content\/uploads\/sites\/26\/2025\/09\/icones-SCOPUS-150x150.jpg 150w\" sizes=\"(max-width: 200px) 100vw, 200px\" \/><\/a><\/figure><div class=\"wp-block-media-text__content\">\n<p>A <a href=\"https:\/\/www.scopus.com\/home.uri\" data-type=\"URL\" data-id=\"https:\/\/www.scopus.com\/home.uri\" target=\"_blank\" rel=\"noreferrer noopener\">Scopus<\/a> \u00e9 uma base de dados de refer\u00eancias e cita\u00e7\u00f5es de literatura cient\u00edfica com peer-review (revis\u00e3o por pares). Para aceder a esta base de dados fora do Polit\u00e9cnico de Leiria, dever\u00e1 utilizar a VPN institucional.<\/p>\n<\/div><\/div>\n\n\n\n<div class=\"wp-block-media-text alignwide is-stacked-on-mobile\" style=\"grid-template-columns:15% auto\"><figure class=\"wp-block-media-text__media\"><a href=\"https:\/\/qualfood.com\/index.php\" target=\"_blank\" rel=\"noreferrer noopener\"><img loading=\"lazy\" width=\"200\" height=\"200\" src=\"https:\/\/www.ipleiria.pt\/sdoc\/wp-content\/uploads\/sites\/26\/2025\/09\/icones-QUALFOOD.jpg\" alt=\"\" class=\"wp-image-1079 size-full\" srcset=\"https:\/\/www.ipleiria.pt\/sdoc\/wp-content\/uploads\/sites\/26\/2025\/09\/icones-QUALFOOD.jpg 200w, https:\/\/www.ipleiria.pt\/sdoc\/wp-content\/uploads\/sites\/26\/2025\/09\/icones-QUALFOOD-150x150.jpg 150w\" sizes=\"(max-width: 200px) 100vw, 200px\" \/><\/a><\/figure><div class=\"wp-block-media-text__content\">\n<p>A <a href=\"https:\/\/qualfood.com\/index.php\" data-type=\"URL\" data-id=\"https:\/\/qualfood.com\/index.php\" target=\"_blank\" rel=\"noreferrer noopener\">Qualfood<\/a> agrega informa\u00e7\u00e3o t\u00e9cnica e legal de apoio a sistemas de Gest\u00e3o de Qualidade e da Seguran\u00e7a Alimentar\/HACCP.<\/p>\n<\/div><\/div>\n\n\n\n<div class=\"wp-block-media-text alignwide is-stacked-on-mobile\" style=\"grid-template-columns:15% auto\"><figure class=\"wp-block-media-text__media\"><a href=\"https:\/\/www.oecd.org\/en\/publications.html\" target=\"_blank\" rel=\"noreferrer noopener\"><img loading=\"lazy\" width=\"200\" height=\"200\" src=\"https:\/\/www.ipleiria.pt\/sdoc\/wp-content\/uploads\/sites\/26\/2025\/09\/icones-OECD.jpg\" alt=\"\" class=\"wp-image-1080 size-full\" srcset=\"https:\/\/www.ipleiria.pt\/sdoc\/wp-content\/uploads\/sites\/26\/2025\/09\/icones-OECD.jpg 200w, https:\/\/www.ipleiria.pt\/sdoc\/wp-content\/uploads\/sites\/26\/2025\/09\/icones-OECD-150x150.jpg 150w\" sizes=\"(max-width: 200px) 100vw, 200px\" \/><\/a><\/figure><div class=\"wp-block-media-text__content\">\n<p>A <a rel=\"noreferrer noopener\" href=\"https:\/\/www.oecd.org\/en\/publications.html\" data-type=\"URL\" data-id=\"https:\/\/www.oecd.org\/en\/publications.html\" target=\"_blank\">OECD iLibrary<\/a> \u00e9 uma biblioteca on-line da Organiza\u00e7\u00e3o para Coopera\u00e7\u00e3o e Desenvolvimento Econ\u00f3mico (OCDE), que disponibiliza os seus livros, artigos e estat\u00edsticas e \u00e9 a porta de entrada para a an\u00e1lise e os dados da OCDE.<\/p>\n<\/div><\/div>\n\n\n\n<div class=\"wp-block-media-text alignwide is-stacked-on-mobile\" style=\"grid-template-columns:15% auto\"><figure class=\"wp-block-media-text__media\"><a href=\"https:\/\/about.ebsco.com\/products\/research-databases\/nursing-allied-health-reference-source\" target=\"_blank\" rel=\"noreferrer noopener\"><img loading=\"lazy\" width=\"200\" height=\"200\" src=\"https:\/\/www.ipleiria.pt\/sdoc\/wp-content\/uploads\/sites\/26\/2025\/11\/nursing-miniatura-portal.png\" alt=\"\" class=\"wp-image-1265 size-full\" srcset=\"https:\/\/www.ipleiria.pt\/sdoc\/wp-content\/uploads\/sites\/26\/2025\/11\/nursing-miniatura-portal.png 200w, https:\/\/www.ipleiria.pt\/sdoc\/wp-content\/uploads\/sites\/26\/2025\/11\/nursing-miniatura-portal-150x150.png 150w\" sizes=\"(max-width: 200px) 100vw, 200px\" \/><\/a><\/figure><div class=\"wp-block-media-text__content\">\n<p>A <a href=\"https:\/\/research.ebsco.com\/c\/jnbjo7\/topics\" data-type=\"URL\" data-id=\"https:\/\/research.ebsco.com\/c\/jnbjo7\/topics\" target=\"_blank\" rel=\"noreferrer noopener\">Nursing and Allied Health Reference Source (NAHRS)<\/a> \u00e9 uma fonte abrangente e baseada em evid\u00eancia, concebida para apoiar o ensino, a pr\u00e1tica cl\u00ednica e a investiga\u00e7\u00e3o nas \u00e1reas da enfermagem e outras ci\u00eancias da sa\u00fade, como a fisioterapia e reabilita\u00e7\u00e3o, terapia ocupacional, terapia respirat\u00f3ria, terapia da fala, nutri\u00e7\u00e3o e servi\u00e7o social. <\/p>\n<\/div><\/div>\n\n\n\n<div style=\"height:100px\" aria-hidden=\"true\" class=\"wp-block-spacer\"><\/div>\n","protected":false},"excerpt":{"rendered":"Bases de dados O Sistema de pesquisa e de descoberta de recursos bibliogr\u00e1ficos que permite realizar pesquisas bibliogr\u00e1ficas no cat\u00e1logo das 4 Bibliotecas do Polit\u00e9cnico de Leiria e que serve para melhorar a experi\u00eancia de pesquisa e acesso a recursos. O nosso cat\u00e1logo faz parte da&nbsp;Biblioteca Comum \u2013 Cat\u00e1logo Coletivo das Bibliotecas das Institui\u00e7\u00f5es de [&hellip;]","protected":false},"author":62,"featured_media":1470,"parent":113,"menu_order":20,"comment_status":"closed","ping_status":"closed","template":"","meta":{"page_post-custom-url":"","page_post-custom-url-target":""},"_links":{"self":[{"href":"https:\/\/www.ipleiria.pt\/sdoc\/wp-json\/wp\/v2\/pages\/117"}],"collection":[{"href":"https:\/\/www.ipleiria.pt\/sdoc\/wp-json\/wp\/v2\/pages"}],"about":[{"href":"https:\/\/www.ipleiria.pt\/sdoc\/wp-json\/wp\/v2\/types\/page"}],"author":[{"embeddable":true,"href":"https:\/\/www.ipleiria.pt\/sdoc\/wp-json\/wp\/v2\/users\/62"}],"replies":[{"embeddable":true,"href":"https:\/\/www.ipleiria.pt\/sdoc\/wp-json\/wp\/v2\/comments?post=117"}],"version-history":[{"count":8,"href":"https:\/\/www.ipleiria.pt\/sdoc\/wp-json\/wp\/v2\/pages\/117\/revisions"}],"predecessor-version":[{"id":1471,"href":"https:\/\/www.ipleiria.pt\/sdoc\/wp-json\/wp\/v2\/pages\/117\/revisions\/1471"}],"up":[{"embeddable":true,"href":"https:\/\/www.ipleiria.pt\/sdoc\/wp-json\/wp\/v2\/pages\/113"}],"wp:featuredmedia":[{"embeddable":true,"href":"https:\/\/www.ipleiria.pt\/sdoc\/wp-json\/wp\/v2\/media\/1470"}],"wp:attachment":[{"href":"https:\/\/www.ipleiria.pt\/sdoc\/wp-json\/wp\/v2\/media?parent=117"}],"curies":[{"name":"wp","href":"https:\/\/api.w.org\/{rel}","templated":true}]}}