{"id":1250,"date":"2025-11-19T15:26:36","date_gmt":"2025-11-19T15:26:36","guid":{"rendered":"https:\/\/www.ipleiria.pt\/sdoc\/?page_id=1250"},"modified":"2025-12-15T14:07:47","modified_gmt":"2025-12-15T14:07:47","slug":"gabinetes-de-investigacao","status":"publish","type":"page","link":"https:\/\/www.ipleiria.pt\/sdoc\/servicos\/apoio-estudo-investigacao\/gabinetes-de-investigacao\/","title":{"rendered":"Gabinetes de Investiga\u00e7\u00e3o"},"content":{"rendered":"\n<p class=\"is-style-theme-title\">Gabinetes de Investiga\u00e7\u00e3o<\/p>\n\n\n\n<div style=\"height:15px\" aria-hidden=\"true\" class=\"wp-block-spacer\"><\/div>\n\n\n\n<p>Na <a href=\"https:\/\/www.ipleiria.pt\/sdoc\/sobre-nos\/bibliotecas\/biblioteca-jose-saramago-do-campus-2-estg-esslei\/\" data-type=\"URL\" data-id=\"https:\/\/www.ipleiria.pt\/sdoc\/sobre-nos\/bibliotecas\/biblioteca-jose-saramago-do-campus-2-estg-esslei\/\" target=\"_blank\" rel=\"noreferrer noopener\">Biblioteca Jos\u00e9 Saramago<\/a>, no Campus 2, existem 8 gabinetes de investiga\u00e7\u00e3o destinados a docentes e investigadores do Polit\u00e9cnico de Leiria.<\/p>\n\n\n\n<h3>Normas de utiliza\u00e7\u00e3o<\/h3>\n\n\n\n<div class=\"wp-container-3 wp-block-columns\">\n<div class=\"wp-container-1 wp-block-column\" style=\"flex-basis:50%\">\n<ul><li>Os Gabinetes de Investiga\u00e7\u00e3o devidamente identificados destinam-se prioritariamente a docentes de cursos lecionados nas Escolas existentes nesse campus e, em caso de disponibilidade, aos restantes docentes das Escolas do Instituto que pretendam realizar trabalhos de investiga\u00e7\u00e3o, reuni\u00f5es de trabalho com os seus orientadores ou com estudantes em orienta\u00e7\u00e3o ou, ainda, a outros docentes visitantes.<\/li><li>Em caso de baixo \u00edndice de utiliza\u00e7\u00e3o por parte deste grupo de utilizadores, alguns Gabinetes de Investiga\u00e7\u00e3o poder\u00e3o ser utilizados como Gabinetes de Trabalho em Grupo de acordo com o definido no artigo anterior, quando se verificar total indisponibilidade na ced\u00eancia de um Gabinete de Trabalho em Grupo.<\/li><\/ul>\n<\/div>\n\n\n\n<div class=\"wp-container-2 wp-block-column\" style=\"flex-basis:50%\">\n<ul><li>Os docentes poder\u00e3o ocupar o mesmo Gabinete de Investiga\u00e7\u00e3o num per\u00edodo m\u00e1ximo de 3 dias, renov\u00e1vel apenas no caso de n\u00e3o existirem outros docentes em espera e de se encontrarem dispon\u00edveis outros Gabinetes de Investiga\u00e7\u00e3o.<\/li><\/ul>\n<\/div>\n<\/div>\n\n\n\n<div style=\"height:100px\" aria-hidden=\"true\" class=\"wp-block-spacer\"><\/div>\n","protected":false},"excerpt":{"rendered":"Gabinetes de Investiga\u00e7\u00e3o Na Biblioteca Jos\u00e9 Saramago, no Campus 2, existem 8 gabinetes de investiga\u00e7\u00e3o destinados a docentes e investigadores do Polit\u00e9cnico de Leiria. Normas de utiliza\u00e7\u00e3o Os Gabinetes de Investiga\u00e7\u00e3o devidamente identificados destinam-se prioritariamente a docentes de cursos lecionados nas Escolas existentes nesse campus e, em caso de disponibilidade, aos restantes docentes das Escolas [&hellip;]","protected":false},"author":62,"featured_media":751,"parent":93,"menu_order":25,"comment_status":"closed","ping_status":"closed","template":"","meta":{"page_post-custom-url":"","page_post-custom-url-target":""},"_links":{"self":[{"href":"https:\/\/www.ipleiria.pt\/sdoc\/wp-json\/wp\/v2\/pages\/1250"}],"collection":[{"href":"https:\/\/www.ipleiria.pt\/sdoc\/wp-json\/wp\/v2\/pages"}],"about":[{"href":"https:\/\/www.ipleiria.pt\/sdoc\/wp-json\/wp\/v2\/types\/page"}],"author":[{"embeddable":true,"href":"https:\/\/www.ipleiria.pt\/sdoc\/wp-json\/wp\/v2\/users\/62"}],"replies":[{"embeddable":true,"href":"https:\/\/www.ipleiria.pt\/sdoc\/wp-json\/wp\/v2\/comments?post=1250"}],"version-history":[{"count":4,"href":"https:\/\/www.ipleiria.pt\/sdoc\/wp-json\/wp\/v2\/pages\/1250\/revisions"}],"predecessor-version":[{"id":1344,"href":"https:\/\/www.ipleiria.pt\/sdoc\/wp-json\/wp\/v2\/pages\/1250\/revisions\/1344"}],"up":[{"embeddable":true,"href":"https:\/\/www.ipleiria.pt\/sdoc\/wp-json\/wp\/v2\/pages\/93"}],"wp:featuredmedia":[{"embeddable":true,"href":"https:\/\/www.ipleiria.pt\/sdoc\/wp-json\/wp\/v2\/media\/751"}],"wp:attachment":[{"href":"https:\/\/www.ipleiria.pt\/sdoc\/wp-json\/wp\/v2\/media?parent=1250"}],"curies":[{"name":"wp","href":"https:\/\/api.w.org\/{rel}","templated":true}]}}