{"id":1252,"date":"2025-11-19T15:29:05","date_gmt":"2025-11-19T15:29:05","guid":{"rendered":"https:\/\/www.ipleiria.pt\/sdoc\/?page_id=1252"},"modified":"2025-12-15T14:08:30","modified_gmt":"2025-12-15T14:08:30","slug":"emprestimo-interbibliotecas","status":"publish","type":"page","link":"https:\/\/www.ipleiria.pt\/sdoc\/servicos\/apoio-estudo-investigacao\/emprestimo-interbibliotecas\/","title":{"rendered":"Empr\u00e9stimo Interbibliotecas"},"content":{"rendered":"\n<p class=\"is-style-theme-title\">Empr\u00e9stimo Interbibliotecas<\/p>\n\n\n\n<div style=\"height:15px\" aria-hidden=\"true\" class=\"wp-block-spacer\"><\/div>\n\n\n\n<div class=\"wp-container-3 wp-block-columns\">\n<div class=\"wp-container-1 wp-block-column\" style=\"flex-basis:50%\">\n<p>O Empr\u00e9stimo Interbibliotecas (EIB) \u00e9 a opera\u00e7\u00e3o mediante a qual as Bibliotecas dos Servi\u00e7os de Documenta\u00e7\u00e3o do Polit\u00e9cnico de Leiria obt\u00eam, a pedido de um leitor, um documento de outra Biblioteca (original ou c\u00f3pia) e que n\u00e3o disp\u00f5em nas suas cole\u00e7\u00f5es.<\/p>\n<\/div>\n\n\n\n<div class=\"wp-container-2 wp-block-column\" style=\"flex-basis:50%\">\n<p><p>Este servi\u00e7o destina-se igualmente a satisfazer pedidos de outras Bibliotecas, portuguesas ou estrangeiras, que requeiram o empr\u00e9stimo, ou a reprodu\u00e7\u00e3o de uma obra dos fundos das Bibliotecas do Polit\u00e9cnico de Leiria.<\/p> <\/p>\n<\/div>\n<\/div>\n\n\n\n<p><p><strong>O servi\u00e7o de Empr\u00e9stimo Interbibliotecas obedece ao C\u00f3digo do Direito de Autor e dos Direitos Conexos \u2013 Lei n\u00ba 16\/2008 de 1 de Abril.<\/strong><\/p><\/p>\n\n\n\n<div id=\"gba_8287e0-45\" class=\"wp-block-pt-ipleiria-ued-wp-theme-ipleiria-gutenbergblocks-collapse gba gba-view gba_8287e0-45\">\n<div id=\"gba-pane_9f4b88-eb\" class=\"wp-block-pt-ipleiria-ued-wp-theme-ipleiria-gutenbergblocks-collapse-pane gba-pane gba-pane-save gba-pane_9f4b88-eb\"><div class=\"card\"><div class=\"card-header\" id=\"gba-pane-heading_9f4b88-eb\"><div class=\"mb-0\"><button class=\"btn btn-link collapsed\" type=\"button\" data-toggle=\"collapse\" data-target=\"#gba-pane-collapse_9f4b88-eb\" aria-controls=\"gba-pane-collapse_9f4b88-eb\" aria-expanded=\"false\"><span class=\"gba-pane-title\">Quem pode utilizar o Servi\u00e7o de EIB?<\/span><\/button><\/div><\/div><div id=\"gba-pane-collapse_9f4b88-eb\" class=\"panel-content collapse\" aria-labelledby=\"gba-pane-heading_9f4b88-eb\" data-parent=\"#gba_8287e0-45\"><div class=\"card-body\">\n<p>Todos os utilizadores que estejam registados na base de dados das Bibliotecas dos Servi\u00e7os de Documenta\u00e7\u00e3o do Polit\u00e9cnico de Leiria. Para mais informa\u00e7\u00e3o sobre o registo numa das nossas Bibliotecas pode <a href=\"https:\/\/www.ipleiria.pt\/sdoc\/servicos\/utilizadores\/cartao-de-leitor\/\" data-type=\"URL\" data-id=\"https:\/\/www.ipleiria.pt\/sdoc\/servicos\/utilizadores\/cartao-de-leitor\/\" target=\"_blank\" rel=\"noreferrer noopener\">clicar aqui<\/a>.<\/p>\n<\/div><\/div><\/div><\/div>\n<\/div>\n\n\n\n<div id=\"gba_51f751-de\" class=\"wp-block-pt-ipleiria-ued-wp-theme-ipleiria-gutenbergblocks-collapse gba gba-view gba_51f751-de\">\n<div id=\"gba-pane_6d825f-a1\" class=\"wp-block-pt-ipleiria-ued-wp-theme-ipleiria-gutenbergblocks-collapse-pane gba-pane gba-pane-save gba-pane_6d825f-a1\"><div class=\"card\"><div class=\"card-header\" id=\"gba-pane-heading_6d825f-a1\"><div class=\"mb-0\"><button class=\"btn btn-link collapsed\" type=\"button\" data-toggle=\"collapse\" data-target=\"#gba-pane-collapse_6d825f-a1\" aria-controls=\"gba-pane-collapse_6d825f-a1\" aria-expanded=\"false\"><span class=\"gba-pane-title\">Que tipo e quantidade de itens se podem solicitar por EIB e qual o custo?<\/span><\/button><\/div><\/div><div id=\"gba-pane-collapse_6d825f-a1\" class=\"panel-content collapse\" aria-labelledby=\"gba-pane-heading_6d825f-a1\" data-parent=\"#gba_51f751-de\"><div class=\"card-body\">\n<p>Os leitores podem requisitar v\u00e1rios tipos de documentos, tais como: livros, c\u00f3pia de parte de livros, artigos, c\u00f3pias de artigos, CDs, entre outros, sendo que alguns s\u00e3o mais facilmente obtidos que outros. Por vezes n\u00e3o \u00e9 poss\u00edvel obter um determinado item. Num pedido de EIB o leitor poder\u00e1 solicitar at\u00e9 cinco obras.<\/p>\n\n\n\n<p><strong>Custos \u2013 Estudantes<\/strong><br>Ao estudante do Polit\u00e9cnico de Leiria n\u00e3o \u00e9 cobrada qualquer import\u00e2ncia pelo pedido de EIB. Apenas ter\u00e1 que pagar a eventual quantia cobrada pela Biblioteca que empresta o documento.<\/p>\n\n\n\n<hr class=\"wp-block-separator has-alpha-channel-opacity\"\/>\n\n\n\n<p><strong>Custos \u2013 Funcion\u00e1rios Docentes e N\u00e3o Docentes do Polit\u00e9cnico de Leiria<\/strong><br>Aos funcion\u00e1rios Docentes e N\u00e3o Docentes do Instituto n\u00e3o \u00e9 cobrada qualquer import\u00e2ncia pelo pedido de EIB. As eventuais despesas ser\u00e3o suportadas pelo Polit\u00e9cnico de Leiria. Para tal dever\u00e1 o Docente\/n\u00e3o Docente preencher o Pedido Interno de Aquisi\u00e7\u00e3o de Documentos (PIAD) e obter despacho positivo.<\/p>\n\n\n\n<hr class=\"wp-block-separator has-alpha-channel-opacity\"\/>\n\n\n\n<p><strong>Custos \u2013 Utilizadores Externos<\/strong><br>Ao Utilizador Externo, por cada obra solicitada atrav\u00e9s do EIB \u00e9 cobrada uma taxa de cinco euros. O mesmo suportar\u00e1 igualmente a eventual import\u00e2ncia cobrada pela biblioteca prestadora do servi\u00e7o.<\/p>\n\n\n\n<p>Para mais informa\u00e7\u00e3o consulte as <a href=\"https:\/\/www.ipleiria.pt\/sdoc\/sobre-nos\/perguntas-frequentes-2\/normas-de-funcionamento\/\" data-type=\"URL\" data-id=\"https:\/\/www.ipleiria.pt\/sdoc\/sobre-nos\/perguntas-frequentes-2\/normas-de-funcionamento\/\" target=\"_blank\" rel=\"noreferrer noopener\">Normas de Funcionamento das nossas Bibliotecas<\/a>.<\/p>\n<\/div><\/div><\/div><\/div>\n<\/div>\n\n\n\n<div id=\"gba_04dc30-71\" class=\"wp-block-pt-ipleiria-ued-wp-theme-ipleiria-gutenbergblocks-collapse gba gba-view gba_04dc30-71\">\n<div id=\"gba-pane_147eb0-cb\" class=\"wp-block-pt-ipleiria-ued-wp-theme-ipleiria-gutenbergblocks-collapse-pane gba-pane gba-pane-save gba-pane_147eb0-cb\"><div class=\"card\"><div class=\"card-header\" id=\"gba-pane-heading_147eb0-cb\"><div class=\"mb-0\"><button class=\"btn btn-link collapsed\" type=\"button\" data-toggle=\"collapse\" data-target=\"#gba-pane-collapse_147eb0-cb\" aria-controls=\"gba-pane-collapse_147eb0-cb\" aria-expanded=\"false\"><span class=\"gba-pane-title\">Como efetuar um pedido de EIB?<\/span><\/button><\/div><\/div><div id=\"gba-pane-collapse_147eb0-cb\" class=\"panel-content collapse\" aria-labelledby=\"gba-pane-heading_147eb0-cb\" data-parent=\"#gba_04dc30-71\"><div class=\"card-body\">\n<p>Os pedidos de empr\u00e9stimo podem ser feitos atrav\u00e9s de carta, fax, correio eletr\u00f3nico, ou pelo preenchimento do formul\u00e1rio dispon\u00edvel clicando aqui ou acedendo na sec\u00e7\u00e3o formul\u00e1rio de pedido de EIB<\/p>\n\n\n\n<p>Os pedidos de empr\u00e9stimos de docentes devem ser feitos atrav\u00e9s do preenchimento do PIAD (Pedido Interno de Aquisi\u00e7\u00e3o de Documentos) dispon\u00edvel na <a rel=\"noreferrer noopener\" href=\"https:\/\/intranet.ipleiria.pt\/catalogo\/entidades\/SDOC\/categorias\/04b153c8f2a04904bdc1a46b5a1cb740\/servicos\/f1c6ee7b596c4e838bf96c3023ba6f90\/operacoes\/24b3beb8e9e447448bc3c392db98c52b\" data-type=\"URL\" data-id=\"https:\/\/intranet.ipleiria.pt\/catalogo\/entidades\/SDOC\/categorias\/04b153c8f2a04904bdc1a46b5a1cb740\/servicos\/f1c6ee7b596c4e838bf96c3023ba6f90\/operacoes\/24b3beb8e9e447448bc3c392db98c52b\" target=\"_blank\">Intranet clicando aqui<\/a>.<\/p>\n<\/div><\/div><\/div><\/div>\n<\/div>\n\n\n\n<div id=\"gba_8dbf54-0d\" class=\"wp-block-pt-ipleiria-ued-wp-theme-ipleiria-gutenbergblocks-collapse gba gba-view gba_8dbf54-0d\">\n<div id=\"gba-pane_f94093-c7\" class=\"wp-block-pt-ipleiria-ued-wp-theme-ipleiria-gutenbergblocks-collapse-pane gba-pane gba-pane-save gba-pane_f94093-c7\"><div class=\"card\"><div class=\"card-header\" id=\"gba-pane-heading_f94093-c7\"><div class=\"mb-0\"><button class=\"btn btn-link collapsed\" type=\"button\" data-toggle=\"collapse\" data-target=\"#gba-pane-collapse_f94093-c7\" aria-controls=\"gba-pane-collapse_f94093-c7\" aria-expanded=\"false\"><span class=\"gba-pane-title\">Disponibiliza\u00e7\u00e3o dos itens, renova\u00e7\u00e3o e devolu\u00e7\u00e3o<\/span><\/button><\/div><\/div><div id=\"gba-pane-collapse_f94093-c7\" class=\"panel-content collapse\" aria-labelledby=\"gba-pane-heading_f94093-c7\" data-parent=\"#gba_8dbf54-0d\"><div class=\"card-body\">\n<p>Embora na generalidade das Bibliotecas os itens obtidos por EIB obede\u00e7am \u00e0 leitura presencial, nas Bibliotecas dos Servi\u00e7os de Documenta\u00e7\u00e3o do Polit\u00e9cnico de Leiria \u00e9 poss\u00edvel consulta domicili\u00e1ria dos documentos solicitados por esta via. Para o efeito os utilizadores t\u00eam que ler e assinar um termo de responsabilidade.<\/p>\n\n\n\n<p>O pedido de renova\u00e7\u00e3o do EIB \u00e9 poss\u00edvel se efetuado antes do t\u00e9rmino do prazo de empr\u00e9stimo. A mesma depender\u00e1 sempre da decis\u00e3o da Biblioteca prestadora do servi\u00e7o.<\/p>\n\n\n\n<p>A devolu\u00e7\u00e3o da documenta\u00e7\u00e3o dever\u00e1 ser realizada dentro do prazo de empr\u00e9stimo.<\/p>\n<\/div><\/div><\/div><\/div>\n<\/div>\n\n\n\n<div id=\"gba_b61e70-48\" class=\"wp-block-pt-ipleiria-ued-wp-theme-ipleiria-gutenbergblocks-collapse gba gba-view gba_b61e70-48\">\n<div id=\"gba-pane_732d7e-f5\" class=\"wp-block-pt-ipleiria-ued-wp-theme-ipleiria-gutenbergblocks-collapse-pane gba-pane gba-pane-save gba-pane_732d7e-f5\"><div class=\"card\"><div class=\"card-header\" id=\"gba-pane-heading_732d7e-f5\"><div class=\"mb-0\"><button class=\"btn btn-link collapsed\" type=\"button\" data-toggle=\"collapse\" data-target=\"#gba-pane-collapse_732d7e-f5\" aria-controls=\"gba-pane-collapse_732d7e-f5\" aria-expanded=\"false\"><span class=\"gba-pane-title\">Informa\u00e7\u00f5es para outras Bibliotecas que solicitem itens aos Servi\u00e7os de Documenta\u00e7\u00e3o e Bibliotecas do Polit\u00e9cnico de Leiria<\/span><\/button><\/div><\/div><div id=\"gba-pane-collapse_732d7e-f5\" class=\"panel-content collapse\" aria-labelledby=\"gba-pane-heading_732d7e-f5\" data-parent=\"#gba_b61e70-48\"><div class=\"card-body\">\n<p>Os Servi\u00e7os de Documenta\u00e7\u00e3o e Bibliotecas do Polit\u00e9cnico de Leiria emprestar\u00e3o itens das cole\u00e7\u00f5es das suas Bibliotecas de acordo com o princ\u00edpio da acessibilidade universal das publica\u00e7\u00f5es e partilha de recursos informativos. As pessoas individuais dever\u00e3o contactar a sua biblioteca local para, atrav\u00e9s dela, se proceder ao pedido de empr\u00e9stimo Interbibliotecas.<\/p>\n\n\n\n<p>Os pedidos de EIB podem ser enviados atrav\u00e9s do Portal dos Servi\u00e7os de Documenta\u00e7\u00e3o e Bibliotecas, por correio eletr\u00f3nico ou por carta.<\/p>\n<\/div><\/div><\/div><\/div>\n<\/div>\n\n\n\n<div id=\"gba_6f6835-a2\" class=\"wp-block-pt-ipleiria-ued-wp-theme-ipleiria-gutenbergblocks-collapse gba gba-view gba_6f6835-a2\">\n<div id=\"gba-pane_3ef981-c2\" class=\"wp-block-pt-ipleiria-ued-wp-theme-ipleiria-gutenbergblocks-collapse-pane gba-pane gba-pane-save gba-pane_3ef981-c2\"><div class=\"card\"><div class=\"card-header\" id=\"gba-pane-heading_3ef981-c2\"><div class=\"mb-0\"><button class=\"btn btn-link collapsed\" type=\"button\" data-toggle=\"collapse\" data-target=\"#gba-pane-collapse_3ef981-c2\" aria-controls=\"gba-pane-collapse_3ef981-c2\" aria-expanded=\"false\"><span class=\"gba-pane-title\">Formul\u00e1rio de pedido de empr\u00e9stimo InterBibliotecas para entidades externas<\/span><\/button><\/div><\/div><div id=\"gba-pane-collapse_3ef981-c2\" class=\"panel-content collapse\" aria-labelledby=\"gba-pane-heading_3ef981-c2\" data-parent=\"#gba_6f6835-a2\"><div class=\"card-body\">\n<iframe loading=\"lazy\" width=\"640px\" height=\"480px\" src=\"https:\/\/forms.office.com\/Pages\/ResponsePage.aspx?id=rYVrU0ikhkGpr-PMrTMCxY5K14S8G2NNnH8csk1U0hpUM0ZZUEZZSVpQMllBWDBRTkdaVUtIN1MwWiQlQCNjPTEu&amp;embed=true\" frameborder=\"0\" marginwidth=\"0\" marginheight=\"0\" style=\"border: none; max-width:100%; max-height:100vh\" allowfullscreen=\"\" webkitallowfullscreen=\"\" mozallowfullscreen=\"\" msallowfullscreen=\"\"> <\/iframe>\n<\/div><\/div><\/div><\/div>\n<\/div>\n\n\n\n<div id=\"gba_65a5f8-96\" class=\"wp-block-pt-ipleiria-ued-wp-theme-ipleiria-gutenbergblocks-collapse gba gba-view gba_65a5f8-96\">\n<div id=\"gba-pane_2e4d39-42\" class=\"wp-block-pt-ipleiria-ued-wp-theme-ipleiria-gutenbergblocks-collapse-pane gba-pane gba-pane-save gba-pane_2e4d39-42\"><div class=\"card\"><div class=\"card-header\" id=\"gba-pane-heading_2e4d39-42\"><div class=\"mb-0\"><button class=\"btn btn-link collapsed\" type=\"button\" data-toggle=\"collapse\" data-target=\"#gba-pane-collapse_2e4d39-42\" aria-controls=\"gba-pane-collapse_2e4d39-42\" aria-expanded=\"false\"><span class=\"gba-pane-title\">Condi\u00e7\u00f5es de empr\u00e9stimo<\/span><\/button><\/div><\/div><div id=\"gba-pane-collapse_2e4d39-42\" class=\"panel-content collapse\" aria-labelledby=\"gba-pane-heading_2e4d39-42\" data-parent=\"#gba_65a5f8-96\"><div class=\"card-body\">\n<p>Os itens emprestados pelos Servi\u00e7os de Documenta\u00e7\u00e3o e Bibliotecas do Polit\u00e9cnico de Leiria est\u00e3o dispon\u00edveis por 15 dias de calend\u00e1rio (n\u00e3o renov\u00e1veis), se for um empr\u00e9stimo nacional, e por 30 dias de calend\u00e1rio, se for um empr\u00e9stimo \u00e0 escala internacional. Algumas cole\u00e7\u00f5es n\u00e3o est\u00e3o dispon\u00edveis para empr\u00e9stimo.<\/p>\n\n\n\n<p>Os Servi\u00e7os de Documenta\u00e7\u00e3o e Bibliotecas do Polit\u00e9cnico cobram uma taxa \u00fanica no valor de oito euros, ou 1 voucher da IFLA por cada item emprestado.<\/p>\n<\/div><\/div><\/div><\/div>\n<\/div>\n\n\n\n<div id=\"gba_241c1d-22\" class=\"wp-block-pt-ipleiria-ued-wp-theme-ipleiria-gutenbergblocks-collapse gba gba-view gba_241c1d-22\">\n<div id=\"gba-pane_b28a2e-a3\" class=\"wp-block-pt-ipleiria-ued-wp-theme-ipleiria-gutenbergblocks-collapse-pane gba-pane gba-pane-save gba-pane_b28a2e-a3\"><div class=\"card\"><div class=\"card-header\" id=\"gba-pane-heading_b28a2e-a3\"><div class=\"mb-0\"><button class=\"btn btn-link collapsed\" type=\"button\" data-toggle=\"collapse\" data-target=\"#gba-pane-collapse_b28a2e-a3\" aria-controls=\"gba-pane-collapse_b28a2e-a3\" aria-expanded=\"false\"><span class=\"gba-pane-title\">Contactos do Servi\u00e7o de Empr\u00e9stimo Interbibliotecas<\/span><\/button><\/div><\/div><div id=\"gba-pane-collapse_b28a2e-a3\" class=\"panel-content collapse\" aria-labelledby=\"gba-pane-heading_b28a2e-a3\" data-parent=\"#gba_241c1d-22\"><div class=\"card-body\">\n<p>Servi\u00e7os de Documenta\u00e7\u00e3o e Bibliotecas do Polit\u00e9cnico de Leiria<br>Empr\u00e9stimo Interbibliotecas \/ Pr\u00e9stamo interbibliotecas \/Interlibrary loan<br>Biblioteca Jos\u00e9 Saramago do Campus 2<br>Morro do Lena, Alto Vieiro-Apartado 4163 | 2411-901 Leiria<br>Telf. +351 244 820 313<br>E-mail: <a href=\"mailto:sdb.eib@ipleiria.pt\" data-type=\"mailto\" data-id=\"mailto:sdb.eib@ipleiria.pt\" target=\"_blank\" rel=\"noreferrer noopener\">sdb.eib@ipleiria.pt <\/a><\/p>\n<\/div><\/div><\/div><\/div>\n<\/div>\n\n\n\n<div style=\"height:100px\" aria-hidden=\"true\" class=\"wp-block-spacer\"><\/div>\n","protected":false},"excerpt":{"rendered":"Empr\u00e9stimo Interbibliotecas O Empr\u00e9stimo Interbibliotecas (EIB) \u00e9 a opera\u00e7\u00e3o mediante a qual as Bibliotecas dos Servi\u00e7os de Documenta\u00e7\u00e3o do Polit\u00e9cnico de Leiria obt\u00eam, a pedido de um leitor, um documento de outra Biblioteca (original ou c\u00f3pia) e que n\u00e3o disp\u00f5em nas suas cole\u00e7\u00f5es. Este servi\u00e7o destina-se igualmente a satisfazer pedidos de outras Bibliotecas, portuguesas ou [&hellip;]","protected":false},"author":62,"featured_media":639,"parent":93,"menu_order":15,"comment_status":"closed","ping_status":"closed","template":"","meta":{"page_post-custom-url":"","page_post-custom-url-target":""},"_links":{"self":[{"href":"https:\/\/www.ipleiria.pt\/sdoc\/wp-json\/wp\/v2\/pages\/1252"}],"collection":[{"href":"https:\/\/www.ipleiria.pt\/sdoc\/wp-json\/wp\/v2\/pages"}],"about":[{"href":"https:\/\/www.ipleiria.pt\/sdoc\/wp-json\/wp\/v2\/types\/page"}],"author":[{"embeddable":true,"href":"https:\/\/www.ipleiria.pt\/sdoc\/wp-json\/wp\/v2\/users\/62"}],"replies":[{"embeddable":true,"href":"https:\/\/www.ipleiria.pt\/sdoc\/wp-json\/wp\/v2\/comments?post=1252"}],"version-history":[{"count":5,"href":"https:\/\/www.ipleiria.pt\/sdoc\/wp-json\/wp\/v2\/pages\/1252\/revisions"}],"predecessor-version":[{"id":1446,"href":"https:\/\/www.ipleiria.pt\/sdoc\/wp-json\/wp\/v2\/pages\/1252\/revisions\/1446"}],"up":[{"embeddable":true,"href":"https:\/\/www.ipleiria.pt\/sdoc\/wp-json\/wp\/v2\/pages\/93"}],"wp:featuredmedia":[{"embeddable":true,"href":"https:\/\/www.ipleiria.pt\/sdoc\/wp-json\/wp\/v2\/media\/639"}],"wp:attachment":[{"href":"https:\/\/www.ipleiria.pt\/sdoc\/wp-json\/wp\/v2\/media?parent=1252"}],"curies":[{"name":"wp","href":"https:\/\/api.w.org\/{rel}","templated":true}]}}