{"id":37,"date":"2021-07-27T16:46:29","date_gmt":"2021-07-27T16:46:29","guid":{"rendered":"https:\/\/www.ipleiria.pt\/sdoc\/?page_id=37"},"modified":"2025-07-11T16:50:10","modified_gmt":"2025-07-11T15:50:10","slug":"missao-e-valores","status":"publish","type":"page","link":"https:\/\/www.ipleiria.pt\/sdoc\/sobre-nos\/quem-somos\/missao-e-valores\/","title":{"rendered":"Miss\u00e3o e Valores"},"content":{"rendered":"\n<div class=\"wp-block-pt-ipleiria-ued-wp-theme-ipleiria-gutenbergblocks-moc gbmoc\" role=\"navigation\" aria-label=\"Menu de conte\u00fados\"><div class=\"gbmoc-menu-wrapper\"><div id=\"gbmoc-464b51-19-menu-container\" class=\"gbmoc-menu-container\"><div class=\"gbmoc-title\" id=\"gbmoc-464b51-19-title\">Ir para:<\/div><ul aria-describedby=\"gbmoc-464b51-19-title\" class=\"gbmoc-menuitems\"><li><a href=\"#missao\">Miss\u00e3o<\/a><\/li><li><a href=\"#missao_2\">Vis\u00e3o<\/a><\/li><li><a href=\"#valores\">Valores<\/a><\/li><li class=\"gbmoc-scroll-to-top-wrapper\"><a class=\"gbmoc-scroll-to-top\" href=\"#top\">Topo<\/a><\/li><\/ul><\/div><\/div><\/div>\n\n\n\n<p class=\"is-style-theme-subtitle\">Miss\u00e3o e Valores<\/p>\n\n\n\n<h2 class=\"is-style-theme-title has-large-font-size\">Servi\u00e7os de Documenta\u00e7\u00e3o e Bibliotecas<\/h2>\n\n\n\n<div style=\"height:15px\" aria-hidden=\"true\" class=\"wp-block-spacer\"><\/div>\n\n\n\n<div class=\"wp-container-3 wp-block-columns\">\n<div class=\"wp-container-1 wp-block-column\" style=\"flex-basis:70%\">\n<p>Os Servi\u00e7os de Documenta\u00e7\u00e3o do Polit\u00e9cnico de Leiria s\u00e3o constitu\u00eddos por quatro Bibliotecas. A Biblioteca do Campus 1, localizada na Escola Superior de Educa\u00e7\u00e3o e Ci\u00eancias Sociais (ESECS), e a Biblioteca Jos\u00e9 Saramago do Campus 2, localizada junto da Escola Superior de Tecnologia e Gest\u00e3o (ESTG) e da Escola Superior de Sa\u00fade (ESSLEI) est\u00e3o situadas em Leiria. A Biblioteca do Campus 3, localizada na Escola Superior de Artes e Design (ESAD.CR) est\u00e1 situada em Caldas da Rainha, e a Biblioteca do Campus 4, localizada na Escola Superior de Tecnologia do Mar (ESTM) est\u00e1 situada em Peniche.<\/p>\n<\/div>\n\n\n\n<div class=\"wp-container-2 wp-block-column\"><\/div>\n<\/div>\n\n\n\n<hr class=\"wp-block-separator has-alpha-channel-opacity is-style-wide\"\/>\n\n\n\n<div class=\"wp-container-6 wp-block-columns\">\n<div class=\"wp-container-4 wp-block-column\" style=\"flex-basis:70%\">\n<h3 id=\"missao\">Miss\u00e3o<\/h3>\n\n\n\n<p><strong>Processar informa\u00e7\u00e3o, produzir conhecimento!<\/strong><\/p>\n\n\n\n<ul class=\"is-style-theme-default-title\"><li>Apoiar as atividades de ensino e investiga\u00e7\u00e3o desenvolvidas no Polit\u00e9cnico de Leiria;<\/li><li>Fornecer de forma eficaz e eficiente servi\u00e7os de biblioteca que satisfa\u00e7am as necessidades da sua comunidade de utilizadores;<\/li><li>Proporcionar formas de acesso privilegiado \u00e0 informa\u00e7\u00e3o e facilitar a aprendizagem ao longo da vida.<\/li><\/ul>\n<\/div>\n\n\n\n<div class=\"wp-container-5 wp-block-column\"><\/div>\n<\/div>\n\n\n\n<hr class=\"wp-block-separator has-alpha-channel-opacity is-style-default\"\/>\n\n\n\n<div class=\"wp-container-9 wp-block-columns\">\n<div class=\"wp-container-7 wp-block-column\" style=\"flex-basis:70%\">\n<h3 id=\"missao_2\">Vis\u00e3o<\/h3>\n\n\n\n<p><strong><strong>Porta aberta para o conhecimento!<\/strong><\/strong><\/p>\n\n\n\n<ul class=\"is-style-theme-default-title\"><li>Afirmar-se como uma entidade de refer\u00eancia entre os seus pares, obtendo reconhecimento regional e nacional pela satisfa\u00e7\u00e3o dos utilizadores na excel\u00eancia dos servi\u00e7os;<\/li><li>Fornecer acesso ininterrupto aos servi\u00e7os de biblioteca para os estudantes, professores, parceiros e comunidade em geral, atrav\u00e9s de meios f\u00edsicos e virtuais, fomentando o pensamento cr\u00edtico e a aquisi\u00e7\u00e3o de conhecimentos atrav\u00e9s de informa\u00e7\u00e3o atualizada;<\/li><li>Ser um agente ativo no Espa\u00e7o Europeu de Ensino Superior (EEES).<\/li><\/ul>\n<\/div>\n\n\n\n<div class=\"wp-container-8 wp-block-column\"><\/div>\n<\/div>\n\n\n\n<hr class=\"wp-block-separator has-alpha-channel-opacity\"\/>\n\n\n\n<h3 class=\"is-style-theme-default-title\" id=\"valores\">Valores<\/h3>\n\n\n\n<div class=\"wp-container-12 wp-block-columns\">\n<div class=\"wp-container-10 wp-block-column\" style=\"flex-basis:70%\">\n<p><strong>Qualidade<\/strong> <\/p>\n\n\n\n<ul><li>Fornecer informa\u00e7\u00f5es e conhecimentos em v\u00e1rios formatos respondendo \u00e0s necessidades dos utilizadores, agregando valor qualitativo e quantitativo aos produtos fornecidos;<\/li><li>Garantir a efici\u00eancia na gest\u00e3o dos recursos financeiros;<\/li><li>Acreditar que cada utilizador das bibliotecas \u00e9 \u00fanico e importante;<\/li><li>Comprometimento com a excel\u00eancia;<\/li><li>Promo\u00e7\u00e3o de uma comunica\u00e7\u00e3o interna participada.<\/li><\/ul>\n<\/div>\n\n\n\n<div class=\"wp-container-11 wp-block-column\"><\/div>\n<\/div>\n\n\n\n<div class=\"wp-container-15 wp-block-columns\">\n<div class=\"wp-container-13 wp-block-column\" style=\"flex-basis:70%\">\n<p><strong>Conhecimento\/Inova\u00e7\u00e3o<\/strong><\/p>\n\n\n\n<ul><li>Promover a liberdade intelectual;<\/li><li>Promover a informa\u00e7\u00e3o e compet\u00eancia;<\/li><li>Proporcionar um ambiente favor\u00e1vel \u00e0 aprendizagem;<\/li><li>Abra\u00e7ar solu\u00e7\u00f5es inovadoras para a melhoria dos servi\u00e7os e desenvolvimento intelectual dos profissionais.<\/li><\/ul>\n<\/div>\n\n\n\n<div class=\"wp-container-14 wp-block-column\"><\/div>\n<\/div>\n\n\n\n<div class=\"wp-container-18 wp-block-columns\">\n<div class=\"wp-container-16 wp-block-column\" style=\"flex-basis:70%\">\n<p><strong>Responsabilidade Social\/Cidadania<\/strong><\/p>\n\n\n\n<ul><li>Exercer o bom senso, praticando comportamentos respons\u00e1veis, aceitando a responsabiliza\u00e7\u00e3o;<\/li><li>Promo\u00e7\u00e3o da sa\u00fade e bem-estar no local de trabalho;<\/li><li>Promover parcerias ativas com a comunidade proporcionando oportunidades para o conhecimento e a comunica\u00e7\u00e3o.<\/li><\/ul>\n<\/div>\n\n\n\n<div class=\"wp-container-17 wp-block-column\"><\/div>\n<\/div>\n\n\n\n<div class=\"wp-container-21 wp-block-columns\">\n<div class=\"wp-container-19 wp-block-column\" style=\"flex-basis:70%\">\n<p><strong>Acessibilidade<\/strong><\/p>\n\n\n\n<ul><li>Facilitar o acesso \u00e0s bibliotecas, oferecendo espa\u00e7os atrativos, modernos e adaptados \u00e0s necessidades de todos os utilizadores;<\/li><li>Facultar o acesso \u00e0s cole\u00e7\u00f5es e servi\u00e7os atrav\u00e9s de uma biblioteca virtual e de um portal web;<\/li><li>Apoiar os novos m\u00e9todos de aprendizagem, formas de estudo e investiga\u00e7\u00e3o previstos no Espa\u00e7o Europeu de Ensino Superior (EEES).<\/li><\/ul>\n<\/div>\n\n\n\n<div class=\"wp-container-20 wp-block-column\"><\/div>\n<\/div>\n\n\n\n<div class=\"wp-container-24 wp-block-columns\">\n<div class=\"wp-container-22 wp-block-column\" style=\"flex-basis:70%\">\n<p><strong>Lideran\u00e7a\/Identidade<\/strong><\/p>\n\n\n\n<ul><li>Ter vis\u00e3o e capacidade de motiva\u00e7\u00e3o dos profissionais que fazem parte da equipa de trabalho;<\/li><li>Contribuir para o refor\u00e7o positivo da auto-estima coletiva;<\/li><li>Desenvolver compet\u00eancias pessoais e profissionais.<\/li><\/ul>\n<\/div>\n\n\n\n<div class=\"wp-container-23 wp-block-column\"><\/div>\n<\/div>\n\n\n\n<div style=\"height:100px\" aria-hidden=\"true\" class=\"wp-block-spacer\"><\/div>\n","protected":false},"excerpt":{"rendered":"Miss\u00e3o e Valores Servi\u00e7os de Documenta\u00e7\u00e3o e Bibliotecas Os Servi\u00e7os de Documenta\u00e7\u00e3o do Polit\u00e9cnico de Leiria s\u00e3o constitu\u00eddos por quatro Bibliotecas. A Biblioteca do Campus 1, localizada na Escola Superior de Educa\u00e7\u00e3o e Ci\u00eancias Sociais (ESECS), e a Biblioteca Jos\u00e9 Saramago do Campus 2, localizada junto da Escola Superior de Tecnologia e Gest\u00e3o (ESTG) e [&hellip;]","protected":false},"author":62,"featured_media":627,"parent":35,"menu_order":10,"comment_status":"closed","ping_status":"closed","template":"","meta":{"page_post-custom-url":"","page_post-custom-url-target":""},"_links":{"self":[{"href":"https:\/\/www.ipleiria.pt\/sdoc\/wp-json\/wp\/v2\/pages\/37"}],"collection":[{"href":"https:\/\/www.ipleiria.pt\/sdoc\/wp-json\/wp\/v2\/pages"}],"about":[{"href":"https:\/\/www.ipleiria.pt\/sdoc\/wp-json\/wp\/v2\/types\/page"}],"author":[{"embeddable":true,"href":"https:\/\/www.ipleiria.pt\/sdoc\/wp-json\/wp\/v2\/users\/62"}],"replies":[{"embeddable":true,"href":"https:\/\/www.ipleiria.pt\/sdoc\/wp-json\/wp\/v2\/comments?post=37"}],"version-history":[{"count":23,"href":"https:\/\/www.ipleiria.pt\/sdoc\/wp-json\/wp\/v2\/pages\/37\/revisions"}],"predecessor-version":[{"id":865,"href":"https:\/\/www.ipleiria.pt\/sdoc\/wp-json\/wp\/v2\/pages\/37\/revisions\/865"}],"up":[{"embeddable":true,"href":"https:\/\/www.ipleiria.pt\/sdoc\/wp-json\/wp\/v2\/pages\/35"}],"wp:featuredmedia":[{"embeddable":true,"href":"https:\/\/www.ipleiria.pt\/sdoc\/wp-json\/wp\/v2\/media\/627"}],"wp:attachment":[{"href":"https:\/\/www.ipleiria.pt\/sdoc\/wp-json\/wp\/v2\/media?parent=37"}],"curies":[{"name":"wp","href":"https:\/\/api.w.org\/{rel}","templated":true}]}}