{"id":73,"date":"2021-07-27T16:59:50","date_gmt":"2021-07-27T15:59:50","guid":{"rendered":"https:\/\/www.ipleiria.pt\/sdoc\/?page_id=73"},"modified":"2025-09-18T13:54:17","modified_gmt":"2025-09-18T12:54:17","slug":"4all-webinars-de-reforco-de-competencias-academicas","status":"publish","type":"page","link":"https:\/\/www.ipleiria.pt\/sdoc\/formacao\/formacao-ao-utilizador\/4all-webinars-de-reforco-de-competencias-academicas\/","title":{"rendered":"4ALL \u2013 Webinars de refor\u00e7o de compet\u00eancias acad\u00e9micas"},"content":{"rendered":"\n<h2 class=\"is-style-theme-title\">Webinars 4ALL \u2013 Refor\u00e7o de compet\u00eancias profissionais, sociais e pessoais<\/h2>\n\n\n\n<div style=\"height:15px\" aria-hidden=\"true\" class=\"wp-block-spacer\"><\/div>\n\n\n\n<p>As Bibliotecas do Polit\u00e9cnico de Leiria promovem um ciclo de&nbsp;<em>webinars<\/em>&nbsp;com o objetivo de refor\u00e7ar as compet\u00eancias profissionais, sociais e pessoais de toda a comunidade. Atrav\u00e9s de tem\u00e1ticas atuais como a sa\u00fade, finan\u00e7as, legisla\u00e7\u00e3o, arte, alimenta\u00e7\u00e3o e ciberseguran\u00e7a, pretende-se desmistificar e simplificar o entendimento sobre estas mat\u00e9rias, contribuindo assim para uma maior consciencializa\u00e7\u00e3o do cidad\u00e3o, tornando-o mais ativo na sociedade da qual faz parte<\/p>\n\n\n\n<p>Esta iniciativa \u00e9 aberta a toda a comunidade porque acreditamos na coopera\u00e7\u00e3o e na partilha como promotoras do desenvolvimento global.<\/p>\n\n\n\n<h3>Calend\u00e1rio de Forma\u00e7\u00e3o > 2025\/2026 \u2013 A definir atempadamente<\/h3>\n\n\n\n<div style=\"height:100px\" aria-hidden=\"true\" class=\"wp-block-spacer\"><\/div>\n","protected":false},"excerpt":{"rendered":"Webinars 4ALL \u2013 Refor\u00e7o de compet\u00eancias profissionais, sociais e pessoais As Bibliotecas do Polit\u00e9cnico de Leiria promovem um ciclo de&nbsp;webinars&nbsp;com o objetivo de refor\u00e7ar as compet\u00eancias profissionais, sociais e pessoais de toda a comunidade. Atrav\u00e9s de tem\u00e1ticas atuais como a sa\u00fade, finan\u00e7as, legisla\u00e7\u00e3o, arte, alimenta\u00e7\u00e3o e ciberseguran\u00e7a, pretende-se desmistificar e simplificar o entendimento sobre estas [&hellip;]","protected":false},"author":1,"featured_media":224,"parent":79,"menu_order":30,"comment_status":"closed","ping_status":"closed","template":"","meta":{"page_post-custom-url":"","page_post-custom-url-target":""},"_links":{"self":[{"href":"https:\/\/www.ipleiria.pt\/sdoc\/wp-json\/wp\/v2\/pages\/73"}],"collection":[{"href":"https:\/\/www.ipleiria.pt\/sdoc\/wp-json\/wp\/v2\/pages"}],"about":[{"href":"https:\/\/www.ipleiria.pt\/sdoc\/wp-json\/wp\/v2\/types\/page"}],"author":[{"embeddable":true,"href":"https:\/\/www.ipleiria.pt\/sdoc\/wp-json\/wp\/v2\/users\/1"}],"replies":[{"embeddable":true,"href":"https:\/\/www.ipleiria.pt\/sdoc\/wp-json\/wp\/v2\/comments?post=73"}],"version-history":[{"count":4,"href":"https:\/\/www.ipleiria.pt\/sdoc\/wp-json\/wp\/v2\/pages\/73\/revisions"}],"predecessor-version":[{"id":1094,"href":"https:\/\/www.ipleiria.pt\/sdoc\/wp-json\/wp\/v2\/pages\/73\/revisions\/1094"}],"up":[{"embeddable":true,"href":"https:\/\/www.ipleiria.pt\/sdoc\/wp-json\/wp\/v2\/pages\/79"}],"wp:featuredmedia":[{"embeddable":true,"href":"https:\/\/www.ipleiria.pt\/sdoc\/wp-json\/wp\/v2\/media\/224"}],"wp:attachment":[{"href":"https:\/\/www.ipleiria.pt\/sdoc\/wp-json\/wp\/v2\/media?parent=73"}],"curies":[{"name":"wp","href":"https:\/\/api.w.org\/{rel}","templated":true}]}}