{"id":87,"date":"2021-07-27T17:04:02","date_gmt":"2021-07-27T17:04:02","guid":{"rendered":"https:\/\/www.ipleiria.pt\/sdoc\/?page_id=87"},"modified":"2025-11-28T15:58:09","modified_gmt":"2025-11-28T15:58:09","slug":"servico-de-atribuicao","status":"publish","type":"page","link":"https:\/\/www.ipleiria.pt\/sdoc\/servicos\/doi\/servico-de-atribuicao\/","title":{"rendered":"Servi\u00e7o de Atribui\u00e7\u00e3o"},"content":{"rendered":"\n<p class=\"is-style-theme-title\">Digital Object Identifier (DOI) | Servi\u00e7o gratuito de atribui\u00e7\u00e3o<\/p>\n\n\n\n<div style=\"height:15px\" aria-hidden=\"true\" class=\"wp-block-spacer\"><\/div>\n\n\n\n<div class=\"wp-container-3 wp-block-columns\">\n<div class=\"wp-container-1 wp-block-column\">\n<p>Os Servi\u00e7os de Documenta\u00e7\u00e3o e Bibliotecas disponibilizam um servi\u00e7o gratuito de atribui\u00e7\u00e3o de DOI (Digital Object Identifier), na sequ\u00eancia de um protocolo estabelecido entre o Polit\u00e9cnico de Leiria e a Funda\u00e7\u00e3o para a Ci\u00eancia e a Tecnologia.<\/p>\n<\/div>\n\n\n\n<div class=\"wp-container-2 wp-block-column\">\n<p>O DOI \u00e9 um identificador \u00fanico de documentos digitais, ou seja, uma hiperliga\u00e7\u00e3o que direciona de forma permanente para o local onde se encontra o documento registado. Consiste num conjunto de caracteres alfanum\u00e9ricos atribu\u00eddos por uma Ag\u00eancia de Registo, neste caso a DataCite.<\/p>\n<\/div>\n<\/div>\n\n\n\n<div style=\"height:30px\" aria-hidden=\"true\" class=\"wp-block-spacer\"><\/div>\n\n\n\n<div id=\"gbc-d8bf9c-c9\" class=\"wp-block-pt-ipleiria-ued-wp-theme-ipleiria-gutenbergblocks-container gbc gbc-view row-valign-top align-full\" style=\"background-color:#F3F3F3;margin-bottom:-25px\"><div class=\"gbc-background-overlay gbc-background-overlay-normal\" style=\"opacity:0.3\"><\/div><div class=\"gbc-wrapper\" style=\"padding-top:40px;padding-bottom:40px\"><div id=\"gbc-container-gbc-d8bf9c-c9\" class=\"inner-container container\">\n<p>Para solicitar a atribui\u00e7\u00e3o de um DOI a um documento editado pelo Polit\u00e9cnico de Leiria ou uma das suas unidades org\u00e2nicas dever\u00e1 seguir as indica\u00e7\u00f5es constantes no <a href=\"https:\/\/www.ipleiria.pt\/sdoc\/wp-content\/uploads\/sites\/26\/2025\/11\/Despacho-257_2024-Normas-Atribuic\u0327a\u0303o-de-Identificadores-DOI-ISBN-e-DL.pdf\" data-type=\"URL\" data-id=\"https:\/\/www.ipleiria.pt\/sdoc\/wp-content\/uploads\/sites\/26\/2025\/11\/Despacho-257_2024-Normas-Atribuic\u0327a\u0303o-de-Identificadores-DOI-ISBN-e-DL.pdf\" target=\"_blank\" rel=\"noreferrer noopener\">Despacho 257\/2024 do Polit\u00e9cnico de Leiria<\/a>.<\/p>\n\n\n\n<p>Para esclarecimento de d\u00favidas contacte-nos atrav\u00e9s do e-mail <a href=\"mailto:repositorio@ipleiria.pt\" target=\"_blank\" rel=\"noreferrer noopener\">repositorio@ipleiria.pt<\/a>.<\/p>\n<\/div><\/div><\/div>\n","protected":false},"excerpt":{"rendered":"Digital Object Identifier (DOI) | Servi\u00e7o gratuito de atribui\u00e7\u00e3o Os Servi\u00e7os de Documenta\u00e7\u00e3o e Bibliotecas disponibilizam um servi\u00e7o gratuito de atribui\u00e7\u00e3o de DOI (Digital Object Identifier), na sequ\u00eancia de um protocolo estabelecido entre o Polit\u00e9cnico de Leiria e a Funda\u00e7\u00e3o para a Ci\u00eancia e a Tecnologia. O DOI \u00e9 um identificador \u00fanico de documentos digitais, [&hellip;]","protected":false},"author":62,"featured_media":226,"parent":85,"menu_order":10,"comment_status":"closed","ping_status":"closed","template":"","meta":{"page_post-custom-url":"","page_post-custom-url-target":""},"_links":{"self":[{"href":"https:\/\/www.ipleiria.pt\/sdoc\/wp-json\/wp\/v2\/pages\/87"}],"collection":[{"href":"https:\/\/www.ipleiria.pt\/sdoc\/wp-json\/wp\/v2\/pages"}],"about":[{"href":"https:\/\/www.ipleiria.pt\/sdoc\/wp-json\/wp\/v2\/types\/page"}],"author":[{"embeddable":true,"href":"https:\/\/www.ipleiria.pt\/sdoc\/wp-json\/wp\/v2\/users\/62"}],"replies":[{"embeddable":true,"href":"https:\/\/www.ipleiria.pt\/sdoc\/wp-json\/wp\/v2\/comments?post=87"}],"version-history":[{"count":8,"href":"https:\/\/www.ipleiria.pt\/sdoc\/wp-json\/wp\/v2\/pages\/87\/revisions"}],"predecessor-version":[{"id":1365,"href":"https:\/\/www.ipleiria.pt\/sdoc\/wp-json\/wp\/v2\/pages\/87\/revisions\/1365"}],"up":[{"embeddable":true,"href":"https:\/\/www.ipleiria.pt\/sdoc\/wp-json\/wp\/v2\/pages\/85"}],"wp:featuredmedia":[{"embeddable":true,"href":"https:\/\/www.ipleiria.pt\/sdoc\/wp-json\/wp\/v2\/media\/226"}],"wp:attachment":[{"href":"https:\/\/www.ipleiria.pt\/sdoc\/wp-json\/wp\/v2\/media?parent=87"}],"curies":[{"name":"wp","href":"https:\/\/api.w.org\/{rel}","templated":true}]}}